{"id":58454,"date":"2019-01-28T14:17:48","date_gmt":"2019-01-28T19:17:48","guid":{"rendered":"https:\/\/www.ludwig-van.com\/montreal\/lieu\/chapelle-du-musee-de-lamerique-francaise\/"},"modified":"2019-01-28T14:17:48","modified_gmt":"2019-01-28T19:17:48","slug":"chapelle-du-musee-de-lamerique-francaise","status":"publish","type":"tribe_venue","link":"https:\/\/www.ludwig-van.com\/montreal\/lieu\/chapelle-du-musee-de-lamerique-francaise\/","title":{"rendered":"Chapelle du Mus\u00e9e de l&rsquo;Am\u00e9rique fran\u00e7aise"},"content":{"rendered":"","protected":false},"excerpt":{"rendered":"","protected":false},"author":1,"featured_media":0,"template":"","meta":{"om_disable_all_campaigns":false,"jetpack_post_was_ever_published":false},"acf":[],"jetpack_sharing_enabled":true,"_links":{"self":[{"href":"https:\/\/www.ludwig-van.com\/montreal\/wp-json\/wp\/v2\/tribe_venue\/58454"}],"collection":[{"href":"https:\/\/www.ludwig-van.com\/montreal\/wp-json\/wp\/v2\/tribe_venue"}],"about":[{"href":"https:\/\/www.ludwig-van.com\/montreal\/wp-json\/wp\/v2\/types\/tribe_venue"}],"author":[{"embeddable":true,"href":"https:\/\/www.ludwig-van.com\/montreal\/wp-json\/wp\/v2\/users\/1"}],"version-history":[{"count":0,"href":"https:\/\/www.ludwig-van.com\/montreal\/wp-json\/wp\/v2\/tribe_venue\/58454\/revisions"}],"wp:attachment":[{"href":"https:\/\/www.ludwig-van.com\/montreal\/wp-json\/wp\/v2\/media?parent=58454"}],"curies":[{"name":"wp","href":"https:\/\/api.w.org\/{rel}","templated":true}]}}

Chapelle du Musée de l&rsquo;Amérique française
