{"id":79683,"date":"2024-01-25T21:24:19","date_gmt":"2024-01-26T02:24:19","guid":{"rendered":"https:\/\/www.ludwig-van.com\/montreal\/?post_type=tribe_events&#038;p=79683"},"modified":"2024-01-25T21:24:19","modified_gmt":"2024-01-26T02:24:19","slug":"pro-musica-serie-les-melodines-piano-symphonique-zhan-hong-xiao","status":"publish","type":"tribe_events","link":"https:\/\/www.ludwig-van.com\/montreal\/event\/pro-musica-serie-les-melodines-piano-symphonique-zhan-hong-xiao\/","title":{"rendered":"Pro musica | S\u00e9rie Les M\u00e9lodines : Piano symphonique &#8211; Zhan Hong Xiao"},"content":{"rendered":"<div class=\"vc_row wpb_row section vc_row-fluid vc_inner vc_custom_1639504128821\">\n<div class=\" full_section_inner clearfix\">\n<div class=\"wpb_column vc_column_container vc_col-sm-12\">\n<div class=\"vc_column-inner\">\n<div class=\"wpb_wrapper\">\n<div class=\"wpb_text_column wpb_content_element \">\n<div class=\"wpb_wrapper\">\n<p><a href=\"https:\/\/promusica.qc.ca\/artistes\/zhan-hong-xiao\/\"><strong>Zhan Hong Xiao<\/strong><\/a> de\u0301couvre la musique a\u0300 l\u2019e\u0301cole primaire, \u00e0 l\u2019\u00e2ge de 9 ans, avec Les Petits Chanteurs du Mont-Royal.<\/p>\n<p>De\u0300s 2013, il participe a\u0300 des concours et remporte plusieurs prix, notamment le Grand Prix de l\u2019e\u0301mission Virtuose diffuse\u0301e a\u0300 Radio-Canada (2017), le 3e Prix au Concours OSM Manuvie et le 2<sup>i\u00e8me<\/sup> prix au Concours Prix d\u2019Europe (2023).<\/p>\n<p>En tant que soliste, il a jou\u00e9\u0301 avec la Sinfonia de Lanaudie\u0300re, l\u2019Orchestre Me\u0301tropolitain et l\u2019Orchestre Classique de Montre\u0301al.<\/p>\n<p>Pour son r\u00e9cital, Zhan a choisi de nous jouer les pi\u00e8ces qu\u2019il va interpr\u00e9ter lors de sa participation \u00e0 diff\u00e9rents concours internationaux en 2024.<\/p>\n<\/div>\n<p>PROGRAMME<\/p>\n<p>IGOR STRAVINSKY\u00a0\u00a0\u00a0 Suite du ballet L\u2019Oiseau de feu (Danse infernale, Berceuse et Finale), arr. Guido Agosti<br \/>\nMAURICE RAVEL\u00a0\u00a0\u00a0\u00a0\u00a0\u00a0 Valses nobles et sentimentales, M.61<br \/>\nFR\u00c9D\u00c9RIC CHOPIN\u00a0\u00a0 24 pr\u00e9ludes, Op.28<\/p>\n<\/div>\n<\/div>\n<\/div>\n<\/div>\n<\/div>\n<\/div>\n","protected":false},"excerpt":{"rendered":"<p>Zhan Hong Xiao de\u0301couvre la musique a\u0300 l\u2019e\u0301cole primaire, \u00e0 l\u2019\u00e2ge de 9 ans, avec Les Petits Chanteurs du Mont-Royal. De\u0300s 2013, il participe a\u0300 des concours et remporte plusieurs prix, notamment le Grand Prix de l\u2019e\u0301mission Virtuose diffuse\u0301e a\u0300 Radio-Canada (2017), le 3e Prix au Concours OSM Manuvie et le 2i\u00e8me prix au Concours [&hellip;]<\/p>\n","protected":false},"author":1,"featured_media":79684,"comment_status":"open","ping_status":"closed","template":"","meta":{"om_disable_all_campaigns":false,"jetpack_post_was_ever_published":false},"tags":[],"tribe_events_cat":[],"acf":[],"jetpack_sharing_enabled":true,"_links":{"self":[{"href":"https:\/\/www.ludwig-van.com\/montreal\/wp-json\/wp\/v2\/tribe_events\/79683"}],"collection":[{"href":"https:\/\/www.ludwig-van.com\/montreal\/wp-json\/wp\/v2\/tribe_events"}],"about":[{"href":"https:\/\/www.ludwig-van.com\/montreal\/wp-json\/wp\/v2\/types\/tribe_events"}],"author":[{"embeddable":true,"href":"https:\/\/www.ludwig-van.com\/montreal\/wp-json\/wp\/v2\/users\/1"}],"replies":[{"embeddable":true,"href":"https:\/\/www.ludwig-van.com\/montreal\/wp-json\/wp\/v2\/comments?post=79683"}],"version-history":[{"count":1,"href":"https:\/\/www.ludwig-van.com\/montreal\/wp-json\/wp\/v2\/tribe_events\/79683\/revisions"}],"predecessor-version":[{"id":79685,"href":"https:\/\/www.ludwig-van.com\/montreal\/wp-json\/wp\/v2\/tribe_events\/79683\/revisions\/79685"}],"wp:featuredmedia":[{"embeddable":true,"href":"https:\/\/www.ludwig-van.com\/montreal\/wp-json\/wp\/v2\/media\/79684"}],"wp:attachment":[{"href":"https:\/\/www.ludwig-van.com\/montreal\/wp-json\/wp\/v2\/media?parent=79683"}],"wp:term":[{"taxonomy":"post_tag","embeddable":true,"href":"https:\/\/www.ludwig-van.com\/montreal\/wp-json\/wp\/v2\/tags?post=79683"},{"taxonomy":"tribe_events_cat","embeddable":true,"href":"https:\/\/www.ludwig-van.com\/montreal\/wp-json\/wp\/v2\/tribe_events_cat?post=79683"}],"curies":[{"name":"wp","href":"https:\/\/api.w.org\/{rel}","templated":true}]}}

Pro musica | Série Les Mélodines : Piano symphonique &#8211; Zhan Hong Xiao

<div class="vc_row wpb_row section vc_row-fluid vc_inner vc_custom_1639504128821">
<div class=" full_section_inner clearfix">
<div class="wpb_column vc_column_container vc_col-sm-12">
<div class="vc_column-inner">
<div class="wpb_wrapper">
<div class="wpb_text_column wpb_content_element ">
<div class="wpb_wrapper">
<p><a href="https://promusica.qc.ca/artistes/zhan-hong-xiao/"><strong>Zhan Hong Xiao</strong></a> découvre la musique à l’école primaire, à l’âge de 9 ans, avec Les Petits Chanteurs du Mont-Royal.</p>
<p>Dès 2013, il participe à des concours et remporte plusieurs prix, notamment le Grand Prix de l’émission Virtuose diffusée à Radio-Canada (2017), le 3e Prix au Concours OSM Manuvie et le 2<sup>ième</sup> prix au Concours Prix d’Europe (2023).</p>
<p>En tant que soliste, il a joué́ avec la Sinfonia de Lanaudière, l’Orchestre Métropolitain et l’Orchestre Classique de Montréal.</p>
<p>Pour son récital, Zhan a choisi de nous jouer les pièces qu’il va interpréter lors de sa participation à différents concours internationaux en 2024.</p>
</div>
<p>PROGRAMME</p>
<p>IGOR STRAVINSKY    Suite du ballet L’Oiseau de feu (Danse infernale, Berceuse et Finale), arr. Guido Agosti<br />
MAURICE RAVEL       Valses nobles et sentimentales, M.61<br />
FRÉDÉRIC CHOPIN   24 préludes, Op.28</p>
</div>
</div>
</div>
</div>
</div>
</div>

<p>Zhan Hong Xiao découvre la musique à l’école primaire, à l’âge de 9 ans, avec Les Petits Chanteurs du Mont-Royal. Dès 2013, il participe à des concours et remporte plusieurs prix, notamment le Grand Prix de l’émission Virtuose diffusée à Radio-Canada (2017), le 3e Prix au Concours OSM Manuvie et le 2ième prix au Concours [&hellip;]</p>
