{"id":78827,"date":"2023-11-10T10:07:27","date_gmt":"2023-11-10T15:07:27","guid":{"rendered":"https:\/\/www.ludwig-van.com\/montreal\/?post_type=tribe_events&#038;p=78827"},"modified":"2023-11-10T10:13:56","modified_gmt":"2023-11-10T15:13:56","slug":"arte-musica-salle-bourgie-femmes-iraniennes-un-vent-de-liberte","status":"publish","type":"tribe_events","link":"https:\/\/www.ludwig-van.com\/montreal\/event\/arte-musica-salle-bourgie-femmes-iraniennes-un-vent-de-liberte\/","title":{"rendered":"Arte Musica &#8211; Salle Bourgie | Femmes iraniennes : un vent de libert\u00e9"},"content":{"rendered":"<p>La soprano Bahar Harandi a r\u00e9uni un exceptionnel ensemble d\u2019interpr\u00e8tes d\u2019Iran pour rendre hommage aux femmes iraniennes et faire d\u00e9couvrir la riche cr\u00e9ation musicale de ce pays du Moyen-Orient. Au programme, des \u0153uvres contemporaines de Amir Eslami, Hooshyar Khayam et Aida Shirazi.<\/p>\n","protected":false},"excerpt":{"rendered":"<p>La soprano Bahar Harandi a r\u00e9uni un exceptionnel ensemble d\u2019interpr\u00e8tes d\u2019Iran pour rendre hommage aux femmes iraniennes et faire d\u00e9couvrir la riche cr\u00e9ation musicale de ce pays du Moyen-Orient. <\/p>\n","protected":false},"author":1,"featured_media":78829,"comment_status":"open","ping_status":"closed","template":"","meta":{"om_disable_all_campaigns":false,"jetpack_post_was_ever_published":false},"tags":[],"tribe_events_cat":[5563],"acf":[],"jetpack_sharing_enabled":true,"_links":{"self":[{"href":"https:\/\/www.ludwig-van.com\/montreal\/wp-json\/wp\/v2\/tribe_events\/78827"}],"collection":[{"href":"https:\/\/www.ludwig-van.com\/montreal\/wp-json\/wp\/v2\/tribe_events"}],"about":[{"href":"https:\/\/www.ludwig-van.com\/montreal\/wp-json\/wp\/v2\/types\/tribe_events"}],"author":[{"embeddable":true,"href":"https:\/\/www.ludwig-van.com\/montreal\/wp-json\/wp\/v2\/users\/1"}],"replies":[{"embeddable":true,"href":"https:\/\/www.ludwig-van.com\/montreal\/wp-json\/wp\/v2\/comments?post=78827"}],"version-history":[{"count":1,"href":"https:\/\/www.ludwig-van.com\/montreal\/wp-json\/wp\/v2\/tribe_events\/78827\/revisions"}],"predecessor-version":[{"id":78828,"href":"https:\/\/www.ludwig-van.com\/montreal\/wp-json\/wp\/v2\/tribe_events\/78827\/revisions\/78828"}],"wp:featuredmedia":[{"embeddable":true,"href":"https:\/\/www.ludwig-van.com\/montreal\/wp-json\/wp\/v2\/media\/78829"}],"wp:attachment":[{"href":"https:\/\/www.ludwig-van.com\/montreal\/wp-json\/wp\/v2\/media?parent=78827"}],"wp:term":[{"taxonomy":"post_tag","embeddable":true,"href":"https:\/\/www.ludwig-van.com\/montreal\/wp-json\/wp\/v2\/tags?post=78827"},{"taxonomy":"tribe_events_cat","embeddable":true,"href":"https:\/\/www.ludwig-van.com\/montreal\/wp-json\/wp\/v2\/tribe_events_cat?post=78827"}],"curies":[{"name":"wp","href":"https:\/\/api.w.org\/{rel}","templated":true}]}}

Arte Musica &#8211; Salle Bourgie | Femmes iraniennes : un vent de liberté

<p>La soprano Bahar Harandi a réuni un exceptionnel ensemble d’interprètes d’Iran pour rendre hommage aux femmes iraniennes et faire découvrir la riche création musicale de ce pays du Moyen-Orient. Au programme, des œuvres contemporaines de Amir Eslami, Hooshyar Khayam et Aida Shirazi.</p>

<p>La soprano Bahar Harandi a réuni un exceptionnel ensemble d’interprètes d’Iran pour rendre hommage aux femmes iraniennes et faire découvrir la riche création musicale de ce pays du Moyen-Orient. </p>
