{"id":78733,"date":"2023-11-03T09:31:28","date_gmt":"2023-11-03T13:31:28","guid":{"rendered":"https:\/\/www.ludwig-van.com\/montreal\/?post_type=tribe_events&#038;p=78733"},"modified":"2023-11-03T09:31:28","modified_gmt":"2023-11-03T13:31:28","slug":"arte-musica-salle-bourgie-lluis-claret-violoncelle-sandra-murray-piano","status":"publish","type":"tribe_events","link":"https:\/\/www.ludwig-van.com\/montreal\/event\/arte-musica-salle-bourgie-lluis-claret-violoncelle-sandra-murray-piano\/","title":{"rendered":"Arte Musica &#8211; Salle Bourgie | Llu\u00eds Claret, violoncelle &#038; Sandra Murray, piano"},"content":{"rendered":"<p>Violoncelliste andorran, grands prix Rostropovitch et Pablo Casals, Llu\u00eds Claret parcourt le monde avec son phras\u00e9 d&rsquo;un splendide lyrisme. Pour sa premi\u00e8re apparition \u00e0 la Salle Bourgie, il sera accompagn\u00e9 par la talentueuse pianiste qu\u00e9b\u00e9coise Sandra Murray dans un programme d&rsquo;\u0153uvres des XIXe et XXe si\u00e8cles.<\/p>\n","protected":false},"excerpt":{"rendered":"<p>Violoncelliste andorran, grands prix Rostropovitch et Pablo Casals, Llu\u00eds Claret parcourt le monde avec son phras\u00e9 d&rsquo;un splendide lyrisme.<\/p>\n","protected":false},"author":1,"featured_media":78735,"comment_status":"open","ping_status":"closed","template":"","meta":{"om_disable_all_campaigns":false,"jetpack_post_was_ever_published":false},"tags":[],"tribe_events_cat":[5052],"acf":[],"jetpack_sharing_enabled":true,"_links":{"self":[{"href":"https:\/\/www.ludwig-van.com\/montreal\/wp-json\/wp\/v2\/tribe_events\/78733"}],"collection":[{"href":"https:\/\/www.ludwig-van.com\/montreal\/wp-json\/wp\/v2\/tribe_events"}],"about":[{"href":"https:\/\/www.ludwig-van.com\/montreal\/wp-json\/wp\/v2\/types\/tribe_events"}],"author":[{"embeddable":true,"href":"https:\/\/www.ludwig-van.com\/montreal\/wp-json\/wp\/v2\/users\/1"}],"replies":[{"embeddable":true,"href":"https:\/\/www.ludwig-van.com\/montreal\/wp-json\/wp\/v2\/comments?post=78733"}],"version-history":[{"count":1,"href":"https:\/\/www.ludwig-van.com\/montreal\/wp-json\/wp\/v2\/tribe_events\/78733\/revisions"}],"predecessor-version":[{"id":78734,"href":"https:\/\/www.ludwig-van.com\/montreal\/wp-json\/wp\/v2\/tribe_events\/78733\/revisions\/78734"}],"wp:featuredmedia":[{"embeddable":true,"href":"https:\/\/www.ludwig-van.com\/montreal\/wp-json\/wp\/v2\/media\/78735"}],"wp:attachment":[{"href":"https:\/\/www.ludwig-van.com\/montreal\/wp-json\/wp\/v2\/media?parent=78733"}],"wp:term":[{"taxonomy":"post_tag","embeddable":true,"href":"https:\/\/www.ludwig-van.com\/montreal\/wp-json\/wp\/v2\/tags?post=78733"},{"taxonomy":"tribe_events_cat","embeddable":true,"href":"https:\/\/www.ludwig-van.com\/montreal\/wp-json\/wp\/v2\/tribe_events_cat?post=78733"}],"curies":[{"name":"wp","href":"https:\/\/api.w.org\/{rel}","templated":true}]}}

Arte Musica &#8211; Salle Bourgie | Lluís Claret, violoncelle &#038; Sandra Murray, piano

<p>Violoncelliste andorran, grands prix Rostropovitch et Pablo Casals, Lluís Claret parcourt le monde avec son phrasé d&rsquo;un splendide lyrisme. Pour sa première apparition à la Salle Bourgie, il sera accompagné par la talentueuse pianiste québécoise Sandra Murray dans un programme d&rsquo;œuvres des XIXe et XXe siècles.</p>

<p>Violoncelliste andorran, grands prix Rostropovitch et Pablo Casals, Lluís Claret parcourt le monde avec son phrasé d&rsquo;un splendide lyrisme.</p>
