{"id":78728,"date":"2023-11-03T09:17:07","date_gmt":"2023-11-03T13:17:07","guid":{"rendered":"https:\/\/www.ludwig-van.com\/montreal\/?post_type=tribe_events&#038;p=78728"},"modified":"2023-11-03T09:17:07","modified_gmt":"2023-11-03T13:17:07","slug":"arte-musica-salle-bourgie-faure-et-enesco-maitre-et-eleve","status":"publish","type":"tribe_events","link":"https:\/\/www.ludwig-van.com\/montreal\/event\/arte-musica-salle-bourgie-faure-et-enesco-maitre-et-eleve\/","title":{"rendered":"Arte Musica &#8211; Salle Bourgie | Faur\u00e9 et Enesco, ma\u00eetre et \u00e9l\u00e8ve"},"content":{"rendered":"<p>A l\u2019occasion du 100e anniversaire du d\u00e9c\u00e8s de Gabriel Faur\u00e9, ce concert rend hommage au grand compositeur et p\u00e9dagogue fran\u00e7ais. Son Quatuor n\u00b0 1 pour piano et cordes sera mis en miroir avec celui d\u2019un de ses plus brillants \u00e9l\u00e8ves, Georges Enesco.<\/p>\n","protected":false},"excerpt":{"rendered":"<p>A l\u2019occasion du 100e anniversaire du d\u00e9c\u00e8s de Gabriel Faur\u00e9, ce concert rend hommage au grand compositeur et p\u00e9dagogue fran\u00e7ais. Son Quatuor n\u00b0 1 pour piano et cordes sera mis en miroir avec celui d\u2019un de ses plus brillants \u00e9l\u00e8ves, Georges Enesco.<\/p>\n","protected":false},"author":1,"featured_media":78732,"comment_status":"open","ping_status":"closed","template":"","meta":{"om_disable_all_campaigns":false,"jetpack_post_was_ever_published":false},"tags":[],"tribe_events_cat":[6487],"acf":[],"jetpack_sharing_enabled":true,"_links":{"self":[{"href":"https:\/\/www.ludwig-van.com\/montreal\/wp-json\/wp\/v2\/tribe_events\/78728"}],"collection":[{"href":"https:\/\/www.ludwig-van.com\/montreal\/wp-json\/wp\/v2\/tribe_events"}],"about":[{"href":"https:\/\/www.ludwig-van.com\/montreal\/wp-json\/wp\/v2\/types\/tribe_events"}],"author":[{"embeddable":true,"href":"https:\/\/www.ludwig-van.com\/montreal\/wp-json\/wp\/v2\/users\/1"}],"replies":[{"embeddable":true,"href":"https:\/\/www.ludwig-van.com\/montreal\/wp-json\/wp\/v2\/comments?post=78728"}],"version-history":[{"count":1,"href":"https:\/\/www.ludwig-van.com\/montreal\/wp-json\/wp\/v2\/tribe_events\/78728\/revisions"}],"predecessor-version":[{"id":78730,"href":"https:\/\/www.ludwig-van.com\/montreal\/wp-json\/wp\/v2\/tribe_events\/78728\/revisions\/78730"}],"wp:featuredmedia":[{"embeddable":true,"href":"https:\/\/www.ludwig-van.com\/montreal\/wp-json\/wp\/v2\/media\/78732"}],"wp:attachment":[{"href":"https:\/\/www.ludwig-van.com\/montreal\/wp-json\/wp\/v2\/media?parent=78728"}],"wp:term":[{"taxonomy":"post_tag","embeddable":true,"href":"https:\/\/www.ludwig-van.com\/montreal\/wp-json\/wp\/v2\/tags?post=78728"},{"taxonomy":"tribe_events_cat","embeddable":true,"href":"https:\/\/www.ludwig-van.com\/montreal\/wp-json\/wp\/v2\/tribe_events_cat?post=78728"}],"curies":[{"name":"wp","href":"https:\/\/api.w.org\/{rel}","templated":true}]}}

Arte Musica &#8211; Salle Bourgie | Fauré et Enesco, maître et élève

<p>A l’occasion du 100e anniversaire du décès de Gabriel Fauré, ce concert rend hommage au grand compositeur et pédagogue français. Son Quatuor n° 1 pour piano et cordes sera mis en miroir avec celui d’un de ses plus brillants élèves, Georges Enesco.</p>
