{"id":78654,"date":"2023-10-29T17:08:14","date_gmt":"2023-10-29T21:08:14","guid":{"rendered":"https:\/\/www.ludwig-van.com\/montreal\/?post_type=tribe_events&#038;p=78654"},"modified":"2023-10-29T17:08:14","modified_gmt":"2023-10-29T21:08:14","slug":"arte-musica-salle-bourgie-imani-winds-black-brown","status":"publish","type":"tribe_events","link":"https:\/\/www.ludwig-van.com\/montreal\/event\/arte-musica-salle-bourgie-imani-winds-black-brown\/","title":{"rendered":"Arte Musica \u2013 Salle Bourgie | Imani Winds &#8211; Black and Brown"},"content":{"rendered":"<p>En lice \u00e0 deux reprises aux Grammy Awards, l\u2019ensemble a transform\u00e9 et m\u00eame r\u00e9volutionn\u00e9 le quintette \u00e0 vent gr\u00e2ce \u00e0 son jeu dynamique et \u00e0 sa programmation audacieuse mettant en lumi\u00e8re des \u0153uvres contemporaines aux couleurs jazz et latines.<\/p>\n","protected":false},"excerpt":{"rendered":"<p>En lice \u00e0 deux reprises aux Grammy Awards, l\u2019ensemble a transform\u00e9 et m\u00eame r\u00e9volutionn\u00e9 le quintette \u00e0 vent gr\u00e2ce \u00e0 son jeu dynamique et \u00e0 sa programmation audacieuse mettant en lumi\u00e8re des \u0153uvres contemporaines aux couleurs jazz et latines.<\/p>\n","protected":false},"author":1,"featured_media":78495,"comment_status":"open","ping_status":"closed","template":"","meta":{"om_disable_all_campaigns":false,"jetpack_post_was_ever_published":false},"tags":[],"tribe_events_cat":[5052],"acf":[],"jetpack_sharing_enabled":true,"_links":{"self":[{"href":"https:\/\/www.ludwig-van.com\/montreal\/wp-json\/wp\/v2\/tribe_events\/78654"}],"collection":[{"href":"https:\/\/www.ludwig-van.com\/montreal\/wp-json\/wp\/v2\/tribe_events"}],"about":[{"href":"https:\/\/www.ludwig-van.com\/montreal\/wp-json\/wp\/v2\/types\/tribe_events"}],"author":[{"embeddable":true,"href":"https:\/\/www.ludwig-van.com\/montreal\/wp-json\/wp\/v2\/users\/1"}],"replies":[{"embeddable":true,"href":"https:\/\/www.ludwig-van.com\/montreal\/wp-json\/wp\/v2\/comments?post=78654"}],"version-history":[{"count":1,"href":"https:\/\/www.ludwig-van.com\/montreal\/wp-json\/wp\/v2\/tribe_events\/78654\/revisions"}],"predecessor-version":[{"id":78655,"href":"https:\/\/www.ludwig-van.com\/montreal\/wp-json\/wp\/v2\/tribe_events\/78654\/revisions\/78655"}],"wp:featuredmedia":[{"embeddable":true,"href":"https:\/\/www.ludwig-van.com\/montreal\/wp-json\/wp\/v2\/media\/78495"}],"wp:attachment":[{"href":"https:\/\/www.ludwig-van.com\/montreal\/wp-json\/wp\/v2\/media?parent=78654"}],"wp:term":[{"taxonomy":"post_tag","embeddable":true,"href":"https:\/\/www.ludwig-van.com\/montreal\/wp-json\/wp\/v2\/tags?post=78654"},{"taxonomy":"tribe_events_cat","embeddable":true,"href":"https:\/\/www.ludwig-van.com\/montreal\/wp-json\/wp\/v2\/tribe_events_cat?post=78654"}],"curies":[{"name":"wp","href":"https:\/\/api.w.org\/{rel}","templated":true}]}}

<p>En lice à deux reprises aux Grammy Awards, l’ensemble a transformé et même révolutionné le quintette à vent grâce à son jeu dynamique et à sa programmation audacieuse mettant en lumière des œuvres contemporaines aux couleurs jazz et latines.</p>
