{"id":78525,"date":"2023-10-21T18:06:56","date_gmt":"2023-10-21T22:06:56","guid":{"rendered":"https:\/\/www.ludwig-van.com\/montreal\/?post_type=tribe_events&#038;p=78525"},"modified":"2023-10-21T18:06:56","modified_gmt":"2023-10-21T22:06:56","slug":"arte-musica-salle-bourgie-ihor-mostovoi-baryton-serhiy-salov-piano-avec-lukraine","status":"publish","type":"tribe_events","link":"https:\/\/www.ludwig-van.com\/montreal\/event\/arte-musica-salle-bourgie-ihor-mostovoi-baryton-serhiy-salov-piano-avec-lukraine\/","title":{"rendered":"Arte Musica &#8211; Salle Bourgie | Ihor Mostovoi, baryton &#038; Serhiy Salov, piano &#8211; Avec l&rsquo;Ukraine !"},"content":{"rendered":"<p>R\u00e9cital vocal<\/p>\n<p>Ce r\u00e9cital rend hommage au peuple ukrainien en proposant des m\u00e9lodies des XIXe et XXe si\u00e8cles de Lyssenko, Liatochinski et Dankevitch, des pi\u00e8ces pour piano de Chopin et Salov, ainsi que plusieurs \u0153uvres en cr\u00e9ation mondiale dont Letters from the frontline, un cycle compos\u00e9 par Evan Mack et inspir\u00e9 de po\u00e8mes de soldats ukrainiens \u00e9crits au front.<\/p>\n","protected":false},"excerpt":{"rendered":"<p>Ce r\u00e9cital rend hommage au peuple ukrainien en proposant des m\u00e9lodies des XIXe et XXe si\u00e8cles de Lyssenko, Liatochinski et Dankevitch, des pi\u00e8ces pour piano de Chopin et Salov, ainsi que plusieurs \u0153uvres en cr\u00e9ation mondiale dont Letters from the frontline, un cycle compos\u00e9 par Evan Mack et inspir\u00e9 de po\u00e8mes de soldats ukrainiens \u00e9crits au front.<\/p>\n","protected":false},"author":1,"featured_media":78527,"comment_status":"open","ping_status":"closed","template":"","meta":{"om_disable_all_campaigns":false,"jetpack_post_was_ever_published":false},"tags":[],"tribe_events_cat":[6487],"acf":[],"jetpack_sharing_enabled":true,"_links":{"self":[{"href":"https:\/\/www.ludwig-van.com\/montreal\/wp-json\/wp\/v2\/tribe_events\/78525"}],"collection":[{"href":"https:\/\/www.ludwig-van.com\/montreal\/wp-json\/wp\/v2\/tribe_events"}],"about":[{"href":"https:\/\/www.ludwig-van.com\/montreal\/wp-json\/wp\/v2\/types\/tribe_events"}],"author":[{"embeddable":true,"href":"https:\/\/www.ludwig-van.com\/montreal\/wp-json\/wp\/v2\/users\/1"}],"replies":[{"embeddable":true,"href":"https:\/\/www.ludwig-van.com\/montreal\/wp-json\/wp\/v2\/comments?post=78525"}],"version-history":[{"count":2,"href":"https:\/\/www.ludwig-van.com\/montreal\/wp-json\/wp\/v2\/tribe_events\/78525\/revisions"}],"predecessor-version":[{"id":78528,"href":"https:\/\/www.ludwig-van.com\/montreal\/wp-json\/wp\/v2\/tribe_events\/78525\/revisions\/78528"}],"wp:featuredmedia":[{"embeddable":true,"href":"https:\/\/www.ludwig-van.com\/montreal\/wp-json\/wp\/v2\/media\/78527"}],"wp:attachment":[{"href":"https:\/\/www.ludwig-van.com\/montreal\/wp-json\/wp\/v2\/media?parent=78525"}],"wp:term":[{"taxonomy":"post_tag","embeddable":true,"href":"https:\/\/www.ludwig-van.com\/montreal\/wp-json\/wp\/v2\/tags?post=78525"},{"taxonomy":"tribe_events_cat","embeddable":true,"href":"https:\/\/www.ludwig-van.com\/montreal\/wp-json\/wp\/v2\/tribe_events_cat?post=78525"}],"curies":[{"name":"wp","href":"https:\/\/api.w.org\/{rel}","templated":true}]}}

<p>Récital vocal</p>
<p>Ce récital rend hommage au peuple ukrainien en proposant des mélodies des XIXe et XXe siècles de Lyssenko, Liatochinski et Dankevitch, des pièces pour piano de Chopin et Salov, ainsi que plusieurs œuvres en création mondiale dont Letters from the frontline, un cycle composé par Evan Mack et inspiré de poèmes de soldats ukrainiens écrits au front.</p>

<p>Ce récital rend hommage au peuple ukrainien en proposant des mélodies des XIXe et XXe siècles de Lyssenko, Liatochinski et Dankevitch, des pièces pour piano de Chopin et Salov, ainsi que plusieurs œuvres en création mondiale dont Letters from the frontline, un cycle composé par Evan Mack et inspiré de poèmes de soldats ukrainiens écrits au front.</p>
