{"id":78514,"date":"2023-10-21T15:29:47","date_gmt":"2023-10-21T19:29:47","guid":{"rendered":"https:\/\/www.ludwig-van.com\/montreal\/?post_type=tribe_events&#038;p=78514"},"modified":"2023-10-21T15:29:47","modified_gmt":"2023-10-21T19:29:47","slug":"arte-musica-salle-bourgie-didem-basar-kanun-continuum","status":"publish","type":"tribe_events","link":"https:\/\/www.ludwig-van.com\/montreal\/event\/arte-musica-salle-bourgie-didem-basar-kanun-continuum\/","title":{"rendered":"Arte Musica &#8211; Salle Bourgie | Didem Basar, kanun &#8211; Continuum"},"content":{"rendered":"<p>\u00c9pousant \u00e0 la fois les traditions musicales turques et les couleurs et sonorit\u00e9s occidentales, la virtuose Didem Basar nous d\u00e9voile ses compositions pour kanun (cithare turque), quintette \u00e0 cordes et percussions, dans un concert original qui nous fait traverser les si\u00e8cles et les cultures.<\/p>\n","protected":false},"excerpt":{"rendered":"<p>\u00c9pousant \u00e0 la fois les traditions musicales turques et les couleurs et sonorit\u00e9s occidentales, la virtuose Didem Basar nous d\u00e9voile ses compositions pour kanun (cithare turque), quintette \u00e0 cordes et percussions, dans un concert original qui nous fait traverser les si\u00e8cles et les cultures.<\/p>\n","protected":false},"author":1,"featured_media":78516,"comment_status":"open","ping_status":"closed","template":"","meta":{"om_disable_all_campaigns":false,"jetpack_post_was_ever_published":false},"tags":[],"tribe_events_cat":[6487],"acf":[],"jetpack_sharing_enabled":true,"_links":{"self":[{"href":"https:\/\/www.ludwig-van.com\/montreal\/wp-json\/wp\/v2\/tribe_events\/78514"}],"collection":[{"href":"https:\/\/www.ludwig-van.com\/montreal\/wp-json\/wp\/v2\/tribe_events"}],"about":[{"href":"https:\/\/www.ludwig-van.com\/montreal\/wp-json\/wp\/v2\/types\/tribe_events"}],"author":[{"embeddable":true,"href":"https:\/\/www.ludwig-van.com\/montreal\/wp-json\/wp\/v2\/users\/1"}],"replies":[{"embeddable":true,"href":"https:\/\/www.ludwig-van.com\/montreal\/wp-json\/wp\/v2\/comments?post=78514"}],"version-history":[{"count":1,"href":"https:\/\/www.ludwig-van.com\/montreal\/wp-json\/wp\/v2\/tribe_events\/78514\/revisions"}],"predecessor-version":[{"id":78515,"href":"https:\/\/www.ludwig-van.com\/montreal\/wp-json\/wp\/v2\/tribe_events\/78514\/revisions\/78515"}],"wp:featuredmedia":[{"embeddable":true,"href":"https:\/\/www.ludwig-van.com\/montreal\/wp-json\/wp\/v2\/media\/78516"}],"wp:attachment":[{"href":"https:\/\/www.ludwig-van.com\/montreal\/wp-json\/wp\/v2\/media?parent=78514"}],"wp:term":[{"taxonomy":"post_tag","embeddable":true,"href":"https:\/\/www.ludwig-van.com\/montreal\/wp-json\/wp\/v2\/tags?post=78514"},{"taxonomy":"tribe_events_cat","embeddable":true,"href":"https:\/\/www.ludwig-van.com\/montreal\/wp-json\/wp\/v2\/tribe_events_cat?post=78514"}],"curies":[{"name":"wp","href":"https:\/\/api.w.org\/{rel}","templated":true}]}}

<p>Épousant à la fois les traditions musicales turques et les couleurs et sonorités occidentales, la virtuose Didem Basar nous dévoile ses compositions pour kanun (cithare turque), quintette à cordes et percussions, dans un concert original qui nous fait traverser les siècles et les cultures.</p>
