{"id":78499,"date":"2023-10-21T14:39:59","date_gmt":"2023-10-21T18:39:59","guid":{"rendered":"https:\/\/www.ludwig-van.com\/montreal\/?post_type=tribe_events&#038;p=78499"},"modified":"2023-10-21T14:39:59","modified_gmt":"2023-10-21T18:39:59","slug":"arte-musica-salle-bourgie-quatuor-apollon-musagete","status":"publish","type":"tribe_events","link":"https:\/\/www.ludwig-van.com\/montreal\/event\/arte-musica-salle-bourgie-quatuor-apollon-musagete\/","title":{"rendered":"Arte Musica &#8211; Salle Bourgie | Quatuor Apollon Musag\u00e8te"},"content":{"rendered":"<p>Le jeune quatuor \u00e0 cordes polonais suscite d\u00e9j\u00e0 l\u2019admiration partout dans le monde ! Il interpr\u00e9tera quatre \u0153uvres phares du r\u00e9pertoire de la musique de chambre.<\/p>\n","protected":false},"excerpt":{"rendered":"<p>Le jeune quatuor \u00e0 cordes polonais suscite d\u00e9j\u00e0 l\u2019admiration partout dans le monde ! Il interpr\u00e9tera quatre \u0153uvres phares du r\u00e9pertoire de la musique de chambre.<\/p>\n","protected":false},"author":1,"featured_media":78501,"comment_status":"open","ping_status":"closed","template":"","meta":{"om_disable_all_campaigns":false,"jetpack_post_was_ever_published":false},"tags":[],"tribe_events_cat":[5052],"acf":[],"jetpack_sharing_enabled":true,"_links":{"self":[{"href":"https:\/\/www.ludwig-van.com\/montreal\/wp-json\/wp\/v2\/tribe_events\/78499"}],"collection":[{"href":"https:\/\/www.ludwig-van.com\/montreal\/wp-json\/wp\/v2\/tribe_events"}],"about":[{"href":"https:\/\/www.ludwig-van.com\/montreal\/wp-json\/wp\/v2\/types\/tribe_events"}],"author":[{"embeddable":true,"href":"https:\/\/www.ludwig-van.com\/montreal\/wp-json\/wp\/v2\/users\/1"}],"replies":[{"embeddable":true,"href":"https:\/\/www.ludwig-van.com\/montreal\/wp-json\/wp\/v2\/comments?post=78499"}],"version-history":[{"count":1,"href":"https:\/\/www.ludwig-van.com\/montreal\/wp-json\/wp\/v2\/tribe_events\/78499\/revisions"}],"predecessor-version":[{"id":78500,"href":"https:\/\/www.ludwig-van.com\/montreal\/wp-json\/wp\/v2\/tribe_events\/78499\/revisions\/78500"}],"wp:featuredmedia":[{"embeddable":true,"href":"https:\/\/www.ludwig-van.com\/montreal\/wp-json\/wp\/v2\/media\/78501"}],"wp:attachment":[{"href":"https:\/\/www.ludwig-van.com\/montreal\/wp-json\/wp\/v2\/media?parent=78499"}],"wp:term":[{"taxonomy":"post_tag","embeddable":true,"href":"https:\/\/www.ludwig-van.com\/montreal\/wp-json\/wp\/v2\/tags?post=78499"},{"taxonomy":"tribe_events_cat","embeddable":true,"href":"https:\/\/www.ludwig-van.com\/montreal\/wp-json\/wp\/v2\/tribe_events_cat?post=78499"}],"curies":[{"name":"wp","href":"https:\/\/api.w.org\/{rel}","templated":true}]}}

Arte Musica &#8211; Salle Bourgie | Quatuor Apollon Musagète

<p>Le jeune quatuor à cordes polonais suscite déjà l’admiration partout dans le monde ! Il interprétera quatre œuvres phares du répertoire de la musique de chambre.</p>
