{"id":78282,"date":"2023-10-10T16:00:07","date_gmt":"2023-10-10T20:00:07","guid":{"rendered":"https:\/\/www.ludwig-van.com\/montreal\/?post_type=tribe_events&#038;p=78282"},"modified":"2023-10-10T16:00:07","modified_gmt":"2023-10-10T20:00:07","slug":"festival-bach-reinhard-goebel-direction-schaghajegh-nosrati-piano","status":"publish","type":"tribe_events","link":"https:\/\/www.ludwig-van.com\/montreal\/event\/festival-bach-reinhard-goebel-direction-schaghajegh-nosrati-piano\/","title":{"rendered":"Festival Bach | Reinhard Goebel, Direction &#038; Schaghajegh Nosrati, piano"},"content":{"rendered":"<p>CONCERT D&rsquo;OUVERTURE \u00c0 MONTR\u00c9AL<br \/>\nVous pourriez penser que cela ressemble beaucoup \u00e0 Mozart \u2026 oui, en effet. Le style galant des deux plus jeunes fils de J.S. Bach va dans ce sens. Johan Christian \u00e9tait la super star du style galant, \u00e0 l\u2019aise dans les grands cours de Milan, Naples, Londres et Mannheim. Christoph Friedrich Bach, dans ses derni\u00e8res ann\u00e9es, bien qu\u2019il soit toujours rest\u00e9 \u00e0 B\u00fcckeburg, a copi\u00e9 le style de son fr\u00e8re et a manifestement bien \u00e9tudi\u00e9 les symphonies de Haydn. Les compositions les plus abouties des deux fr\u00e8res font partie du programme de ce concert.<\/p>\n<p>Mozart a dit \u00e0 son p\u00e8re dans une lettre de Paris en 1778 : \u00ab M. Bach (Johann Christian Bach) de Londres est ici depuis 14 jours, vous pouvez imaginer sa joie et la mienne lorsque nous nous sommes retrouv\u00e9s. Je l\u2019aime, comme vous le savez, de tout mon c\u0153ur. \u00bb<\/p>\n<p>Apr\u00e8s avoir dirig\u00e9 l\u2019Orchestre du Festival en 2019, le chef allemand Reinhard Goebel revient pour son \u00e9dition 2023, accompagn\u00e9 par la jeune pianiste Schaghajegh Nosrati dans un concert qui fera r\u00e9sonner la musique de la dynastie Bach.<\/p>\n","protected":false},"excerpt":{"rendered":"<p>Vous pourriez penser que cela ressemble beaucoup \u00e0 Mozart \u2026 oui, en effet. Le style galant des deux plus jeunes fils de J.S. Bach va dans ce sens.<\/p>\n","protected":false},"author":1,"featured_media":78283,"comment_status":"open","ping_status":"closed","template":"","meta":{"om_disable_all_campaigns":false,"jetpack_post_was_ever_published":false},"tags":[],"tribe_events_cat":[6487],"acf":[],"jetpack_sharing_enabled":true,"_links":{"self":[{"href":"https:\/\/www.ludwig-van.com\/montreal\/wp-json\/wp\/v2\/tribe_events\/78282"}],"collection":[{"href":"https:\/\/www.ludwig-van.com\/montreal\/wp-json\/wp\/v2\/tribe_events"}],"about":[{"href":"https:\/\/www.ludwig-van.com\/montreal\/wp-json\/wp\/v2\/types\/tribe_events"}],"author":[{"embeddable":true,"href":"https:\/\/www.ludwig-van.com\/montreal\/wp-json\/wp\/v2\/users\/1"}],"replies":[{"embeddable":true,"href":"https:\/\/www.ludwig-van.com\/montreal\/wp-json\/wp\/v2\/comments?post=78282"}],"version-history":[{"count":1,"href":"https:\/\/www.ludwig-van.com\/montreal\/wp-json\/wp\/v2\/tribe_events\/78282\/revisions"}],"predecessor-version":[{"id":78284,"href":"https:\/\/www.ludwig-van.com\/montreal\/wp-json\/wp\/v2\/tribe_events\/78282\/revisions\/78284"}],"wp:featuredmedia":[{"embeddable":true,"href":"https:\/\/www.ludwig-van.com\/montreal\/wp-json\/wp\/v2\/media\/78283"}],"wp:attachment":[{"href":"https:\/\/www.ludwig-van.com\/montreal\/wp-json\/wp\/v2\/media?parent=78282"}],"wp:term":[{"taxonomy":"post_tag","embeddable":true,"href":"https:\/\/www.ludwig-van.com\/montreal\/wp-json\/wp\/v2\/tags?post=78282"},{"taxonomy":"tribe_events_cat","embeddable":true,"href":"https:\/\/www.ludwig-van.com\/montreal\/wp-json\/wp\/v2\/tribe_events_cat?post=78282"}],"curies":[{"name":"wp","href":"https:\/\/api.w.org\/{rel}","templated":true}]}}

<p>CONCERT D&rsquo;OUVERTURE À MONTRÉAL<br />
Vous pourriez penser que cela ressemble beaucoup à Mozart … oui, en effet. Le style galant des deux plus jeunes fils de J.S. Bach va dans ce sens. Johan Christian était la super star du style galant, à l’aise dans les grands cours de Milan, Naples, Londres et Mannheim. Christoph Friedrich Bach, dans ses dernières années, bien qu’il soit toujours resté à Bückeburg, a copié le style de son frère et a manifestement bien étudié les symphonies de Haydn. Les compositions les plus abouties des deux frères font partie du programme de ce concert.</p>
<p>Mozart a dit à son père dans une lettre de Paris en 1778 : « M. Bach (Johann Christian Bach) de Londres est ici depuis 14 jours, vous pouvez imaginer sa joie et la mienne lorsque nous nous sommes retrouvés. Je l’aime, comme vous le savez, de tout mon cœur. »</p>
<p>Après avoir dirigé l’Orchestre du Festival en 2019, le chef allemand Reinhard Goebel revient pour son édition 2023, accompagné par la jeune pianiste Schaghajegh Nosrati dans un concert qui fera résonner la musique de la dynastie Bach.</p>

<p>Vous pourriez penser que cela ressemble beaucoup à Mozart … oui, en effet. Le style galant des deux plus jeunes fils de J.S. Bach va dans ce sens.</p>
