{"id":78020,"date":"2023-09-21T16:16:40","date_gmt":"2023-09-21T20:16:40","guid":{"rendered":"https:\/\/www.ludwig-van.com\/montreal\/?post_type=tribe_events&#038;p=78020"},"modified":"2023-09-21T16:16:40","modified_gmt":"2023-09-21T20:16:40","slug":"arte-musica-salle-bourgie-le-quatuor-cordes-du-refus-global-aujourdhui","status":"publish","type":"tribe_events","link":"https:\/\/www.ludwig-van.com\/montreal\/event\/arte-musica-salle-bourgie-le-quatuor-cordes-du-refus-global-aujourdhui\/","title":{"rendered":"Arte Musica \u2013 Salle Bourgie | Le quatuor \u00e0 cordes, du Refus global \u00e0 aujourd&rsquo;hui"},"content":{"rendered":"<p>Ce concert rend hommage \u00e0 Rachel Laurin.<\/p>\n<p>Sp\u00e9cialiste de la musique des XXe et XXIe si\u00e8cles, le Quatuor Molinari pr\u00e9sente quatre \u0153uvres de compositeurs et compositrices qu\u00e9b\u00e9cois.e.s, t\u00e9moins de l\u2019effervescente exp\u00e9rimentation artistique au Qu\u00e9bec depuis la parution en 1948 du manifeste radical Refus global : Otto Joachim, Rachel Laurin, Jean Lesage et Jean Papineau-Couture.<\/p>\n<p>En lien avec l\u2019exposition Fran\u00e7oise Sullivan<\/p>\n","protected":false},"excerpt":{"rendered":"<p>Sp\u00e9cialiste de la musique des XXe et XXIe si\u00e8cles, le Quatuor Molinari pr\u00e9sente quatre \u0153uvres de compositeurs et compositrices qu\u00e9b\u00e9cois.e.s, t\u00e9moins de l\u2019effervescente exp\u00e9rimentation artistique au Qu\u00e9bec depuis la parution en 1948 du manifeste radical Refus global : Otto Joachim, Rachel Laurin, Jean Lesage et Jean Papineau-Couture.<\/p>\n","protected":false},"author":1,"featured_media":78022,"comment_status":"open","ping_status":"closed","template":"","meta":{"om_disable_all_campaigns":false,"jetpack_post_was_ever_published":false},"tags":[],"tribe_events_cat":[5052],"acf":[],"jetpack_sharing_enabled":true,"_links":{"self":[{"href":"https:\/\/www.ludwig-van.com\/montreal\/wp-json\/wp\/v2\/tribe_events\/78020"}],"collection":[{"href":"https:\/\/www.ludwig-van.com\/montreal\/wp-json\/wp\/v2\/tribe_events"}],"about":[{"href":"https:\/\/www.ludwig-van.com\/montreal\/wp-json\/wp\/v2\/types\/tribe_events"}],"author":[{"embeddable":true,"href":"https:\/\/www.ludwig-van.com\/montreal\/wp-json\/wp\/v2\/users\/1"}],"replies":[{"embeddable":true,"href":"https:\/\/www.ludwig-van.com\/montreal\/wp-json\/wp\/v2\/comments?post=78020"}],"version-history":[{"count":1,"href":"https:\/\/www.ludwig-van.com\/montreal\/wp-json\/wp\/v2\/tribe_events\/78020\/revisions"}],"predecessor-version":[{"id":78021,"href":"https:\/\/www.ludwig-van.com\/montreal\/wp-json\/wp\/v2\/tribe_events\/78020\/revisions\/78021"}],"wp:featuredmedia":[{"embeddable":true,"href":"https:\/\/www.ludwig-van.com\/montreal\/wp-json\/wp\/v2\/media\/78022"}],"wp:attachment":[{"href":"https:\/\/www.ludwig-van.com\/montreal\/wp-json\/wp\/v2\/media?parent=78020"}],"wp:term":[{"taxonomy":"post_tag","embeddable":true,"href":"https:\/\/www.ludwig-van.com\/montreal\/wp-json\/wp\/v2\/tags?post=78020"},{"taxonomy":"tribe_events_cat","embeddable":true,"href":"https:\/\/www.ludwig-van.com\/montreal\/wp-json\/wp\/v2\/tribe_events_cat?post=78020"}],"curies":[{"name":"wp","href":"https:\/\/api.w.org\/{rel}","templated":true}]}}

Arte Musica – Salle Bourgie | Le quatuor à cordes, du Refus global à aujourd&rsquo;hui

<p>Ce concert rend hommage à Rachel Laurin.</p>
<p>Spécialiste de la musique des XXe et XXIe siècles, le Quatuor Molinari présente quatre œuvres de compositeurs et compositrices québécois.e.s, témoins de l’effervescente expérimentation artistique au Québec depuis la parution en 1948 du manifeste radical Refus global : Otto Joachim, Rachel Laurin, Jean Lesage et Jean Papineau-Couture.</p>
<p>En lien avec l’exposition Françoise Sullivan</p>

<p>Spécialiste de la musique des XXe et XXIe siècles, le Quatuor Molinari présente quatre œuvres de compositeurs et compositrices québécois.e.s, témoins de l’effervescente expérimentation artistique au Québec depuis la parution en 1948 du manifeste radical Refus global : Otto Joachim, Rachel Laurin, Jean Lesage et Jean Papineau-Couture.</p>
