{"id":78017,"date":"2023-09-21T16:06:05","date_gmt":"2023-09-21T20:06:05","guid":{"rendered":"https:\/\/www.ludwig-van.com\/montreal\/?post_type=tribe_events&#038;p=78017"},"modified":"2023-09-21T16:06:05","modified_gmt":"2023-09-21T20:06:05","slug":"arte-musica-salle-bourgie-vikingur-olafsson-piano-les-variations-goldberg-de-j-s-bach","status":"publish","type":"tribe_events","link":"https:\/\/www.ludwig-van.com\/montreal\/event\/arte-musica-salle-bourgie-vikingur-olafsson-piano-les-variations-goldberg-de-j-s-bach\/","title":{"rendered":"Arte Musica \u2013 Salle Bourgie | V\u00edkingur \u00d3lafsson, piano &#8211; Les Variations Goldberg de J.S. Bach"},"content":{"rendered":"<p>Pianistes d&rsquo;exception<\/p>\n<p>Pianiste au jeu fascinant, V\u00edkingur \u00d3lafsson fait partie des interpr\u00e8tes les plus en demande aujourd\u2019hui. Il nous pr\u00e9sente cet intemporel chef-d\u2019\u0153uvre que sont les Variations Goldberg de J. S. Bach.<\/p>\n","protected":false},"excerpt":{"rendered":"<p>Pianiste au jeu fascinant, V\u00edkingur \u00d3lafsson fait partie des interpr\u00e8tes les plus en demande aujourd\u2019hui. Il nous pr\u00e9sente cet intemporel chef-d\u2019\u0153uvre que sont les Variations Goldberg de J. S. Bach.<\/p>\n","protected":false},"author":1,"featured_media":78019,"comment_status":"open","ping_status":"closed","template":"","meta":{"om_disable_all_campaigns":false,"jetpack_post_was_ever_published":false},"tags":[],"tribe_events_cat":[5024],"acf":[],"jetpack_sharing_enabled":true,"_links":{"self":[{"href":"https:\/\/www.ludwig-van.com\/montreal\/wp-json\/wp\/v2\/tribe_events\/78017"}],"collection":[{"href":"https:\/\/www.ludwig-van.com\/montreal\/wp-json\/wp\/v2\/tribe_events"}],"about":[{"href":"https:\/\/www.ludwig-van.com\/montreal\/wp-json\/wp\/v2\/types\/tribe_events"}],"author":[{"embeddable":true,"href":"https:\/\/www.ludwig-van.com\/montreal\/wp-json\/wp\/v2\/users\/1"}],"replies":[{"embeddable":true,"href":"https:\/\/www.ludwig-van.com\/montreal\/wp-json\/wp\/v2\/comments?post=78017"}],"version-history":[{"count":1,"href":"https:\/\/www.ludwig-van.com\/montreal\/wp-json\/wp\/v2\/tribe_events\/78017\/revisions"}],"predecessor-version":[{"id":78018,"href":"https:\/\/www.ludwig-van.com\/montreal\/wp-json\/wp\/v2\/tribe_events\/78017\/revisions\/78018"}],"wp:featuredmedia":[{"embeddable":true,"href":"https:\/\/www.ludwig-van.com\/montreal\/wp-json\/wp\/v2\/media\/78019"}],"wp:attachment":[{"href":"https:\/\/www.ludwig-van.com\/montreal\/wp-json\/wp\/v2\/media?parent=78017"}],"wp:term":[{"taxonomy":"post_tag","embeddable":true,"href":"https:\/\/www.ludwig-van.com\/montreal\/wp-json\/wp\/v2\/tags?post=78017"},{"taxonomy":"tribe_events_cat","embeddable":true,"href":"https:\/\/www.ludwig-van.com\/montreal\/wp-json\/wp\/v2\/tribe_events_cat?post=78017"}],"curies":[{"name":"wp","href":"https:\/\/api.w.org\/{rel}","templated":true}]}}

Arte Musica – Salle Bourgie | Víkingur Ólafsson, piano &#8211; Les Variations Goldberg de J.S. Bach

<p>Pianistes d&rsquo;exception</p>
<p>Pianiste au jeu fascinant, Víkingur Ólafsson fait partie des interprètes les plus en demande aujourd’hui. Il nous présente cet intemporel chef-d’œuvre que sont les Variations Goldberg de J. S. Bach.</p>

<p>Pianiste au jeu fascinant, Víkingur Ólafsson fait partie des interprètes les plus en demande aujourd’hui. Il nous présente cet intemporel chef-d’œuvre que sont les Variations Goldberg de J. S. Bach.</p>
