{"id":78014,"date":"2023-09-21T15:48:17","date_gmt":"2023-09-21T19:48:17","guid":{"rendered":"https:\/\/www.ludwig-van.com\/montreal\/?post_type=tribe_events&#038;p=78014"},"modified":"2023-09-21T15:48:17","modified_gmt":"2023-09-21T19:48:17","slug":"arte-musica-salle-bourgie-hommage-francoise-sullivan","status":"publish","type":"tribe_events","link":"https:\/\/www.ludwig-van.com\/montreal\/event\/arte-musica-salle-bourgie-hommage-francoise-sullivan\/","title":{"rendered":"Arte Musica &#8211; salle Bourgie | Hommage \u00e0 Fran\u00e7oise Sullivan"},"content":{"rendered":"<p>La Salle Bourgie pr\u00e9sente une r\u00e9trospective des chor\u00e9graphies de Fran\u00e7oise Sullivan et de Fran\u00e7oise Riopelle, deux pionni\u00e8res de la danse au Canada et signataires du manifeste Refus global.<\/p>\n<p>En lien avec l\u2019exposition Fran\u00e7oise Sullivan<\/p>\n","protected":false},"excerpt":{"rendered":"<p>La Salle Bourgie pr\u00e9sente une r\u00e9trospective des chor\u00e9graphies de Fran\u00e7oise Sullivan et de Fran\u00e7oise Riopelle, deux pionni\u00e8res de la danse au Canada et signataires du manifeste Refus global.<\/p>\n","protected":false},"author":1,"featured_media":78016,"comment_status":"open","ping_status":"closed","template":"","meta":{"om_disable_all_campaigns":false,"jetpack_post_was_ever_published":false},"tags":[],"tribe_events_cat":[6487],"acf":[],"jetpack_sharing_enabled":true,"_links":{"self":[{"href":"https:\/\/www.ludwig-van.com\/montreal\/wp-json\/wp\/v2\/tribe_events\/78014"}],"collection":[{"href":"https:\/\/www.ludwig-van.com\/montreal\/wp-json\/wp\/v2\/tribe_events"}],"about":[{"href":"https:\/\/www.ludwig-van.com\/montreal\/wp-json\/wp\/v2\/types\/tribe_events"}],"author":[{"embeddable":true,"href":"https:\/\/www.ludwig-van.com\/montreal\/wp-json\/wp\/v2\/users\/1"}],"replies":[{"embeddable":true,"href":"https:\/\/www.ludwig-van.com\/montreal\/wp-json\/wp\/v2\/comments?post=78014"}],"version-history":[{"count":1,"href":"https:\/\/www.ludwig-van.com\/montreal\/wp-json\/wp\/v2\/tribe_events\/78014\/revisions"}],"predecessor-version":[{"id":78015,"href":"https:\/\/www.ludwig-van.com\/montreal\/wp-json\/wp\/v2\/tribe_events\/78014\/revisions\/78015"}],"wp:featuredmedia":[{"embeddable":true,"href":"https:\/\/www.ludwig-van.com\/montreal\/wp-json\/wp\/v2\/media\/78016"}],"wp:attachment":[{"href":"https:\/\/www.ludwig-van.com\/montreal\/wp-json\/wp\/v2\/media?parent=78014"}],"wp:term":[{"taxonomy":"post_tag","embeddable":true,"href":"https:\/\/www.ludwig-van.com\/montreal\/wp-json\/wp\/v2\/tags?post=78014"},{"taxonomy":"tribe_events_cat","embeddable":true,"href":"https:\/\/www.ludwig-van.com\/montreal\/wp-json\/wp\/v2\/tribe_events_cat?post=78014"}],"curies":[{"name":"wp","href":"https:\/\/api.w.org\/{rel}","templated":true}]}}

Arte Musica &#8211; salle Bourgie | Hommage à Françoise Sullivan

<p>La Salle Bourgie présente une rétrospective des chorégraphies de Françoise Sullivan et de Françoise Riopelle, deux pionnières de la danse au Canada et signataires du manifeste Refus global.</p>
<p>En lien avec l’exposition Françoise Sullivan</p>

<p>La Salle Bourgie présente une rétrospective des chorégraphies de Françoise Sullivan et de Françoise Riopelle, deux pionnières de la danse au Canada et signataires du manifeste Refus global.</p>
