{"id":77891,"date":"2023-09-13T15:31:49","date_gmt":"2023-09-13T19:31:49","guid":{"rendered":"https:\/\/www.ludwig-van.com\/montreal\/?post_type=tribe_events&#038;p=77891"},"modified":"2023-09-13T15:31:49","modified_gmt":"2023-09-13T19:31:49","slug":"arte-musica-salle-bourgie-gothic-voices-noel-medieval","status":"publish","type":"tribe_events","link":"https:\/\/www.ludwig-van.com\/montreal\/event\/arte-musica-salle-bourgie-gothic-voices-noel-medieval\/","title":{"rendered":"Arte Musica &#8211; Salle Bourgie | Gothic Voices &#8211; No\u00ebl m\u00e9di\u00e9val"},"content":{"rendered":"<p>Premi\u00e8re visite au Qu\u00e9bec de ce quatuor vocal britannique reconnu mondialement ! Sp\u00e9cialis\u00e9 dans le r\u00e9pertoire m\u00e9di\u00e9val, il pr\u00e9sentera des musiques du XII<sup>e<\/sup>\u00a0au XV<sup>e<\/sup>\u00a0si\u00e8cles inspir\u00e9es par l\u2019Annonciation et la Nativit\u00e9.<\/p>\n","protected":false},"excerpt":{"rendered":"<p>Premi\u00e8re visite au Qu\u00e9bec de ce quatuor vocal britannique reconnu mondialement ! Sp\u00e9cialis\u00e9 dans le r\u00e9pertoire m\u00e9di\u00e9val, il pr\u00e9sentera des musiques du XIIe au XVe si\u00e8cles inspir\u00e9es par l\u2019Annonciation et la Nativit\u00e9.<\/p>\n","protected":false},"author":1,"featured_media":77893,"comment_status":"open","ping_status":"closed","template":"","meta":{"om_disable_all_campaigns":false,"jetpack_post_was_ever_published":false},"tags":[],"tribe_events_cat":[5050],"acf":[],"jetpack_sharing_enabled":true,"_links":{"self":[{"href":"https:\/\/www.ludwig-van.com\/montreal\/wp-json\/wp\/v2\/tribe_events\/77891"}],"collection":[{"href":"https:\/\/www.ludwig-van.com\/montreal\/wp-json\/wp\/v2\/tribe_events"}],"about":[{"href":"https:\/\/www.ludwig-van.com\/montreal\/wp-json\/wp\/v2\/types\/tribe_events"}],"author":[{"embeddable":true,"href":"https:\/\/www.ludwig-van.com\/montreal\/wp-json\/wp\/v2\/users\/1"}],"replies":[{"embeddable":true,"href":"https:\/\/www.ludwig-van.com\/montreal\/wp-json\/wp\/v2\/comments?post=77891"}],"version-history":[{"count":1,"href":"https:\/\/www.ludwig-van.com\/montreal\/wp-json\/wp\/v2\/tribe_events\/77891\/revisions"}],"predecessor-version":[{"id":77892,"href":"https:\/\/www.ludwig-van.com\/montreal\/wp-json\/wp\/v2\/tribe_events\/77891\/revisions\/77892"}],"wp:featuredmedia":[{"embeddable":true,"href":"https:\/\/www.ludwig-van.com\/montreal\/wp-json\/wp\/v2\/media\/77893"}],"wp:attachment":[{"href":"https:\/\/www.ludwig-van.com\/montreal\/wp-json\/wp\/v2\/media?parent=77891"}],"wp:term":[{"taxonomy":"post_tag","embeddable":true,"href":"https:\/\/www.ludwig-van.com\/montreal\/wp-json\/wp\/v2\/tags?post=77891"},{"taxonomy":"tribe_events_cat","embeddable":true,"href":"https:\/\/www.ludwig-van.com\/montreal\/wp-json\/wp\/v2\/tribe_events_cat?post=77891"}],"curies":[{"name":"wp","href":"https:\/\/api.w.org\/{rel}","templated":true}]}}

Arte Musica &#8211; Salle Bourgie | Gothic Voices &#8211; Noël médiéval

<p>Première visite au Québec de ce quatuor vocal britannique reconnu mondialement ! Spécialisé dans le répertoire médiéval, il présentera des musiques du XII<sup>e</sup> au XV<sup>e</sup> siècles inspirées par l’Annonciation et la Nativité.</p>

<p>Première visite au Québec de ce quatuor vocal britannique reconnu mondialement ! Spécialisé dans le répertoire médiéval, il présentera des musiques du XIIe au XVe siècles inspirées par l’Annonciation et la Nativité.</p>
