{"id":77790,"date":"2023-09-11T16:59:30","date_gmt":"2023-09-11T20:59:30","guid":{"rendered":"https:\/\/www.ludwig-van.com\/montreal\/?post_type=tribe_events&#038;p=77790"},"modified":"2024-02-18T19:32:54","modified_gmt":"2024-02-19T00:32:54","slug":"arte-musica-salle-bourgie-bach-handel-et-lorgue-concertant","status":"publish","type":"tribe_events","link":"https:\/\/www.ludwig-van.com\/montreal\/event\/arte-musica-salle-bourgie-bach-handel-et-lorgue-concertant\/","title":{"rendered":"Arte Musica &#8211; salle Bourgie | Bach, Handel et l\u2019orgue concertant"},"content":{"rendered":"<div class=\"two-columns__block rm-child-margin\">\n<p>V\u00e9ritable roi des instruments, l\u2019orgue offre aux compositeurs, aux interpr\u00e8tes et au public une infinie palette de couleurs. L\u2019organiste Isabelle Demers, aux commandes des claviers, pr\u00e9sente des concertos de Handel et des sinfonias de Bach embl\u00e9matiques du r\u00e9pertoire. La musique de Telemann et de Fux compl\u00e8te ce programme incontournable.<\/p>\n<\/div>\n","protected":false},"excerpt":{"rendered":"<p>Penta\u00e8dre, l\u2019un des quintettes \u00e0 vent les plus inventifs, se joint aux Violons du Roy, poursuivant une longue et fructueuse amiti\u00e9.<\/p>\n","protected":false},"author":1,"featured_media":77792,"comment_status":"open","ping_status":"closed","template":"","meta":{"om_disable_all_campaigns":false,"jetpack_post_was_ever_published":false},"tags":[],"tribe_events_cat":[5052],"acf":[],"jetpack_sharing_enabled":true,"_links":{"self":[{"href":"https:\/\/www.ludwig-van.com\/montreal\/wp-json\/wp\/v2\/tribe_events\/77790"}],"collection":[{"href":"https:\/\/www.ludwig-van.com\/montreal\/wp-json\/wp\/v2\/tribe_events"}],"about":[{"href":"https:\/\/www.ludwig-van.com\/montreal\/wp-json\/wp\/v2\/types\/tribe_events"}],"author":[{"embeddable":true,"href":"https:\/\/www.ludwig-van.com\/montreal\/wp-json\/wp\/v2\/users\/1"}],"replies":[{"embeddable":true,"href":"https:\/\/www.ludwig-van.com\/montreal\/wp-json\/wp\/v2\/comments?post=77790"}],"version-history":[{"count":3,"href":"https:\/\/www.ludwig-van.com\/montreal\/wp-json\/wp\/v2\/tribe_events\/77790\/revisions"}],"predecessor-version":[{"id":80065,"href":"https:\/\/www.ludwig-van.com\/montreal\/wp-json\/wp\/v2\/tribe_events\/77790\/revisions\/80065"}],"wp:featuredmedia":[{"embeddable":true,"href":"https:\/\/www.ludwig-van.com\/montreal\/wp-json\/wp\/v2\/media\/77792"}],"wp:attachment":[{"href":"https:\/\/www.ludwig-van.com\/montreal\/wp-json\/wp\/v2\/media?parent=77790"}],"wp:term":[{"taxonomy":"post_tag","embeddable":true,"href":"https:\/\/www.ludwig-van.com\/montreal\/wp-json\/wp\/v2\/tags?post=77790"},{"taxonomy":"tribe_events_cat","embeddable":true,"href":"https:\/\/www.ludwig-van.com\/montreal\/wp-json\/wp\/v2\/tribe_events_cat?post=77790"}],"curies":[{"name":"wp","href":"https:\/\/api.w.org\/{rel}","templated":true}]}}

<div class="two-columns__block rm-child-margin">
<p>Véritable roi des instruments, l’orgue offre aux compositeurs, aux interprètes et au public une infinie palette de couleurs. L’organiste Isabelle Demers, aux commandes des claviers, présente des concertos de Handel et des sinfonias de Bach emblématiques du répertoire. La musique de Telemann et de Fux complète ce programme incontournable.</p>
</div>

<p>Pentaèdre, l’un des quintettes à vent les plus inventifs, se joint aux Violons du Roy, poursuivant une longue et fructueuse amitié.</p>
