{"id":77766,"date":"2023-09-11T15:34:46","date_gmt":"2023-09-11T19:34:46","guid":{"rendered":"https:\/\/www.ludwig-van.com\/montreal\/?post_type=tribe_events&#038;p=77766"},"modified":"2023-09-11T16:37:18","modified_gmt":"2023-09-11T20:37:18","slug":"les-violons-du-roy-romance-la-francaise","status":"publish","type":"tribe_events","link":"https:\/\/www.ludwig-van.com\/montreal\/event\/les-violons-du-roy-romance-la-francaise\/","title":{"rendered":"Arte Musica &#8211; Salle Bourgie | Romance \u00e0 la fran\u00e7aise"},"content":{"rendered":"<p>Pour comm\u00e9morer le 100e anniversaire de la mort de deux des plus expressifs compositeurs fran\u00e7ais, Gabriel Faur\u00e9 et Th\u00e9odore Dubois, l\u2019admirable soprano Florie Valiquette et le brillant pianiste David Jalbert se joignent \u00e0 Nicolas Ellis pour livrer toutes les nuances d\u2019un r\u00e9pertoire d\u2019une profonde humanit\u00e9.<\/p>\n<p>En collaboration avec le Palazzetto Bru Zane &#8211; Centre de musique romantique fran\u00e7aise (Italie)<\/p>\n<p>&nbsp;<\/p>\n","protected":false},"excerpt":{"rendered":"<p>Pour comm\u00e9morer le 100e anniversaire de la mort de deux des plus expressifs compositeurs fran\u00e7ais, Gabriel Faur\u00e9 et Th\u00e9odore Dubois, l\u2019admirable soprano Florie Valiquette et le brillant pianiste David Jalbert se joignent \u00e0 Nicolas Ellis pour livrer toutes les nuances d\u2019un r\u00e9pertoire d\u2019une profonde humanit\u00e9.<\/p>\n","protected":false},"author":1,"featured_media":77767,"comment_status":"open","ping_status":"closed","template":"","meta":{"om_disable_all_campaigns":false,"jetpack_post_was_ever_published":false},"tags":[],"tribe_events_cat":[5052],"acf":[],"jetpack_sharing_enabled":true,"_links":{"self":[{"href":"https:\/\/www.ludwig-van.com\/montreal\/wp-json\/wp\/v2\/tribe_events\/77766"}],"collection":[{"href":"https:\/\/www.ludwig-van.com\/montreal\/wp-json\/wp\/v2\/tribe_events"}],"about":[{"href":"https:\/\/www.ludwig-van.com\/montreal\/wp-json\/wp\/v2\/types\/tribe_events"}],"author":[{"embeddable":true,"href":"https:\/\/www.ludwig-van.com\/montreal\/wp-json\/wp\/v2\/users\/1"}],"replies":[{"embeddable":true,"href":"https:\/\/www.ludwig-van.com\/montreal\/wp-json\/wp\/v2\/comments?post=77766"}],"version-history":[{"count":3,"href":"https:\/\/www.ludwig-van.com\/montreal\/wp-json\/wp\/v2\/tribe_events\/77766\/revisions"}],"predecessor-version":[{"id":77787,"href":"https:\/\/www.ludwig-van.com\/montreal\/wp-json\/wp\/v2\/tribe_events\/77766\/revisions\/77787"}],"wp:featuredmedia":[{"embeddable":true,"href":"https:\/\/www.ludwig-van.com\/montreal\/wp-json\/wp\/v2\/media\/77767"}],"wp:attachment":[{"href":"https:\/\/www.ludwig-van.com\/montreal\/wp-json\/wp\/v2\/media?parent=77766"}],"wp:term":[{"taxonomy":"post_tag","embeddable":true,"href":"https:\/\/www.ludwig-van.com\/montreal\/wp-json\/wp\/v2\/tags?post=77766"},{"taxonomy":"tribe_events_cat","embeddable":true,"href":"https:\/\/www.ludwig-van.com\/montreal\/wp-json\/wp\/v2\/tribe_events_cat?post=77766"}],"curies":[{"name":"wp","href":"https:\/\/api.w.org\/{rel}","templated":true}]}}

Arte Musica &#8211; Salle Bourgie | Romance à la française

<p>Pour commémorer le 100e anniversaire de la mort de deux des plus expressifs compositeurs français, Gabriel Fauré et Théodore Dubois, l’admirable soprano Florie Valiquette et le brillant pianiste David Jalbert se joignent à Nicolas Ellis pour livrer toutes les nuances d’un répertoire d’une profonde humanité.</p>
<p>En collaboration avec le Palazzetto Bru Zane &#8211; Centre de musique romantique française (Italie)</p>
<p>&nbsp;</p>

<p>Pour commémorer le 100e anniversaire de la mort de deux des plus expressifs compositeurs français, Gabriel Fauré et Théodore Dubois, l’admirable soprano Florie Valiquette et le brillant pianiste David Jalbert se joignent à Nicolas Ellis pour livrer toutes les nuances d’un répertoire d’une profonde humanité.</p>
