{"id":77637,"date":"2023-09-05T16:55:31","date_gmt":"2023-09-05T20:55:31","guid":{"rendered":"https:\/\/www.ludwig-van.com\/montreal\/?post_type=tribe_events&#038;p=77637"},"modified":"2023-09-05T16:55:31","modified_gmt":"2023-09-05T20:55:31","slug":"arte-musica-salle-bourgie-jean-rondeau-pianoforte-gradus-ad-parnassum","status":"publish","type":"tribe_events","link":"https:\/\/www.ludwig-van.com\/montreal\/event\/arte-musica-salle-bourgie-jean-rondeau-pianoforte-gradus-ad-parnassum\/","title":{"rendered":"Arte Musica &#8211; Salle Bourgie | Jean Rondeau, pianoforte &#8211; Gradus ad Parnassum"},"content":{"rendered":"<p>L\u2019exceptionnel claveciniste Jean Rondeau d\u00e9laisse son instrument habituel pour le pianoforte dans un programme d\u2019\u0153uvres de ma\u00eetres viennois de la fin du XVIIIe si\u00e8cle, compl\u00e9t\u00e9 par quelques \u00e9tudes du recueil p\u00e9dagogique Gradus ad Parnassum de Muzio Clementi.<\/p>\n<p>&nbsp;<\/p>\n","protected":false},"excerpt":{"rendered":"<p>L\u2019exceptionnel claveciniste Jean Rondeau d\u00e9laisse son instrument habituel pour le pianoforte dans un programme d\u2019\u0153uvres de ma\u00eetres viennois de la fin du XVIIIe si\u00e8cle, compl\u00e9t\u00e9 par quelques \u00e9tudes du recueil p\u00e9dagogique Gradus ad Parnassum de Muzio Clementi.<\/p>\n","protected":false},"author":1,"featured_media":77639,"comment_status":"open","ping_status":"closed","template":"","meta":{"om_disable_all_campaigns":false,"jetpack_post_was_ever_published":false},"tags":[],"tribe_events_cat":[5052],"acf":[],"jetpack_sharing_enabled":true,"_links":{"self":[{"href":"https:\/\/www.ludwig-van.com\/montreal\/wp-json\/wp\/v2\/tribe_events\/77637"}],"collection":[{"href":"https:\/\/www.ludwig-van.com\/montreal\/wp-json\/wp\/v2\/tribe_events"}],"about":[{"href":"https:\/\/www.ludwig-van.com\/montreal\/wp-json\/wp\/v2\/types\/tribe_events"}],"author":[{"embeddable":true,"href":"https:\/\/www.ludwig-van.com\/montreal\/wp-json\/wp\/v2\/users\/1"}],"replies":[{"embeddable":true,"href":"https:\/\/www.ludwig-van.com\/montreal\/wp-json\/wp\/v2\/comments?post=77637"}],"version-history":[{"count":1,"href":"https:\/\/www.ludwig-van.com\/montreal\/wp-json\/wp\/v2\/tribe_events\/77637\/revisions"}],"predecessor-version":[{"id":77638,"href":"https:\/\/www.ludwig-van.com\/montreal\/wp-json\/wp\/v2\/tribe_events\/77637\/revisions\/77638"}],"wp:featuredmedia":[{"embeddable":true,"href":"https:\/\/www.ludwig-van.com\/montreal\/wp-json\/wp\/v2\/media\/77639"}],"wp:attachment":[{"href":"https:\/\/www.ludwig-van.com\/montreal\/wp-json\/wp\/v2\/media?parent=77637"}],"wp:term":[{"taxonomy":"post_tag","embeddable":true,"href":"https:\/\/www.ludwig-van.com\/montreal\/wp-json\/wp\/v2\/tags?post=77637"},{"taxonomy":"tribe_events_cat","embeddable":true,"href":"https:\/\/www.ludwig-van.com\/montreal\/wp-json\/wp\/v2\/tribe_events_cat?post=77637"}],"curies":[{"name":"wp","href":"https:\/\/api.w.org\/{rel}","templated":true}]}}

<p>L’exceptionnel claveciniste Jean Rondeau délaisse son instrument habituel pour le pianoforte dans un programme d’œuvres de maîtres viennois de la fin du XVIIIe siècle, complété par quelques études du recueil pédagogique Gradus ad Parnassum de Muzio Clementi.</p>
<p>&nbsp;</p>

<p>L’exceptionnel claveciniste Jean Rondeau délaisse son instrument habituel pour le pianoforte dans un programme d’œuvres de maîtres viennois de la fin du XVIIIe siècle, complété par quelques études du recueil pédagogique Gradus ad Parnassum de Muzio Clementi.</p>
