{"id":77619,"date":"2023-08-27T18:26:01","date_gmt":"2023-08-27T22:26:01","guid":{"rendered":"https:\/\/www.ludwig-van.com\/montreal\/?post_type=tribe_events&#038;p=77619"},"modified":"2023-08-27T18:26:01","modified_gmt":"2023-08-27T22:26:01","slug":"arte-musica-salle-bourgie-gordon-bintner-baryton-basse-michael-mcmahon-piano","status":"publish","type":"tribe_events","link":"https:\/\/www.ludwig-van.com\/montreal\/event\/arte-musica-salle-bourgie-gordon-bintner-baryton-basse-michael-mcmahon-piano\/","title":{"rendered":"Arte Musica \u2013 Salle Bourgie | Gordon Bintner, baryton-basse &#038; Michael McMahon, piano"},"content":{"rendered":"<p>Le renomm\u00e9 baryton-basse canadien Gordon Bintner, qui m\u00e8ne une carri\u00e8re florissante ici comme \u00e0 l\u2019\u00e9tranger, et le pianiste Michael McMahon proposent une soir\u00e9e de lieder romantiques et de m\u00e9lodies fran\u00e7aises et anglaises du XXe si\u00e8cle.<\/p>\n<p>Un\u00b7e artiste de la rel\u00e8ve donnera une prestation d\u2019une dur\u00e9e de 15 minutes au d\u00e9but du concert.<\/p>\n<h1 class=\"text-taller text-huge-from-xs text-huger-from-md line-height-tighter font-weight-bold\"><\/h1>\n","protected":false},"excerpt":{"rendered":"<p>Le renomm\u00e9 baryton-basse canadien Gordon Bintner, qui m\u00e8ne une carri\u00e8re florissante ici comme \u00e0 l\u2019\u00e9tranger, et le pianiste Michael McMahon proposent une soir\u00e9e de lieder romantiques et de m\u00e9lodies fran\u00e7aises et anglaises du XXe si\u00e8cle.<\/p>\n","protected":false},"author":1,"featured_media":77621,"comment_status":"open","ping_status":"closed","template":"","meta":{"om_disable_all_campaigns":false,"jetpack_post_was_ever_published":false},"tags":[],"tribe_events_cat":[5050],"acf":[],"jetpack_sharing_enabled":true,"_links":{"self":[{"href":"https:\/\/www.ludwig-van.com\/montreal\/wp-json\/wp\/v2\/tribe_events\/77619"}],"collection":[{"href":"https:\/\/www.ludwig-van.com\/montreal\/wp-json\/wp\/v2\/tribe_events"}],"about":[{"href":"https:\/\/www.ludwig-van.com\/montreal\/wp-json\/wp\/v2\/types\/tribe_events"}],"author":[{"embeddable":true,"href":"https:\/\/www.ludwig-van.com\/montreal\/wp-json\/wp\/v2\/users\/1"}],"replies":[{"embeddable":true,"href":"https:\/\/www.ludwig-van.com\/montreal\/wp-json\/wp\/v2\/comments?post=77619"}],"version-history":[{"count":1,"href":"https:\/\/www.ludwig-van.com\/montreal\/wp-json\/wp\/v2\/tribe_events\/77619\/revisions"}],"predecessor-version":[{"id":77620,"href":"https:\/\/www.ludwig-van.com\/montreal\/wp-json\/wp\/v2\/tribe_events\/77619\/revisions\/77620"}],"wp:featuredmedia":[{"embeddable":true,"href":"https:\/\/www.ludwig-van.com\/montreal\/wp-json\/wp\/v2\/media\/77621"}],"wp:attachment":[{"href":"https:\/\/www.ludwig-van.com\/montreal\/wp-json\/wp\/v2\/media?parent=77619"}],"wp:term":[{"taxonomy":"post_tag","embeddable":true,"href":"https:\/\/www.ludwig-van.com\/montreal\/wp-json\/wp\/v2\/tags?post=77619"},{"taxonomy":"tribe_events_cat","embeddable":true,"href":"https:\/\/www.ludwig-van.com\/montreal\/wp-json\/wp\/v2\/tribe_events_cat?post=77619"}],"curies":[{"name":"wp","href":"https:\/\/api.w.org\/{rel}","templated":true}]}}

<p>Le renommé baryton-basse canadien Gordon Bintner, qui mène une carrière florissante ici comme à l’étranger, et le pianiste Michael McMahon proposent une soirée de lieder romantiques et de mélodies françaises et anglaises du XXe siècle.</p>
<p>Un·e artiste de la relève donnera une prestation d’une durée de 15 minutes au début du concert.</p>
<h1 class="text-taller text-huge-from-xs text-huger-from-md line-height-tighter font-weight-bold"></h1>

<p>Le renommé baryton-basse canadien Gordon Bintner, qui mène une carrière florissante ici comme à l’étranger, et le pianiste Michael McMahon proposent une soirée de lieder romantiques et de mélodies françaises et anglaises du XXe siècle.</p>
