{"id":77613,"date":"2023-08-27T18:05:13","date_gmt":"2023-08-27T22:05:13","guid":{"rendered":"https:\/\/www.ludwig-van.com\/montreal\/?post_type=tribe_events&#038;p=77613"},"modified":"2023-08-27T18:05:13","modified_gmt":"2023-08-27T22:05:13","slug":"arte-musica-salle-bourgie-llyr-williams-piano","status":"publish","type":"tribe_events","link":"https:\/\/www.ludwig-van.com\/montreal\/event\/arte-musica-salle-bourgie-llyr-williams-piano\/","title":{"rendered":"Arte Musica \u2013 Salle Bourgie | Llyr Williams, piano"},"content":{"rendered":"<p><strong>Pianiste d&rsquo;exception<\/strong><\/p>\n<p>Apr\u00e8s deux pr\u00e9sences remarqu\u00e9es \u00e0 la Salle Bourgie, le virtuose gallois revient avec un programme pr\u00e9sentant de grandes pages de la litt\u00e9rature du piano inspir\u00e9es des traditions musicales de divers pays d&rsquo;Europe.<\/p>\n","protected":false},"excerpt":{"rendered":"<p>Apr\u00e8s deux pr\u00e9sences remarqu\u00e9es \u00e0 la Salle Bourgie, le virtuose gallois revient avec un programme pr\u00e9sentant de grandes pages de la litt\u00e9rature du piano inspir\u00e9es des traditions musicales de divers pays d&rsquo;Europe.<\/p>\n","protected":false},"author":1,"featured_media":77615,"comment_status":"open","ping_status":"closed","template":"","meta":{"om_disable_all_campaigns":false,"jetpack_post_was_ever_published":false},"tags":[],"tribe_events_cat":[5024],"acf":[],"jetpack_sharing_enabled":true,"_links":{"self":[{"href":"https:\/\/www.ludwig-van.com\/montreal\/wp-json\/wp\/v2\/tribe_events\/77613"}],"collection":[{"href":"https:\/\/www.ludwig-van.com\/montreal\/wp-json\/wp\/v2\/tribe_events"}],"about":[{"href":"https:\/\/www.ludwig-van.com\/montreal\/wp-json\/wp\/v2\/types\/tribe_events"}],"author":[{"embeddable":true,"href":"https:\/\/www.ludwig-van.com\/montreal\/wp-json\/wp\/v2\/users\/1"}],"replies":[{"embeddable":true,"href":"https:\/\/www.ludwig-van.com\/montreal\/wp-json\/wp\/v2\/comments?post=77613"}],"version-history":[{"count":1,"href":"https:\/\/www.ludwig-van.com\/montreal\/wp-json\/wp\/v2\/tribe_events\/77613\/revisions"}],"predecessor-version":[{"id":77614,"href":"https:\/\/www.ludwig-van.com\/montreal\/wp-json\/wp\/v2\/tribe_events\/77613\/revisions\/77614"}],"wp:featuredmedia":[{"embeddable":true,"href":"https:\/\/www.ludwig-van.com\/montreal\/wp-json\/wp\/v2\/media\/77615"}],"wp:attachment":[{"href":"https:\/\/www.ludwig-van.com\/montreal\/wp-json\/wp\/v2\/media?parent=77613"}],"wp:term":[{"taxonomy":"post_tag","embeddable":true,"href":"https:\/\/www.ludwig-van.com\/montreal\/wp-json\/wp\/v2\/tags?post=77613"},{"taxonomy":"tribe_events_cat","embeddable":true,"href":"https:\/\/www.ludwig-van.com\/montreal\/wp-json\/wp\/v2\/tribe_events_cat?post=77613"}],"curies":[{"name":"wp","href":"https:\/\/api.w.org\/{rel}","templated":true}]}}

<p><strong>Pianiste d&rsquo;exception</strong></p>
<p>Après deux présences remarquées à la Salle Bourgie, le virtuose gallois revient avec un programme présentant de grandes pages de la littérature du piano inspirées des traditions musicales de divers pays d&rsquo;Europe.</p>

<p>Après deux présences remarquées à la Salle Bourgie, le virtuose gallois revient avec un programme présentant de grandes pages de la littérature du piano inspirées des traditions musicales de divers pays d&rsquo;Europe.</p>
