{"id":77610,"date":"2023-08-27T17:50:22","date_gmt":"2023-08-27T21:50:22","guid":{"rendered":"https:\/\/www.ludwig-van.com\/montreal\/?post_type=tribe_events&#038;p=77610"},"modified":"2023-08-27T17:50:22","modified_gmt":"2023-08-27T21:50:22","slug":"arte-musica-salle-bourgie-festival-ligeti-concert-3","status":"publish","type":"tribe_events","link":"https:\/\/www.ludwig-van.com\/montreal\/event\/arte-musica-salle-bourgie-festival-ligeti-concert-3\/","title":{"rendered":"Arte Musica \u2013 Salle Bourgie | Festival Ligeti &#8211; Concert 3"},"content":{"rendered":"<div class=\"margin-bottom-broad display-none-to-md\">\n<div class=\"text-short text-current-from-xs line-height-tighter color-main-text-lighter margin-top-thinnest\"><strong>Festival Ligeti<\/strong><\/div>\n<\/div>\n<div class=\"max-width-tinier js-algolia-primary-text\">\n<p class=\"text-short text-current-from-xs line-height-tight line-height-normal-from-xs\">Interpr\u00e8te hors pair de la musique de notre temps, Pierre-Laurent Aimard montre la fa\u00e7on dont Ligeti ouvre de nouveaux horizons avec sa\u00a0<em>Musica ricercata<\/em>\u00a0et ses \u00e9tudes, en maintenant le lien avec ses grands pr\u00e9d\u00e9cesseurs.<\/p>\n<\/div>\n","protected":false},"excerpt":{"rendered":"<p>Interpr\u00e8te hors pair de la musique de notre temps, Pierre-Laurent Aimard montre la fa\u00e7on dont Ligeti ouvre de nouveaux horizons avec sa\u00a0Musica ricercata\u00a0et ses \u00e9tudes, en maintenant le lien avec ses grands pr\u00e9d\u00e9cesseurs.<\/p>\n","protected":false},"author":1,"featured_media":77612,"comment_status":"open","ping_status":"closed","template":"","meta":{"om_disable_all_campaigns":false,"jetpack_post_was_ever_published":false},"tags":[],"tribe_events_cat":[6487],"acf":[],"jetpack_sharing_enabled":true,"_links":{"self":[{"href":"https:\/\/www.ludwig-van.com\/montreal\/wp-json\/wp\/v2\/tribe_events\/77610"}],"collection":[{"href":"https:\/\/www.ludwig-van.com\/montreal\/wp-json\/wp\/v2\/tribe_events"}],"about":[{"href":"https:\/\/www.ludwig-van.com\/montreal\/wp-json\/wp\/v2\/types\/tribe_events"}],"author":[{"embeddable":true,"href":"https:\/\/www.ludwig-van.com\/montreal\/wp-json\/wp\/v2\/users\/1"}],"replies":[{"embeddable":true,"href":"https:\/\/www.ludwig-van.com\/montreal\/wp-json\/wp\/v2\/comments?post=77610"}],"version-history":[{"count":1,"href":"https:\/\/www.ludwig-van.com\/montreal\/wp-json\/wp\/v2\/tribe_events\/77610\/revisions"}],"predecessor-version":[{"id":77611,"href":"https:\/\/www.ludwig-van.com\/montreal\/wp-json\/wp\/v2\/tribe_events\/77610\/revisions\/77611"}],"wp:featuredmedia":[{"embeddable":true,"href":"https:\/\/www.ludwig-van.com\/montreal\/wp-json\/wp\/v2\/media\/77612"}],"wp:attachment":[{"href":"https:\/\/www.ludwig-van.com\/montreal\/wp-json\/wp\/v2\/media?parent=77610"}],"wp:term":[{"taxonomy":"post_tag","embeddable":true,"href":"https:\/\/www.ludwig-van.com\/montreal\/wp-json\/wp\/v2\/tags?post=77610"},{"taxonomy":"tribe_events_cat","embeddable":true,"href":"https:\/\/www.ludwig-van.com\/montreal\/wp-json\/wp\/v2\/tribe_events_cat?post=77610"}],"curies":[{"name":"wp","href":"https:\/\/api.w.org\/{rel}","templated":true}]}}

<div class="margin-bottom-broad display-none-to-md">
<div class="text-short text-current-from-xs line-height-tighter color-main-text-lighter margin-top-thinnest"><strong>Festival Ligeti</strong></div>
</div>
<div class="max-width-tinier js-algolia-primary-text">
<p class="text-short text-current-from-xs line-height-tight line-height-normal-from-xs">Interprète hors pair de la musique de notre temps, Pierre-Laurent Aimard montre la façon dont Ligeti ouvre de nouveaux horizons avec sa <em>Musica ricercata</em> et ses études, en maintenant le lien avec ses grands prédécesseurs.</p>
</div>

<p>Interprète hors pair de la musique de notre temps, Pierre-Laurent Aimard montre la façon dont Ligeti ouvre de nouveaux horizons avec sa Musica ricercata et ses études, en maintenant le lien avec ses grands prédécesseurs.</p>
