{"id":77601,"date":"2023-08-27T17:18:16","date_gmt":"2023-08-27T21:18:16","guid":{"rendered":"https:\/\/www.ludwig-van.com\/montreal\/?post_type=tribe_events&#038;p=77601"},"modified":"2023-09-11T16:26:27","modified_gmt":"2023-09-11T20:26:27","slug":"arte-musica-salle-bourgie-le-labyrinthe-du-diable","status":"publish","type":"tribe_events","link":"https:\/\/www.ludwig-van.com\/montreal\/event\/arte-musica-salle-bourgie-le-labyrinthe-du-diable\/","title":{"rendered":"Arte Musica \u2013 Salle Bourgie | Le labyrinthe du diable"},"content":{"rendered":"<p>La complicit\u00e9 entre Kerson Leong, Nicolas Ellis et Les Violons du Roy se poursuit, cette fois autour de concertos baroques de grands ma\u00eetres italiens \u00e0 l\u2019imagination \u00e9tonnante et \u00e0 la virtuosit\u00e9 fulgurante.<\/p>\n","protected":false},"excerpt":{"rendered":"<p>La complicit\u00e9 entre Kerson Leong, Nicolas Ellis et Les Violons du Roy se poursuit, cette fois autour de concertos baroques de grands ma\u00eetres italiens \u00e0 l\u2019imagination \u00e9tonnante et \u00e0 la virtuosit\u00e9 fulgurante.<\/p>\n","protected":false},"author":1,"featured_media":77785,"comment_status":"open","ping_status":"closed","template":"","meta":{"om_disable_all_campaigns":false,"jetpack_post_was_ever_published":false},"tags":[],"tribe_events_cat":[5052],"acf":[],"jetpack_sharing_enabled":true,"_links":{"self":[{"href":"https:\/\/www.ludwig-van.com\/montreal\/wp-json\/wp\/v2\/tribe_events\/77601"}],"collection":[{"href":"https:\/\/www.ludwig-van.com\/montreal\/wp-json\/wp\/v2\/tribe_events"}],"about":[{"href":"https:\/\/www.ludwig-van.com\/montreal\/wp-json\/wp\/v2\/types\/tribe_events"}],"author":[{"embeddable":true,"href":"https:\/\/www.ludwig-van.com\/montreal\/wp-json\/wp\/v2\/users\/1"}],"replies":[{"embeddable":true,"href":"https:\/\/www.ludwig-van.com\/montreal\/wp-json\/wp\/v2\/comments?post=77601"}],"version-history":[{"count":1,"href":"https:\/\/www.ludwig-van.com\/montreal\/wp-json\/wp\/v2\/tribe_events\/77601\/revisions"}],"predecessor-version":[{"id":77602,"href":"https:\/\/www.ludwig-van.com\/montreal\/wp-json\/wp\/v2\/tribe_events\/77601\/revisions\/77602"}],"wp:featuredmedia":[{"embeddable":true,"href":"https:\/\/www.ludwig-van.com\/montreal\/wp-json\/wp\/v2\/media\/77785"}],"wp:attachment":[{"href":"https:\/\/www.ludwig-van.com\/montreal\/wp-json\/wp\/v2\/media?parent=77601"}],"wp:term":[{"taxonomy":"post_tag","embeddable":true,"href":"https:\/\/www.ludwig-van.com\/montreal\/wp-json\/wp\/v2\/tags?post=77601"},{"taxonomy":"tribe_events_cat","embeddable":true,"href":"https:\/\/www.ludwig-van.com\/montreal\/wp-json\/wp\/v2\/tribe_events_cat?post=77601"}],"curies":[{"name":"wp","href":"https:\/\/api.w.org\/{rel}","templated":true}]}}

<p>La complicité entre Kerson Leong, Nicolas Ellis et Les Violons du Roy se poursuit, cette fois autour de concertos baroques de grands maîtres italiens à l’imagination étonnante et à la virtuosité fulgurante.</p>
