{"id":77597,"date":"2023-08-27T17:06:53","date_gmt":"2023-08-27T21:06:53","guid":{"rendered":"https:\/\/www.ludwig-van.com\/montreal\/?post_type=tribe_events&#038;p=77597"},"modified":"2023-08-27T17:06:53","modified_gmt":"2023-08-27T21:06:53","slug":"arte-musica-salle-bourgie-christian-blackshaw-piano-integrale-des-sonates-pour-piano-de-mozart","status":"publish","type":"tribe_events","link":"https:\/\/www.ludwig-van.com\/montreal\/event\/arte-musica-salle-bourgie-christian-blackshaw-piano-integrale-des-sonates-pour-piano-de-mozart\/","title":{"rendered":"Arte Musica \u2013 Salle Bourgie | Christian Blackshaw, piano &#8211; Int\u00e9grale des sonates pour piano de Mozart"},"content":{"rendered":"<p>L\u2019int\u00e9grale des Sonates pour piano de Mozart \u00e0 la Salle Bourgie se poursuit ! Ce cinqui\u00e8me et dernier r\u00e9cital pr\u00e9sentera quatre \u0153uvres lumineuses du ma\u00eetre du Classicisme, dont la c\u00e9l\u00e8bre sonate \u00ab Alla turca \u00bb.<\/p>\n","protected":false},"excerpt":{"rendered":"<p>L\u2019int\u00e9grale des Sonates pour piano de Mozart \u00e0 la Salle Bourgie se poursuit ! Ce cinqui\u00e8me et dernier r\u00e9cital pr\u00e9sentera quatre \u0153uvres lumineuses du ma\u00eetre du Classicisme, dont la c\u00e9l\u00e8bre sonate \u00ab Alla turca \u00bb.<\/p>\n","protected":false},"author":1,"featured_media":77599,"comment_status":"open","ping_status":"closed","template":"","meta":{"om_disable_all_campaigns":false,"jetpack_post_was_ever_published":false},"tags":[],"tribe_events_cat":[5024],"acf":[],"jetpack_sharing_enabled":true,"_links":{"self":[{"href":"https:\/\/www.ludwig-van.com\/montreal\/wp-json\/wp\/v2\/tribe_events\/77597"}],"collection":[{"href":"https:\/\/www.ludwig-van.com\/montreal\/wp-json\/wp\/v2\/tribe_events"}],"about":[{"href":"https:\/\/www.ludwig-van.com\/montreal\/wp-json\/wp\/v2\/types\/tribe_events"}],"author":[{"embeddable":true,"href":"https:\/\/www.ludwig-van.com\/montreal\/wp-json\/wp\/v2\/users\/1"}],"replies":[{"embeddable":true,"href":"https:\/\/www.ludwig-van.com\/montreal\/wp-json\/wp\/v2\/comments?post=77597"}],"version-history":[{"count":1,"href":"https:\/\/www.ludwig-van.com\/montreal\/wp-json\/wp\/v2\/tribe_events\/77597\/revisions"}],"predecessor-version":[{"id":77598,"href":"https:\/\/www.ludwig-van.com\/montreal\/wp-json\/wp\/v2\/tribe_events\/77597\/revisions\/77598"}],"wp:featuredmedia":[{"embeddable":true,"href":"https:\/\/www.ludwig-van.com\/montreal\/wp-json\/wp\/v2\/media\/77599"}],"wp:attachment":[{"href":"https:\/\/www.ludwig-van.com\/montreal\/wp-json\/wp\/v2\/media?parent=77597"}],"wp:term":[{"taxonomy":"post_tag","embeddable":true,"href":"https:\/\/www.ludwig-van.com\/montreal\/wp-json\/wp\/v2\/tags?post=77597"},{"taxonomy":"tribe_events_cat","embeddable":true,"href":"https:\/\/www.ludwig-van.com\/montreal\/wp-json\/wp\/v2\/tribe_events_cat?post=77597"}],"curies":[{"name":"wp","href":"https:\/\/api.w.org\/{rel}","templated":true}]}}

Arte Musica – Salle Bourgie | Christian Blackshaw, piano &#8211; Intégrale des sonates pour piano de Mozart

<p>L’intégrale des Sonates pour piano de Mozart à la Salle Bourgie se poursuit ! Ce cinquième et dernier récital présentera quatre œuvres lumineuses du maître du Classicisme, dont la célèbre sonate « Alla turca ».</p>
