{"id":77502,"date":"2023-08-22T11:38:42","date_gmt":"2023-08-22T15:38:42","guid":{"rendered":"https:\/\/www.ludwig-van.com\/montreal\/?post_type=tribe_events&#038;p=77502"},"modified":"2023-08-22T11:38:42","modified_gmt":"2023-08-22T15:38:42","slug":"arte-musica-salle-bourgie-soraya-benitez-sin-frontera","status":"publish","type":"tribe_events","link":"https:\/\/www.ludwig-van.com\/montreal\/event\/arte-musica-salle-bourgie-soraya-benitez-sin-frontera\/","title":{"rendered":"Arte Musica &#8211; Salle Bourgie | Soraya Benitez &#8211; Sin frontera"},"content":{"rendered":"<p>La grande chanteuse Soraya Benitez et un ensemble d&rsquo;artistes remarquables dressent un portrait de la musique v\u00e9n\u00e9zu\u00e9lienne, en parall\u00e8le \u00e0 la trajectoire de l&rsquo;artiste Marisol.<\/p>\n<p>En lien avec l\u2019exposition Marisol : une r\u00e9trospective<\/p>\n<p>&nbsp;<\/p>\n","protected":false},"excerpt":{"rendered":"<p>La grande chanteuse Soraya Benitez et un ensemble d&rsquo;artistes remarquables dressent un portrait de la musique v\u00e9n\u00e9zu\u00e9lienne, en parall\u00e8le \u00e0 la trajectoire de l&rsquo;artiste Marisol.<\/p>\n","protected":false},"author":1,"featured_media":77504,"comment_status":"open","ping_status":"closed","template":"","meta":{"om_disable_all_campaigns":false,"jetpack_post_was_ever_published":false},"tags":[],"tribe_events_cat":[5563],"acf":[],"jetpack_sharing_enabled":true,"_links":{"self":[{"href":"https:\/\/www.ludwig-van.com\/montreal\/wp-json\/wp\/v2\/tribe_events\/77502"}],"collection":[{"href":"https:\/\/www.ludwig-van.com\/montreal\/wp-json\/wp\/v2\/tribe_events"}],"about":[{"href":"https:\/\/www.ludwig-van.com\/montreal\/wp-json\/wp\/v2\/types\/tribe_events"}],"author":[{"embeddable":true,"href":"https:\/\/www.ludwig-van.com\/montreal\/wp-json\/wp\/v2\/users\/1"}],"replies":[{"embeddable":true,"href":"https:\/\/www.ludwig-van.com\/montreal\/wp-json\/wp\/v2\/comments?post=77502"}],"version-history":[{"count":1,"href":"https:\/\/www.ludwig-van.com\/montreal\/wp-json\/wp\/v2\/tribe_events\/77502\/revisions"}],"predecessor-version":[{"id":77503,"href":"https:\/\/www.ludwig-van.com\/montreal\/wp-json\/wp\/v2\/tribe_events\/77502\/revisions\/77503"}],"wp:featuredmedia":[{"embeddable":true,"href":"https:\/\/www.ludwig-van.com\/montreal\/wp-json\/wp\/v2\/media\/77504"}],"wp:attachment":[{"href":"https:\/\/www.ludwig-van.com\/montreal\/wp-json\/wp\/v2\/media?parent=77502"}],"wp:term":[{"taxonomy":"post_tag","embeddable":true,"href":"https:\/\/www.ludwig-van.com\/montreal\/wp-json\/wp\/v2\/tags?post=77502"},{"taxonomy":"tribe_events_cat","embeddable":true,"href":"https:\/\/www.ludwig-van.com\/montreal\/wp-json\/wp\/v2\/tribe_events_cat?post=77502"}],"curies":[{"name":"wp","href":"https:\/\/api.w.org\/{rel}","templated":true}]}}

<p>La grande chanteuse Soraya Benitez et un ensemble d&rsquo;artistes remarquables dressent un portrait de la musique vénézuélienne, en parallèle à la trajectoire de l&rsquo;artiste Marisol.</p>
<p>En lien avec l’exposition Marisol : une rétrospective</p>
<p>&nbsp;</p>

<p>La grande chanteuse Soraya Benitez et un ensemble d&rsquo;artistes remarquables dressent un portrait de la musique vénézuélienne, en parallèle à la trajectoire de l&rsquo;artiste Marisol.</p>
