{"id":77499,"date":"2023-08-22T11:28:06","date_gmt":"2023-08-22T15:28:06","guid":{"rendered":"https:\/\/www.ludwig-van.com\/montreal\/?post_type=tribe_events&#038;p=77499"},"modified":"2023-08-22T11:28:06","modified_gmt":"2023-08-22T15:28:06","slug":"arte-musica-salle-bourgie-ensemble-variances-france-paramirabo-pulse","status":"publish","type":"tribe_events","link":"https:\/\/www.ludwig-van.com\/montreal\/event\/arte-musica-salle-bourgie-ensemble-variances-france-paramirabo-pulse\/","title":{"rendered":"Arte Musica &#8211; Salle Bourgie | Ensemble Variances (France) &#038; Paramirabo &#8211; Pulse"},"content":{"rendered":"<p>La pulsation, \u00e0 la fois rythme musical et signe de vie, est le fil conducteur de ce concert. Des oeuvres \u00e9voquant les d\u00e9fis actuels de l\u2019humanit\u00e9 font \u00e9cho \u00e0 une musique construite sur une figure rythmique enivrante.<\/p>\n","protected":false},"excerpt":{"rendered":"<p>La pulsation, \u00e0 la fois rythme musical et signe de vie, est le fil conducteur de ce concert.<\/p>\n","protected":false},"author":1,"featured_media":77501,"comment_status":"open","ping_status":"closed","template":"","meta":{"om_disable_all_campaigns":false,"jetpack_post_was_ever_published":false},"tags":[],"tribe_events_cat":[5327],"acf":[],"jetpack_sharing_enabled":true,"_links":{"self":[{"href":"https:\/\/www.ludwig-van.com\/montreal\/wp-json\/wp\/v2\/tribe_events\/77499"}],"collection":[{"href":"https:\/\/www.ludwig-van.com\/montreal\/wp-json\/wp\/v2\/tribe_events"}],"about":[{"href":"https:\/\/www.ludwig-van.com\/montreal\/wp-json\/wp\/v2\/types\/tribe_events"}],"author":[{"embeddable":true,"href":"https:\/\/www.ludwig-van.com\/montreal\/wp-json\/wp\/v2\/users\/1"}],"replies":[{"embeddable":true,"href":"https:\/\/www.ludwig-van.com\/montreal\/wp-json\/wp\/v2\/comments?post=77499"}],"version-history":[{"count":1,"href":"https:\/\/www.ludwig-van.com\/montreal\/wp-json\/wp\/v2\/tribe_events\/77499\/revisions"}],"predecessor-version":[{"id":77500,"href":"https:\/\/www.ludwig-van.com\/montreal\/wp-json\/wp\/v2\/tribe_events\/77499\/revisions\/77500"}],"wp:featuredmedia":[{"embeddable":true,"href":"https:\/\/www.ludwig-van.com\/montreal\/wp-json\/wp\/v2\/media\/77501"}],"wp:attachment":[{"href":"https:\/\/www.ludwig-van.com\/montreal\/wp-json\/wp\/v2\/media?parent=77499"}],"wp:term":[{"taxonomy":"post_tag","embeddable":true,"href":"https:\/\/www.ludwig-van.com\/montreal\/wp-json\/wp\/v2\/tags?post=77499"},{"taxonomy":"tribe_events_cat","embeddable":true,"href":"https:\/\/www.ludwig-van.com\/montreal\/wp-json\/wp\/v2\/tribe_events_cat?post=77499"}],"curies":[{"name":"wp","href":"https:\/\/api.w.org\/{rel}","templated":true}]}}

<p>La pulsation, à la fois rythme musical et signe de vie, est le fil conducteur de ce concert. Des oeuvres évoquant les défis actuels de l’humanité font écho à une musique construite sur une figure rythmique enivrante.</p>

<p>La pulsation, à la fois rythme musical et signe de vie, est le fil conducteur de ce concert.</p>
