{"id":77489,"date":"2023-08-22T10:56:22","date_gmt":"2023-08-22T14:56:22","guid":{"rendered":"https:\/\/www.ludwig-van.com\/montreal\/?post_type=tribe_events&#038;p=77489"},"modified":"2023-08-22T10:56:22","modified_gmt":"2023-08-22T14:56:22","slug":"arte-musica-salle-bourgie-davone-tines-baryton-basse-john-bitoy-piano-mass","status":"publish","type":"tribe_events","link":"https:\/\/www.ludwig-van.com\/montreal\/event\/arte-musica-salle-bourgie-davone-tines-baryton-basse-john-bitoy-piano-mass\/","title":{"rendered":"Arte Musica &#8211; Salle Bourgie | Dav\u00f3ne Tines, baryton-basse &#038; John Bitoy, piano &#8211; Mass"},"content":{"rendered":"<p>Ce concert transforme la messe traditionnelle en une qu\u00eate spirituelle, mettant en relief notre cheminement collectif en tant qu\u2019\u00eatres humains. Il rapproche des musiques de confessions europ\u00e9ennes ou afro-am\u00e9ricaines de celles du XXIe si\u00e8cle issues de diverses cultures et courants esth\u00e9tiques.<\/p>\n<p>&nbsp;<\/p>\n","protected":false},"excerpt":{"rendered":"<p>Ce concert transforme la messe traditionnelle en une qu\u00eate spirituelle, mettant en relief notre cheminement collectif en tant qu\u2019\u00eatres humains.<\/p>\n","protected":false},"author":1,"featured_media":77491,"comment_status":"open","ping_status":"closed","template":"","meta":{"om_disable_all_campaigns":false,"jetpack_post_was_ever_published":false},"tags":[],"tribe_events_cat":[5050],"acf":[],"jetpack_sharing_enabled":true,"_links":{"self":[{"href":"https:\/\/www.ludwig-van.com\/montreal\/wp-json\/wp\/v2\/tribe_events\/77489"}],"collection":[{"href":"https:\/\/www.ludwig-van.com\/montreal\/wp-json\/wp\/v2\/tribe_events"}],"about":[{"href":"https:\/\/www.ludwig-van.com\/montreal\/wp-json\/wp\/v2\/types\/tribe_events"}],"author":[{"embeddable":true,"href":"https:\/\/www.ludwig-van.com\/montreal\/wp-json\/wp\/v2\/users\/1"}],"replies":[{"embeddable":true,"href":"https:\/\/www.ludwig-van.com\/montreal\/wp-json\/wp\/v2\/comments?post=77489"}],"version-history":[{"count":1,"href":"https:\/\/www.ludwig-van.com\/montreal\/wp-json\/wp\/v2\/tribe_events\/77489\/revisions"}],"predecessor-version":[{"id":77490,"href":"https:\/\/www.ludwig-van.com\/montreal\/wp-json\/wp\/v2\/tribe_events\/77489\/revisions\/77490"}],"wp:featuredmedia":[{"embeddable":true,"href":"https:\/\/www.ludwig-van.com\/montreal\/wp-json\/wp\/v2\/media\/77491"}],"wp:attachment":[{"href":"https:\/\/www.ludwig-van.com\/montreal\/wp-json\/wp\/v2\/media?parent=77489"}],"wp:term":[{"taxonomy":"post_tag","embeddable":true,"href":"https:\/\/www.ludwig-van.com\/montreal\/wp-json\/wp\/v2\/tags?post=77489"},{"taxonomy":"tribe_events_cat","embeddable":true,"href":"https:\/\/www.ludwig-van.com\/montreal\/wp-json\/wp\/v2\/tribe_events_cat?post=77489"}],"curies":[{"name":"wp","href":"https:\/\/api.w.org\/{rel}","templated":true}]}}

Arte Musica &#8211; Salle Bourgie | Davóne Tines, baryton-basse &#038; John Bitoy, piano &#8211; Mass

<p>Ce concert transforme la messe traditionnelle en une quête spirituelle, mettant en relief notre cheminement collectif en tant qu’êtres humains. Il rapproche des musiques de confessions européennes ou afro-américaines de celles du XXIe siècle issues de diverses cultures et courants esthétiques.</p>
<p>&nbsp;</p>

<p>Ce concert transforme la messe traditionnelle en une quête spirituelle, mettant en relief notre cheminement collectif en tant qu’êtres humains.</p>
