{"id":77486,"date":"2023-08-22T10:21:59","date_gmt":"2023-08-22T14:21:59","guid":{"rendered":"https:\/\/www.ludwig-van.com\/montreal\/?post_type=tribe_events&#038;p=77486"},"modified":"2023-08-22T10:21:59","modified_gmt":"2023-08-22T14:21:59","slug":"arte-musica-salle-bourgie-avi-avital-mandoline-hanzhi-wang-accordeon","status":"publish","type":"tribe_events","link":"https:\/\/www.ludwig-van.com\/montreal\/event\/arte-musica-salle-bourgie-avi-avital-mandoline-hanzhi-wang-accordeon\/","title":{"rendered":"Arte Musica &#8211; Salle Bourgie | Avi Avital, mandoline &#038; Hanzhi Wang, accord\u00e9on"},"content":{"rendered":"<p>Un programme vari\u00e9 et d\u2019une \u00e9blouissante virtuosit\u00e9, interpr\u00e9t\u00e9 par deux artistes remarquables qui sont rarement entendus ensemble en concert.<\/p>\n<p>&nbsp;<\/p>\n","protected":false},"excerpt":{"rendered":"<p>Un programme vari\u00e9 et d\u2019une \u00e9blouissante virtuosit\u00e9, interpr\u00e9t\u00e9 par deux artistes remarquables qui sont rarement entendus ensemble en concert.<\/p>\n","protected":false},"author":1,"featured_media":77488,"comment_status":"open","ping_status":"closed","template":"","meta":{"om_disable_all_campaigns":false,"jetpack_post_was_ever_published":false},"tags":[],"tribe_events_cat":[5052],"acf":[],"jetpack_sharing_enabled":true,"_links":{"self":[{"href":"https:\/\/www.ludwig-van.com\/montreal\/wp-json\/wp\/v2\/tribe_events\/77486"}],"collection":[{"href":"https:\/\/www.ludwig-van.com\/montreal\/wp-json\/wp\/v2\/tribe_events"}],"about":[{"href":"https:\/\/www.ludwig-van.com\/montreal\/wp-json\/wp\/v2\/types\/tribe_events"}],"author":[{"embeddable":true,"href":"https:\/\/www.ludwig-van.com\/montreal\/wp-json\/wp\/v2\/users\/1"}],"replies":[{"embeddable":true,"href":"https:\/\/www.ludwig-van.com\/montreal\/wp-json\/wp\/v2\/comments?post=77486"}],"version-history":[{"count":1,"href":"https:\/\/www.ludwig-van.com\/montreal\/wp-json\/wp\/v2\/tribe_events\/77486\/revisions"}],"predecessor-version":[{"id":77487,"href":"https:\/\/www.ludwig-van.com\/montreal\/wp-json\/wp\/v2\/tribe_events\/77486\/revisions\/77487"}],"wp:featuredmedia":[{"embeddable":true,"href":"https:\/\/www.ludwig-van.com\/montreal\/wp-json\/wp\/v2\/media\/77488"}],"wp:attachment":[{"href":"https:\/\/www.ludwig-van.com\/montreal\/wp-json\/wp\/v2\/media?parent=77486"}],"wp:term":[{"taxonomy":"post_tag","embeddable":true,"href":"https:\/\/www.ludwig-van.com\/montreal\/wp-json\/wp\/v2\/tags?post=77486"},{"taxonomy":"tribe_events_cat","embeddable":true,"href":"https:\/\/www.ludwig-van.com\/montreal\/wp-json\/wp\/v2\/tribe_events_cat?post=77486"}],"curies":[{"name":"wp","href":"https:\/\/api.w.org\/{rel}","templated":true}]}}

Arte Musica &#8211; Salle Bourgie | Avi Avital, mandoline &#038; Hanzhi Wang, accordéon

<p>Un programme varié et d’une éblouissante virtuosité, interprété par deux artistes remarquables qui sont rarement entendus ensemble en concert.</p>
<p>&nbsp;</p>

<p>Un programme varié et d’une éblouissante virtuosité, interprété par deux artistes remarquables qui sont rarement entendus ensemble en concert.</p>
