{"id":77443,"date":"2023-08-15T21:30:08","date_gmt":"2023-08-16T01:30:08","guid":{"rendered":"https:\/\/www.ludwig-van.com\/montreal\/?post_type=tribe_events&#038;p=77443"},"modified":"2023-08-15T21:34:51","modified_gmt":"2023-08-16T01:34:51","slug":"arte-musica-quatuor-dover-concert-douverture","status":"publish","type":"tribe_events","link":"https:\/\/www.ludwig-van.com\/montreal\/event\/arte-musica-quatuor-dover-concert-douverture\/","title":{"rendered":"Arte Musica &#8211; Salle Bourgie | Quatuor Dover &#8211; Concert d&rsquo;ouverture"},"content":{"rendered":"<p>\u00c0 la suite d\u2019un premier concert m\u00e9morable en novembre 2021, les remarquables musiciens et musiciennes du Quatuor Dover ouvriront la saison de la Salle Bourgie avec un programme qui vous fera d\u00e9couvrir ou red\u00e9couvrir les mille nuances du quatuor \u00e0 cordes.<\/p>\n","protected":false},"excerpt":{"rendered":"<p>\u00c0 la suite d\u2019un premier concert m\u00e9morable en novembre 2021, les remarquables musiciens et musiciennes du Quatuor Dover ouvriront la saison de la Salle Bourgie avec un programme qui vous fera d\u00e9couvrir ou red\u00e9couvrir les mille nuances du quatuor \u00e0 cordes.<\/p>\n","protected":false},"author":1,"featured_media":77445,"comment_status":"open","ping_status":"closed","template":"","meta":{"om_disable_all_campaigns":false,"jetpack_post_was_ever_published":false},"tags":[],"tribe_events_cat":[5052],"acf":[],"jetpack_sharing_enabled":true,"_links":{"self":[{"href":"https:\/\/www.ludwig-van.com\/montreal\/wp-json\/wp\/v2\/tribe_events\/77443"}],"collection":[{"href":"https:\/\/www.ludwig-van.com\/montreal\/wp-json\/wp\/v2\/tribe_events"}],"about":[{"href":"https:\/\/www.ludwig-van.com\/montreal\/wp-json\/wp\/v2\/types\/tribe_events"}],"author":[{"embeddable":true,"href":"https:\/\/www.ludwig-van.com\/montreal\/wp-json\/wp\/v2\/users\/1"}],"replies":[{"embeddable":true,"href":"https:\/\/www.ludwig-van.com\/montreal\/wp-json\/wp\/v2\/comments?post=77443"}],"version-history":[{"count":4,"href":"https:\/\/www.ludwig-van.com\/montreal\/wp-json\/wp\/v2\/tribe_events\/77443\/revisions"}],"predecessor-version":[{"id":77448,"href":"https:\/\/www.ludwig-van.com\/montreal\/wp-json\/wp\/v2\/tribe_events\/77443\/revisions\/77448"}],"wp:featuredmedia":[{"embeddable":true,"href":"https:\/\/www.ludwig-van.com\/montreal\/wp-json\/wp\/v2\/media\/77445"}],"wp:attachment":[{"href":"https:\/\/www.ludwig-van.com\/montreal\/wp-json\/wp\/v2\/media?parent=77443"}],"wp:term":[{"taxonomy":"post_tag","embeddable":true,"href":"https:\/\/www.ludwig-van.com\/montreal\/wp-json\/wp\/v2\/tags?post=77443"},{"taxonomy":"tribe_events_cat","embeddable":true,"href":"https:\/\/www.ludwig-van.com\/montreal\/wp-json\/wp\/v2\/tribe_events_cat?post=77443"}],"curies":[{"name":"wp","href":"https:\/\/api.w.org\/{rel}","templated":true}]}}

<p>À la suite d’un premier concert mémorable en novembre 2021, les remarquables musiciens et musiciennes du Quatuor Dover ouvriront la saison de la Salle Bourgie avec un programme qui vous fera découvrir ou redécouvrir les mille nuances du quatuor à cordes.</p>
