{"id":77300,"date":"2023-08-08T16:21:44","date_gmt":"2023-08-08T20:21:44","guid":{"rendered":"https:\/\/www.ludwig-van.com\/montreal\/?post_type=tribe_events&#038;p=77300"},"modified":"2023-08-08T16:21:44","modified_gmt":"2023-08-08T20:21:44","slug":"orchestre-symphonique-de-montreal-andrew-wan-et-linoubliable-concerto-pour-violon-de-beethoven","status":"publish","type":"tribe_events","link":"https:\/\/www.ludwig-van.com\/montreal\/event\/orchestre-symphonique-de-montreal-andrew-wan-et-linoubliable-concerto-pour-violon-de-beethoven\/2023-10-25\/","title":{"rendered":"Orchestre symphonique de Montr\u00e9al | Andrew Wan et l&rsquo;inoubliable Concerto pour violon de Beethoven"},"content":{"rendered":"<p>Trois compositeurs viennois sont au c\u0153ur de ce programme captivant : Beethoven, dont le tr\u00e8s novateur Concerto pour violon r\u00e9v\u00e8lera tout le talent d\u2019Andrew Wan, violon solo de l\u2019OSM ; Mozart, plein de fougue dans sa symphonie \u00ab Haffner \u00bb tr\u00e8s repr\u00e9sentative du classicisme viennois ; Webern, dont la Passacaille met en valeur les diff\u00e9rents timbres de l\u2019orchestre tout en soulignant les subtilit\u00e9s contrapuntiques du Ricercar \u00e0 six voix de Bach.<\/p>\n<p>&nbsp;<\/p>\n","protected":false},"excerpt":{"rendered":"<p>Trois compositeurs viennois sont au c\u0153ur de ce programme captivant<\/p>\n","protected":false},"author":1,"featured_media":77304,"comment_status":"open","ping_status":"closed","template":"","meta":{"om_disable_all_campaigns":false,"jetpack_post_was_ever_published":false},"tags":[],"tribe_events_cat":[6487],"acf":[],"jetpack_sharing_enabled":true,"_links":{"self":[{"href":"https:\/\/www.ludwig-van.com\/montreal\/wp-json\/wp\/v2\/tribe_events\/77300"}],"collection":[{"href":"https:\/\/www.ludwig-van.com\/montreal\/wp-json\/wp\/v2\/tribe_events"}],"about":[{"href":"https:\/\/www.ludwig-van.com\/montreal\/wp-json\/wp\/v2\/types\/tribe_events"}],"author":[{"embeddable":true,"href":"https:\/\/www.ludwig-van.com\/montreal\/wp-json\/wp\/v2\/users\/1"}],"replies":[{"embeddable":true,"href":"https:\/\/www.ludwig-van.com\/montreal\/wp-json\/wp\/v2\/comments?post=77300"}],"version-history":[{"count":1,"href":"https:\/\/www.ludwig-van.com\/montreal\/wp-json\/wp\/v2\/tribe_events\/77300\/revisions"}],"predecessor-version":[{"id":77301,"href":"https:\/\/www.ludwig-van.com\/montreal\/wp-json\/wp\/v2\/tribe_events\/77300\/revisions\/77301"}],"wp:featuredmedia":[{"embeddable":true,"href":"https:\/\/www.ludwig-van.com\/montreal\/wp-json\/wp\/v2\/media\/77304"}],"wp:attachment":[{"href":"https:\/\/www.ludwig-van.com\/montreal\/wp-json\/wp\/v2\/media?parent=77300"}],"wp:term":[{"taxonomy":"post_tag","embeddable":true,"href":"https:\/\/www.ludwig-van.com\/montreal\/wp-json\/wp\/v2\/tags?post=77300"},{"taxonomy":"tribe_events_cat","embeddable":true,"href":"https:\/\/www.ludwig-van.com\/montreal\/wp-json\/wp\/v2\/tribe_events_cat?post=77300"}],"curies":[{"name":"wp","href":"https:\/\/api.w.org\/{rel}","templated":true}]}}

Orchestre symphonique de Montréal | Andrew Wan et l&rsquo;inoubliable Concerto pour violon de Beethoven

<p>Trois compositeurs viennois sont au cœur de ce programme captivant : Beethoven, dont le très novateur Concerto pour violon révèlera tout le talent d’Andrew Wan, violon solo de l’OSM ; Mozart, plein de fougue dans sa symphonie « Haffner » très représentative du classicisme viennois ; Webern, dont la Passacaille met en valeur les différents timbres de l’orchestre tout en soulignant les subtilités contrapuntiques du Ricercar à six voix de Bach.</p>
<p>&nbsp;</p>

<p>Trois compositeurs viennois sont au cœur de ce programme captivant</p>
