{"id":77148,"date":"2023-07-26T15:05:29","date_gmt":"2023-07-26T19:05:29","guid":{"rendered":"https:\/\/www.ludwig-van.com\/montreal\/?post_type=tribe_events&#038;p=77148"},"modified":"2023-07-26T15:05:29","modified_gmt":"2023-07-26T19:05:29","slug":"arion-orchestre-baroque-requiem-et-couronnement","status":"publish","type":"tribe_events","link":"https:\/\/www.ludwig-van.com\/montreal\/event\/arion-orchestre-baroque-requiem-et-couronnement\/2024-03-08\/","title":{"rendered":"Arion Orchestre Baroque | Requiem et couronnement"},"content":{"rendered":"<p>Ce concert propose de (re)d\u00e9couvrir deux Messes contrast\u00e9es entendues en France sous les r\u00e8gnes de Louis XVI et de Napol\u00e9on. \u00c9crit par Mozart en 1791 sur son lit de mort, \u00e0 la demande pressante d\u2019un personnage \u00e9nigmatique, son Requiem est donn\u00e9 \u00e0 Paris pour la premi\u00e8re fois en 1804 dans une version l\u00e9g\u00e8rement remani\u00e9e et sous la direction de Luigi Cherubini. C\u2019est un triomphe ! Un peu auparavant, en 1774, c\u2019est Fran\u00e7ois Giroust, le dernier repr\u00e9sentant du grand motet \u00e0 la fran\u00e7aise, qui avait \u00e9t\u00e9 charg\u00e9 de composer la musique de la messe du sacre de Louis XVI en la cath\u00e9drale de Reims.<\/p>\n","protected":false},"excerpt":{"rendered":"<p>Ce concert propose de (re)d\u00e9couvrir deux Messes contrast\u00e9es entendues en France sous les r\u00e8gnes de Louis XVI et de Napol\u00e9on.<\/p>\n","protected":false},"author":1,"featured_media":0,"comment_status":"open","ping_status":"closed","template":"","meta":{"om_disable_all_campaigns":false,"jetpack_post_was_ever_published":false},"tags":[],"tribe_events_cat":[5053],"acf":[],"jetpack_sharing_enabled":true,"_links":{"self":[{"href":"https:\/\/www.ludwig-van.com\/montreal\/wp-json\/wp\/v2\/tribe_events\/77148"}],"collection":[{"href":"https:\/\/www.ludwig-van.com\/montreal\/wp-json\/wp\/v2\/tribe_events"}],"about":[{"href":"https:\/\/www.ludwig-van.com\/montreal\/wp-json\/wp\/v2\/types\/tribe_events"}],"author":[{"embeddable":true,"href":"https:\/\/www.ludwig-van.com\/montreal\/wp-json\/wp\/v2\/users\/1"}],"replies":[{"embeddable":true,"href":"https:\/\/www.ludwig-van.com\/montreal\/wp-json\/wp\/v2\/comments?post=77148"}],"version-history":[{"count":1,"href":"https:\/\/www.ludwig-van.com\/montreal\/wp-json\/wp\/v2\/tribe_events\/77148\/revisions"}],"predecessor-version":[{"id":77149,"href":"https:\/\/www.ludwig-van.com\/montreal\/wp-json\/wp\/v2\/tribe_events\/77148\/revisions\/77149"}],"wp:attachment":[{"href":"https:\/\/www.ludwig-van.com\/montreal\/wp-json\/wp\/v2\/media?parent=77148"}],"wp:term":[{"taxonomy":"post_tag","embeddable":true,"href":"https:\/\/www.ludwig-van.com\/montreal\/wp-json\/wp\/v2\/tags?post=77148"},{"taxonomy":"tribe_events_cat","embeddable":true,"href":"https:\/\/www.ludwig-van.com\/montreal\/wp-json\/wp\/v2\/tribe_events_cat?post=77148"}],"curies":[{"name":"wp","href":"https:\/\/api.w.org\/{rel}","templated":true}]}}

<p>Ce concert propose de (re)découvrir deux Messes contrastées entendues en France sous les règnes de Louis XVI et de Napoléon. Écrit par Mozart en 1791 sur son lit de mort, à la demande pressante d’un personnage énigmatique, son Requiem est donné à Paris pour la première fois en 1804 dans une version légèrement remaniée et sous la direction de Luigi Cherubini. C’est un triomphe ! Un peu auparavant, en 1774, c’est François Giroust, le dernier représentant du grand motet à la française, qui avait été chargé de composer la musique de la messe du sacre de Louis XVI en la cathédrale de Reims.</p>

<p>Ce concert propose de (re)découvrir deux Messes contrastées entendues en France sous les règnes de Louis XVI et de Napoléon.</p>
