{"id":77145,"date":"2023-07-26T14:56:01","date_gmt":"2023-07-26T18:56:01","guid":{"rendered":"https:\/\/www.ludwig-van.com\/montreal\/?post_type=tribe_events&#038;p=77145"},"modified":"2023-07-26T14:56:01","modified_gmt":"2023-07-26T18:56:01","slug":"arion-orchestre-baroque-lettres-damour","status":"publish","type":"tribe_events","link":"https:\/\/www.ludwig-van.com\/montreal\/event\/arion-orchestre-baroque-lettres-damour\/","title":{"rendered":"Arion Orchestre Baroque | Lettres d&rsquo;amour"},"content":{"rendered":"<p>Pour c\u00e9l\u00e9brer d\u2019originale fa\u00e7on la Saint-Valentin, Arion pr\u00e9sente sous la direction inspir\u00e9e de la violoniste australienne Sophie Gent un heureux m\u00e9lange de concertos grossos baroques italiens et anglais dans un programme qui tresse un entrelacs de musiques et de po\u00e8mes brossant le portrait \u00e0 la fois complexe et d\u00e9licieux des sentiments amoureux.<\/p>\n","protected":false},"excerpt":{"rendered":"<p>Pour c\u00e9l\u00e9brer d\u2019originale fa\u00e7on la Saint-Valentin, Arion pr\u00e9sente sous la direction inspir\u00e9e de la violoniste australienne Sophie Gent un heureux m\u00e9lange de concertos grossos baroques italiens et anglais dans un programme qui tresse un entrelacs de musiques et de po\u00e8mes brossant le portrait \u00e0 la fois complexe et d\u00e9licieux des sentiments amoureux.<\/p>\n","protected":false},"author":1,"featured_media":77147,"comment_status":"open","ping_status":"closed","template":"","meta":{"om_disable_all_campaigns":false,"jetpack_post_was_ever_published":false},"tags":[],"tribe_events_cat":[5053],"acf":[],"jetpack_sharing_enabled":true,"_links":{"self":[{"href":"https:\/\/www.ludwig-van.com\/montreal\/wp-json\/wp\/v2\/tribe_events\/77145"}],"collection":[{"href":"https:\/\/www.ludwig-van.com\/montreal\/wp-json\/wp\/v2\/tribe_events"}],"about":[{"href":"https:\/\/www.ludwig-van.com\/montreal\/wp-json\/wp\/v2\/types\/tribe_events"}],"author":[{"embeddable":true,"href":"https:\/\/www.ludwig-van.com\/montreal\/wp-json\/wp\/v2\/users\/1"}],"replies":[{"embeddable":true,"href":"https:\/\/www.ludwig-van.com\/montreal\/wp-json\/wp\/v2\/comments?post=77145"}],"version-history":[{"count":1,"href":"https:\/\/www.ludwig-van.com\/montreal\/wp-json\/wp\/v2\/tribe_events\/77145\/revisions"}],"predecessor-version":[{"id":77146,"href":"https:\/\/www.ludwig-van.com\/montreal\/wp-json\/wp\/v2\/tribe_events\/77145\/revisions\/77146"}],"wp:featuredmedia":[{"embeddable":true,"href":"https:\/\/www.ludwig-van.com\/montreal\/wp-json\/wp\/v2\/media\/77147"}],"wp:attachment":[{"href":"https:\/\/www.ludwig-van.com\/montreal\/wp-json\/wp\/v2\/media?parent=77145"}],"wp:term":[{"taxonomy":"post_tag","embeddable":true,"href":"https:\/\/www.ludwig-van.com\/montreal\/wp-json\/wp\/v2\/tags?post=77145"},{"taxonomy":"tribe_events_cat","embeddable":true,"href":"https:\/\/www.ludwig-van.com\/montreal\/wp-json\/wp\/v2\/tribe_events_cat?post=77145"}],"curies":[{"name":"wp","href":"https:\/\/api.w.org\/{rel}","templated":true}]}}

<p>Pour célébrer d’originale façon la Saint-Valentin, Arion présente sous la direction inspirée de la violoniste australienne Sophie Gent un heureux mélange de concertos grossos baroques italiens et anglais dans un programme qui tresse un entrelacs de musiques et de poèmes brossant le portrait à la fois complexe et délicieux des sentiments amoureux.</p>
