{"id":77116,"date":"2023-07-26T12:37:21","date_gmt":"2023-07-26T16:37:21","guid":{"rendered":"https:\/\/www.ludwig-van.com\/montreal\/?post_type=tribe_events&#038;p=77116"},"modified":"2023-07-26T12:37:21","modified_gmt":"2023-07-26T16:37:21","slug":"arion-orchestre-baroque-mozart-et-montgeroult","status":"publish","type":"tribe_events","link":"https:\/\/www.ludwig-van.com\/montreal\/event\/arion-orchestre-baroque-mozart-et-montgeroult\/2023-10-06\/","title":{"rendered":"Arion Orchestre Baroque | Mozart et Montgeroult"},"content":{"rendered":"<p>Chez Mozart, la th\u00e9\u00e2tralit\u00e9 a toujours transparu dans ses \u0153uvres, m\u00eame instrumentales. C\u2019est le cas pour la petite Symphonie no 26, \u00e9crite \u00e0 17 ans, et encore davantage pour le magistral Concerto pour piano no 24 d\u2019un Mozart de 30 ans qui y sonde les profondeurs du c\u0153ur humain. Pianiste virtuose et p\u00e9dagogue d\u2019importance, H\u00e9l\u00e8ne de Montgeroult fut aussi une compositrice de grand talent qui sut faire \u00e9voluer son style en cette fin de XVIIIe si\u00e8cle. Si son 1er Concerto pour piano, adapt\u00e9 de concertos pour violon de Viotti, respire le classicisme, ses \u0153uvres pour piano seul se tournent graduellement vers le futur. Nous sommes ravis de retrouver en ouverture de notre saison montr\u00e9alaise l\u2019\u00e9toile montante \u00c9lisabeth Pion, pianiste qu\u00e9b\u00e9coise \u00e9tablie \u00e0 Londres.<\/p>\n<p>&nbsp;<\/p>\n","protected":false},"excerpt":{"rendered":"<p>Chez Mozart, la th\u00e9\u00e2tralit\u00e9 a toujours transparu dans ses \u0153uvres, m\u00eame instrumentales. C\u2019est le cas pour la petite Symphonie no 26, \u00e9crite \u00e0 17 ans, et encore davantage pour le magistral Concerto pour piano no 24 d\u2019un Mozart de 30 ans qui y sonde les profondeurs du c\u0153ur humain.<\/p>\n","protected":false},"author":1,"featured_media":77115,"comment_status":"open","ping_status":"closed","template":"","meta":{"om_disable_all_campaigns":false,"jetpack_post_was_ever_published":false},"tags":[],"tribe_events_cat":[5053],"acf":[],"jetpack_sharing_enabled":true,"_links":{"self":[{"href":"https:\/\/www.ludwig-van.com\/montreal\/wp-json\/wp\/v2\/tribe_events\/77116"}],"collection":[{"href":"https:\/\/www.ludwig-van.com\/montreal\/wp-json\/wp\/v2\/tribe_events"}],"about":[{"href":"https:\/\/www.ludwig-van.com\/montreal\/wp-json\/wp\/v2\/types\/tribe_events"}],"author":[{"embeddable":true,"href":"https:\/\/www.ludwig-van.com\/montreal\/wp-json\/wp\/v2\/users\/1"}],"replies":[{"embeddable":true,"href":"https:\/\/www.ludwig-van.com\/montreal\/wp-json\/wp\/v2\/comments?post=77116"}],"version-history":[{"count":1,"href":"https:\/\/www.ludwig-van.com\/montreal\/wp-json\/wp\/v2\/tribe_events\/77116\/revisions"}],"predecessor-version":[{"id":77117,"href":"https:\/\/www.ludwig-van.com\/montreal\/wp-json\/wp\/v2\/tribe_events\/77116\/revisions\/77117"}],"wp:featuredmedia":[{"embeddable":true,"href":"https:\/\/www.ludwig-van.com\/montreal\/wp-json\/wp\/v2\/media\/77115"}],"wp:attachment":[{"href":"https:\/\/www.ludwig-van.com\/montreal\/wp-json\/wp\/v2\/media?parent=77116"}],"wp:term":[{"taxonomy":"post_tag","embeddable":true,"href":"https:\/\/www.ludwig-van.com\/montreal\/wp-json\/wp\/v2\/tags?post=77116"},{"taxonomy":"tribe_events_cat","embeddable":true,"href":"https:\/\/www.ludwig-van.com\/montreal\/wp-json\/wp\/v2\/tribe_events_cat?post=77116"}],"curies":[{"name":"wp","href":"https:\/\/api.w.org\/{rel}","templated":true}]}}

<p>Chez Mozart, la théâtralité a toujours transparu dans ses œuvres, même instrumentales. C’est le cas pour la petite Symphonie no 26, écrite à 17 ans, et encore davantage pour le magistral Concerto pour piano no 24 d’un Mozart de 30 ans qui y sonde les profondeurs du cœur humain. Pianiste virtuose et pédagogue d’importance, Hélène de Montgeroult fut aussi une compositrice de grand talent qui sut faire évoluer son style en cette fin de XVIIIe siècle. Si son 1er Concerto pour piano, adapté de concertos pour violon de Viotti, respire le classicisme, ses œuvres pour piano seul se tournent graduellement vers le futur. Nous sommes ravis de retrouver en ouverture de notre saison montréalaise l’étoile montante Élisabeth Pion, pianiste québécoise établie à Londres.</p>
<p>&nbsp;</p>

<p>Chez Mozart, la théâtralité a toujours transparu dans ses œuvres, même instrumentales. C’est le cas pour la petite Symphonie no 26, écrite à 17 ans, et encore davantage pour le magistral Concerto pour piano no 24 d’un Mozart de 30 ans qui y sonde les profondeurs du cœur humain.</p>
