{"id":76908,"date":"2023-07-10T11:28:14","date_gmt":"2023-07-10T15:28:14","guid":{"rendered":"https:\/\/www.ludwig-van.com\/montreal\/?post_type=tribe_events&#038;p=76908"},"modified":"2023-07-10T14:06:33","modified_gmt":"2023-07-10T18:06:33","slug":"ladies-morning-musical-club-javier-perianes","status":"publish","type":"tribe_events","link":"https:\/\/www.ludwig-van.com\/montreal\/event\/ladies-morning-musical-club-javier-perianes\/","title":{"rendered":"Ladies\u2019 Morning Musical Club | Javier Perianes"},"content":{"rendered":"<p>Javier Perianes est un pianiste de calibre international qui a partag\u00e9 la sc\u00e8ne avec les plus grands chefs d\u2019orchestre, notamment Daniel Barenboim, Zubin Mehta et Gustavo Dudamel, ainsi qu\u2019avec les orchestres les plus prestigieux. Sa saison 2022-2023 comprend des performances avec le Dallas Symphony, le Royal Liverpool Philharmonic Orchestra, l\u2019Oslo Philharmonic et le Konzerthausorchester Berlin, pour n\u2019en nommer que quelques-uns. Son abondante discographie, enregistr\u00e9e en exclusivit\u00e9 chez Harmonia Mundi, comprend des \u0153uvres de Beethoven, Mendelssohn, Schubert, Grieg, Chopin, Debussy, Ravel et Bart\u00f3k. Son r\u00e9pertoire fait \u00e9galement la part belle aux compositeurs espagnols tels que Blasco de Nebra, Mompou, de Falla, Granados et Turina. Soliste accompli, Perianes n\u2019en tourne pas pour autant le dos \u00e0 la musique de chambre. Il collabore entre autres r\u00e9guli\u00e8rement avec l\u2019altiste allemande Tabea Zimmerman et le Quiroga Quartet, et participe par ailleurs \u00e0 diff\u00e9rents festivals partout en Europe (Lucerne, Salzbourg, Grafenegg, Prague, Santander, etc.) Musicien \u00e9m\u00e9rite, Javier Perianes a accumul\u00e9 au fil des ans nombre de distinctions, dont le Prix national de musique du Minist\u00e8re de la Culture d\u2019Espagne en 2012, ainsi que le prix de l\u2019Artiste de l\u2019Ann\u00e9e aux International Classical Music Awards en 2019.album, consacr\u00e9 aux \u0153uvres de compositeurs romantiques espagnols du 20e si\u00e8cle. D\u00e9buts au LMMC.<\/p>\n<p>Le programme d\u00e9taill\u00e9 sera disponible deux semaines avant le concert.<\/p>\n<p>&nbsp;<\/p>\n","protected":false},"excerpt":{"rendered":"<p>Javier Perianes est un pianiste de calibre international qui a partag\u00e9 la sc\u00e8ne avec les plus grands chefs d\u2019orchestre, notamment Daniel Barenboim, Zubin Mehta et Gustavo Dudamel, ainsi qu\u2019avec les orchestres les plus prestigieux.<\/p>\n","protected":false},"author":1,"featured_media":76915,"comment_status":"open","ping_status":"closed","template":"","meta":{"om_disable_all_campaigns":false,"jetpack_post_was_ever_published":false},"tags":[],"tribe_events_cat":[5024],"acf":[],"jetpack_sharing_enabled":true,"_links":{"self":[{"href":"https:\/\/www.ludwig-van.com\/montreal\/wp-json\/wp\/v2\/tribe_events\/76908"}],"collection":[{"href":"https:\/\/www.ludwig-van.com\/montreal\/wp-json\/wp\/v2\/tribe_events"}],"about":[{"href":"https:\/\/www.ludwig-van.com\/montreal\/wp-json\/wp\/v2\/types\/tribe_events"}],"author":[{"embeddable":true,"href":"https:\/\/www.ludwig-van.com\/montreal\/wp-json\/wp\/v2\/users\/1"}],"replies":[{"embeddable":true,"href":"https:\/\/www.ludwig-van.com\/montreal\/wp-json\/wp\/v2\/comments?post=76908"}],"version-history":[{"count":2,"href":"https:\/\/www.ludwig-van.com\/montreal\/wp-json\/wp\/v2\/tribe_events\/76908\/revisions"}],"predecessor-version":[{"id":76949,"href":"https:\/\/www.ludwig-van.com\/montreal\/wp-json\/wp\/v2\/tribe_events\/76908\/revisions\/76949"}],"wp:featuredmedia":[{"embeddable":true,"href":"https:\/\/www.ludwig-van.com\/montreal\/wp-json\/wp\/v2\/media\/76915"}],"wp:attachment":[{"href":"https:\/\/www.ludwig-van.com\/montreal\/wp-json\/wp\/v2\/media?parent=76908"}],"wp:term":[{"taxonomy":"post_tag","embeddable":true,"href":"https:\/\/www.ludwig-van.com\/montreal\/wp-json\/wp\/v2\/tags?post=76908"},{"taxonomy":"tribe_events_cat","embeddable":true,"href":"https:\/\/www.ludwig-van.com\/montreal\/wp-json\/wp\/v2\/tribe_events_cat?post=76908"}],"curies":[{"name":"wp","href":"https:\/\/api.w.org\/{rel}","templated":true}]}}

<p>Javier Perianes est un pianiste de calibre international qui a partagé la scène avec les plus grands chefs d’orchestre, notamment Daniel Barenboim, Zubin Mehta et Gustavo Dudamel, ainsi qu’avec les orchestres les plus prestigieux. Sa saison 2022-2023 comprend des performances avec le Dallas Symphony, le Royal Liverpool Philharmonic Orchestra, l’Oslo Philharmonic et le Konzerthausorchester Berlin, pour n’en nommer que quelques-uns. Son abondante discographie, enregistrée en exclusivité chez Harmonia Mundi, comprend des œuvres de Beethoven, Mendelssohn, Schubert, Grieg, Chopin, Debussy, Ravel et Bartók. Son répertoire fait également la part belle aux compositeurs espagnols tels que Blasco de Nebra, Mompou, de Falla, Granados et Turina. Soliste accompli, Perianes n’en tourne pas pour autant le dos à la musique de chambre. Il collabore entre autres régulièrement avec l’altiste allemande Tabea Zimmerman et le Quiroga Quartet, et participe par ailleurs à différents festivals partout en Europe (Lucerne, Salzbourg, Grafenegg, Prague, Santander, etc.) Musicien émérite, Javier Perianes a accumulé au fil des ans nombre de distinctions, dont le Prix national de musique du Ministère de la Culture d’Espagne en 2012, ainsi que le prix de l’Artiste de l’Année aux International Classical Music Awards en 2019.album, consacré aux œuvres de compositeurs romantiques espagnols du 20e siècle. Débuts au LMMC.</p>
<p>Le programme détaillé sera disponible deux semaines avant le concert.</p>
<p>&nbsp;</p>

<p>Javier Perianes est un pianiste de calibre international qui a partagé la scène avec les plus grands chefs d’orchestre, notamment Daniel Barenboim, Zubin Mehta et Gustavo Dudamel, ainsi qu’avec les orchestres les plus prestigieux.</p>
