{"id":76900,"date":"2023-07-10T11:04:57","date_gmt":"2023-07-10T15:04:57","guid":{"rendered":"https:\/\/www.ludwig-van.com\/montreal\/?post_type=tribe_events&#038;p=76900"},"modified":"2023-07-10T14:02:39","modified_gmt":"2023-07-10T18:02:39","slug":"ladies-morning-musical-club-remi-geniet","status":"publish","type":"tribe_events","link":"https:\/\/www.ludwig-van.com\/montreal\/event\/ladies-morning-musical-club-remi-geniet\/","title":{"rendered":"Ladies\u2019 Morning Musical Club | R\u00e9mi Geniet"},"content":{"rendered":"<p>Jeune pianiste prim\u00e9, R\u00e9mi Geniet se distingue comme le plus jeune laur\u00e9at (3e Prix) du Concours international Beethoven de Bonn en 2011. Quatre ans plus tard, il remporte le 2e Prix du Concours Reine Elisabeth de Belgique, apr\u00e8s avoir r\u00e9alis\u00e9 sa premi\u00e8re performance \u00e0 Carnegie Hall en 2013-2014.<\/p>\n<p>Tr\u00e8s actif sur la sc\u00e8ne du r\u00e9cital en France, il compte \u00e9galement de nombreuses collaborations en tant que soliste avec les plus prestigieux orchestres d\u2019Europe, tels que le Royal Flemish Philharmonic, l\u2019Orchestre Philharmonique du Luxembourg, et l\u2019Orchestre National Symphonique d\u2019Ukraine. Comme chambriste, Geniet travaille r\u00e9guli\u00e8rement avec des musiciens tels qu\u2019Alexandra Soumm (violon), Aur\u00e9lien Pascal (violoncelle), Rapha\u00ebl S\u00e9v\u00e8re (clarinette) et Augustin Dumay (violon). Le premier album de Geniet, consacr\u00e9 \u00e0 Bach, est paru en 2015 sous \u00e9tiquette Mirare et il a re\u00e7u le prix Diapason de l\u2019ann\u00e9e. Son second album, quant \u00e0 lui d\u00e9di\u00e9 \u00e0 Beethoven, s\u2019est attir\u00e9 d\u2019excellentes critiques lors de sa parution en 2017.<\/p>\n<p>R\u00e9mi Geniet est dipl\u00f4m\u00e9 du Conservatoire National Sup\u00e9rieur de Musique et de Danse de Paris, o\u00f9 il a eu pour professeure Brigitte Engerer. Il s\u2019est perfectionn\u00e9 aupr\u00e8s de Rena Shereshevskaya \u00e0 l\u2019\u00c9cole Normale de Musique Alfred-Cortot, de m\u00eame qu\u2019aupr\u00e8s d\u2019Evgeni Koroliov \u00e0 Hambourg, et de George Pehlivanian en direction d\u2019orchestre. D\u00e9buts au LMMC.<\/p>\n<p>Le programme d\u00e9taill\u00e9 sera disponible deux semaines avant le concert.<\/p>\n","protected":false},"excerpt":{"rendered":"<p>Jeune pianiste prim\u00e9, R\u00e9mi Geniet se distingue comme le plus jeune laur\u00e9at (3e Prix) du Concours international Beethoven de Bonn en 2011. Quatre ans plus tard, il remporte le 2e Prix du Concours Reine Elisabeth de Belgique, apr\u00e8s avoir r\u00e9alis\u00e9 sa premi\u00e8re performance \u00e0 Carnegie Hall en 2013-2014.<\/p>\n","protected":false},"author":1,"featured_media":76365,"comment_status":"open","ping_status":"closed","template":"","meta":{"om_disable_all_campaigns":false,"jetpack_post_was_ever_published":false},"tags":[],"tribe_events_cat":[5024],"acf":[],"jetpack_sharing_enabled":true,"_links":{"self":[{"href":"https:\/\/www.ludwig-van.com\/montreal\/wp-json\/wp\/v2\/tribe_events\/76900"}],"collection":[{"href":"https:\/\/www.ludwig-van.com\/montreal\/wp-json\/wp\/v2\/tribe_events"}],"about":[{"href":"https:\/\/www.ludwig-van.com\/montreal\/wp-json\/wp\/v2\/types\/tribe_events"}],"author":[{"embeddable":true,"href":"https:\/\/www.ludwig-van.com\/montreal\/wp-json\/wp\/v2\/users\/1"}],"replies":[{"embeddable":true,"href":"https:\/\/www.ludwig-van.com\/montreal\/wp-json\/wp\/v2\/comments?post=76900"}],"version-history":[{"count":2,"href":"https:\/\/www.ludwig-van.com\/montreal\/wp-json\/wp\/v2\/tribe_events\/76900\/revisions"}],"predecessor-version":[{"id":76946,"href":"https:\/\/www.ludwig-van.com\/montreal\/wp-json\/wp\/v2\/tribe_events\/76900\/revisions\/76946"}],"wp:featuredmedia":[{"embeddable":true,"href":"https:\/\/www.ludwig-van.com\/montreal\/wp-json\/wp\/v2\/media\/76365"}],"wp:attachment":[{"href":"https:\/\/www.ludwig-van.com\/montreal\/wp-json\/wp\/v2\/media?parent=76900"}],"wp:term":[{"taxonomy":"post_tag","embeddable":true,"href":"https:\/\/www.ludwig-van.com\/montreal\/wp-json\/wp\/v2\/tags?post=76900"},{"taxonomy":"tribe_events_cat","embeddable":true,"href":"https:\/\/www.ludwig-van.com\/montreal\/wp-json\/wp\/v2\/tribe_events_cat?post=76900"}],"curies":[{"name":"wp","href":"https:\/\/api.w.org\/{rel}","templated":true}]}}

Ladies’ Morning Musical Club | Rémi Geniet

<p>Jeune pianiste primé, Rémi Geniet se distingue comme le plus jeune lauréat (3e Prix) du Concours international Beethoven de Bonn en 2011. Quatre ans plus tard, il remporte le 2e Prix du Concours Reine Elisabeth de Belgique, après avoir réalisé sa première performance à Carnegie Hall en 2013-2014.</p>
<p>Très actif sur la scène du récital en France, il compte également de nombreuses collaborations en tant que soliste avec les plus prestigieux orchestres d’Europe, tels que le Royal Flemish Philharmonic, l’Orchestre Philharmonique du Luxembourg, et l’Orchestre National Symphonique d’Ukraine. Comme chambriste, Geniet travaille régulièrement avec des musiciens tels qu’Alexandra Soumm (violon), Aurélien Pascal (violoncelle), Raphaël Sévère (clarinette) et Augustin Dumay (violon). Le premier album de Geniet, consacré à Bach, est paru en 2015 sous étiquette Mirare et il a reçu le prix Diapason de l’année. Son second album, quant à lui dédié à Beethoven, s’est attiré d’excellentes critiques lors de sa parution en 2017.</p>
<p>Rémi Geniet est diplômé du Conservatoire National Supérieur de Musique et de Danse de Paris, où il a eu pour professeure Brigitte Engerer. Il s’est perfectionné auprès de Rena Shereshevskaya à l’École Normale de Musique Alfred-Cortot, de même qu’auprès d’Evgeni Koroliov à Hambourg, et de George Pehlivanian en direction d’orchestre. Débuts au LMMC.</p>
<p>Le programme détaillé sera disponible deux semaines avant le concert.</p>

<p>Jeune pianiste primé, Rémi Geniet se distingue comme le plus jeune lauréat (3e Prix) du Concours international Beethoven de Bonn en 2011. Quatre ans plus tard, il remporte le 2e Prix du Concours Reine Elisabeth de Belgique, après avoir réalisé sa première performance à Carnegie Hall en 2013-2014.</p>
