{"id":75944,"date":"2023-05-12T08:44:06","date_gmt":"2023-05-12T12:44:06","guid":{"rendered":"https:\/\/www.ludwig-van.com\/montreal\/?post_type=tribe_events&#038;p=75944"},"modified":"2023-05-12T08:44:06","modified_gmt":"2023-05-12T12:44:06","slug":"autour-de-la-flute-memoriam","status":"publish","type":"tribe_events","link":"https:\/\/www.ludwig-van.com\/montreal\/event\/autour-de-la-flute-memoriam\/","title":{"rendered":"Autour de la flute | In Memoriam"},"content":{"rendered":"<p>Je suis tr\u00e8s heureuse d&rsquo;annoncer mon prochain concert avec Autour de la fl\u00fbte. Apr\u00e8s une absence ces derniers temps de la sc\u00e8ne, p\u00e9riode pendant laquelle je me suis concentr\u00e9e sur la pr\u00e9sentation de concerts en ligne, c&rsquo;est vraiment agr\u00e9able de revenir sur sc\u00e8ne.<\/p>\n<p>Il s&rsquo;agit d&rsquo;un concert tr\u00e8s personnel mettant en sc\u00e8ne des compositeurs juifs.<\/p>\n<p>Dans ma vie professionnelle, je me retrouve souvent la seule personne juive sur sc\u00e8ne et je me rends compte (tardivement) qu&rsquo;en tant que femme juive, religieuse ou non, mon juda\u00efsme est une \u00e9tiquette que je ne peux parfois pas enlever. En cette nouvelle \u00e8re de c\u00e9l\u00e9bration et de promotion des communaut\u00e9s sous-repr\u00e9sent\u00e9es, j&rsquo;ai ressenti le besoin d&rsquo;explorer mon lien avec mes racines, mes anc\u00eatres et ma culture \u00e0 travers ma musique. J&rsquo;ai eu envie de voir si mon h\u00e9ritage culturel jouait un r\u00f4le dans mon amour et mon expression pour la musique, et j&rsquo;ai voulu savoir quelle \u00e9tait la relation de certains compositeurs avec leur culture ou leur religion juive. Cela m&rsquo;a amen\u00e9 \u00e0 me plonger dans les histoires de compositeurs bien connus, et j&rsquo;ai d\u00e9couvert des liens et des histoires vraiment int\u00e9ressants qui sont tiss\u00e9s ensemble.<\/p>\n<p>Je n&rsquo;ai pas pu \u00e9carter mon int\u00e9r\u00eat pour l\u2019histoire et j&rsquo;ai trouv\u00e9 des anecdotes historiques tr\u00e8s int\u00e9ressantes &#8211; chaque compositeur est li\u00e9 d&rsquo;une mani\u00e8re ou d&rsquo;une autre \u00e0 un autre par l&rsquo;interm\u00e9diaire de professeurs ou d&rsquo;\u00e9l\u00e8ves qu&rsquo;ils ont en commun ou de personnes \u00e0 qui ils ont d\u00e9di\u00e9 leur musique.<\/p>\n<p>Ce concert sera \u00e9galement l&rsquo;occasion d&rsquo;inaugurer ma toute nouvelle fl\u00fbte &#8211; une fl\u00fbte moderne en bois fabriqu\u00e9e sp\u00e9cialement pour moi par un facteur de fl\u00fbtes qui est venu \u00e0 Montr\u00e9al et m&rsquo;a aid\u00e9 \u00e0 choisir celle qui convenait parfaitement \u00e0 mon jeu. Ceux qui me connaissent savent que jusqu&rsquo;\u00e0 pr\u00e9sent, je me suis surtout sp\u00e9cialis\u00e9e dans la musique historique et les instruments historiques, principalement la musique baroque. Avec cette nouvelle fl\u00fbte, je me suis donn\u00e9 la possibilit\u00e9 d&rsquo;explorer la musique de toutes les \u00e9poques et de tous les genres, y compris les compositeurs contemporains. Quelle joie d&rsquo;avoir appris que Philip Glass jouait de la fl\u00fbte !<\/p>\n<p>Liza Miller, claveciniste et pianiste incroyablement polyvalente, m&rsquo;accompagne au piano. Elle a r\u00e9cemment rejoint le d\u00e9partement de musique ancienne de McGill, ce qui m&rsquo;a donn\u00e9 le privil\u00e8ge de travailler avec elle \u00e0 McGill, mais aussi d&rsquo;avoir des discussions int\u00e9ressantes sur son propre h\u00e9ritage juif. Ayant grandi en Europe, son exp\u00e9rience en tant que juive et le fait qu\u2019elle a subi l&rsquo;antis\u00e9mitisme l\u00e0-bas nous ont donn\u00e9 beaucoup de mati\u00e8re \u00e0 r\u00e9flexion.<\/p>\n<p>Enfin, le titre du concert est personnel. J&rsquo;ai remarqu\u00e9 qu&rsquo;en regardant le r\u00e9pertoire choisi, toutes les pi\u00e8ces que j&rsquo;ai choisies \u00e9taient d\u00e9di\u00e9es \u00e0 quelqu&rsquo;un qui \u00e9tait d\u00e9c\u00e9d\u00e9, et certaines \u00e9taient m\u00eame intitul\u00e9es \u00ab\u00a0In Memoriam\u00a0\u00bb. L&rsquo;histoire juive \u00e9tant marqu\u00e9e par des pers\u00e9cutions constantes, j&rsquo;ai pens\u00e9 que ce n&rsquo;\u00e9tait pas une co\u00efncidence. Je d\u00e9die ce concert \u00e0 mes anc\u00eatres, dont beaucoup ont directement disparu dans l&rsquo;holocauste, mais aussi \u00e0 mon p\u00e8re. En fait, je lui d\u00e9die tous les concerts; mais encore plus celui-ci, car j&rsquo;aurais vraiment besoin de lui montrer ma nouvelle fl\u00fbte.<\/p>\n<p>Ma s\u0153ur et mon neveu apprennent le piano, et les entendre jouer Hallelujah de Leonard Cohen m&rsquo;a incit\u00e9 \u00e0 l&rsquo;inclure dans le programme, un petit clin d&rsquo;\u0153il \u00e0 Montr\u00e9al et \u00e0 mon p\u00e8re qui avait l&rsquo;habitude de jouer de la guitare et de chanter des chansons de Leonard Cohen avec nous &#8211; m\u00eame s&rsquo;il d\u00e9testait la voix \u00e9raill\u00e9e de Leonard !<\/p>\n<p>__________________________<\/p>\n<p>I am very excited to announce my upcoming concert with Autour de la fl\u00fbte. After not having been on stage for a while, focusing instead on digital concerts, it now it feels really nice to be back to live.<\/p>\n<p>This is a deeply personal concert featuring Jewish composers.<\/p>\n<p>In my professional life, I often find myself the only Jewish person on stage, and coming to the (late) realization that as a Jewish woman, religious or not, my Judaism is a hat that sometimes I cannot take off. In this new era of celebrating and promoting underrepresented communities, I felt like I needed to explore my connection to my roots, my ancestors, and my culture with my music. I was inspired to examine whether my cultural heritage plays a part in my love and my expression for music, and I was interested in finding out what some composers&rsquo; relationship was to their Jewish culture or religion. This led me to delve deeply into stories of well-known composers, and I discovered really cool connections and stories that are woven together. I couldn\u2019t get the historian out of me and I found some really cool historical anecdotes &#8211; each composer is connected somehow to each other through shared teachers, or students, or dedicatees.<\/p>\n<p>This concert will also be an inauguration of my brand new flute- a wooden modern flute made just for me by a flute maker who came to Montreal and helped me choose one that suited my playing perfectly. Those who know me, know that up until now I have mostly specialized in historical music and historical instruments, mostly Baroque music. With this new flute, I gave myself the opportunity to explore music of all eras and genres including living composers. What a thrill to have learned that Philip Glass played the flute!<\/p>\n<p>Joining me on the piano is Liza Miller &#8211; an amazingly versatile harpsichordist and pianist, who recently joined McGill\u2019s Early Music Department, giving me the privilege of working with her both at McGill, as well as getting into interesting discussions about her own Jewish heritage. Growing up in Europe her experience being Jewish, and experiencing antisemitism, gave us a lot of food for thought.<\/p>\n<p>Lastly, the title of the concert is a personal one. I noticed that when I was looking at the chosen repertoire, all the pieces I chose were dedicated to someone who had passed, and some were even titled \u00ab\u00a0In Memoriam\u00a0\u00bb. Jewish history being one of constant persecution, I felt that this was not a coincidence. I am dedicating this concert to my ancestors so many of whom were directly lost in the holocaust, but I also dedicate this concert to my father (actually I dedicate all concerts to him). But particularly this one, because I really needed to show him my new flute.<\/p>\n<p>My sister and my nephew are learning piano, and hearing them play Leonard Cohen\u2019s Hallelujah inspired me to include it in the programme, a little nod to Montreal, and to my dad who used to play guitar and sing Leonard Cohen songs with us &#8211; although he hated Leonard\u2019s scratchy voice!<\/p>\n<p>&nbsp;<\/p>\n","protected":false},"excerpt":{"rendered":"<p>Je suis tr\u00e8s heureuse d&rsquo;annoncer mon prochain concert avec Autour de la fl\u00fbte. Apr\u00e8s une absence ces derniers temps de la sc\u00e8ne, p\u00e9riode pendant laquelle je me suis concentr\u00e9e sur la pr\u00e9sentation de concerts en ligne, c&rsquo;est vraiment agr\u00e9able de revenir sur sc\u00e8ne.<\/p>\n","protected":false},"author":1,"featured_media":75947,"comment_status":"open","ping_status":"closed","template":"","meta":{"om_disable_all_campaigns":false,"jetpack_post_was_ever_published":false},"tags":[],"tribe_events_cat":[6487],"acf":[],"jetpack_sharing_enabled":true,"_links":{"self":[{"href":"https:\/\/www.ludwig-van.com\/montreal\/wp-json\/wp\/v2\/tribe_events\/75944"}],"collection":[{"href":"https:\/\/www.ludwig-van.com\/montreal\/wp-json\/wp\/v2\/tribe_events"}],"about":[{"href":"https:\/\/www.ludwig-van.com\/montreal\/wp-json\/wp\/v2\/types\/tribe_events"}],"author":[{"embeddable":true,"href":"https:\/\/www.ludwig-van.com\/montreal\/wp-json\/wp\/v2\/users\/1"}],"replies":[{"embeddable":true,"href":"https:\/\/www.ludwig-van.com\/montreal\/wp-json\/wp\/v2\/comments?post=75944"}],"version-history":[{"count":2,"href":"https:\/\/www.ludwig-van.com\/montreal\/wp-json\/wp\/v2\/tribe_events\/75944\/revisions"}],"predecessor-version":[{"id":75946,"href":"https:\/\/www.ludwig-van.com\/montreal\/wp-json\/wp\/v2\/tribe_events\/75944\/revisions\/75946"}],"wp:featuredmedia":[{"embeddable":true,"href":"https:\/\/www.ludwig-van.com\/montreal\/wp-json\/wp\/v2\/media\/75947"}],"wp:attachment":[{"href":"https:\/\/www.ludwig-van.com\/montreal\/wp-json\/wp\/v2\/media?parent=75944"}],"wp:term":[{"taxonomy":"post_tag","embeddable":true,"href":"https:\/\/www.ludwig-van.com\/montreal\/wp-json\/wp\/v2\/tags?post=75944"},{"taxonomy":"tribe_events_cat","embeddable":true,"href":"https:\/\/www.ludwig-van.com\/montreal\/wp-json\/wp\/v2\/tribe_events_cat?post=75944"}],"curies":[{"name":"wp","href":"https:\/\/api.w.org\/{rel}","templated":true}]}}

<p>Je suis très heureuse d&rsquo;annoncer mon prochain concert avec Autour de la flûte. Après une absence ces derniers temps de la scène, période pendant laquelle je me suis concentrée sur la présentation de concerts en ligne, c&rsquo;est vraiment agréable de revenir sur scène.</p>
<p>Il s&rsquo;agit d&rsquo;un concert très personnel mettant en scène des compositeurs juifs.</p>
<p>Dans ma vie professionnelle, je me retrouve souvent la seule personne juive sur scène et je me rends compte (tardivement) qu&rsquo;en tant que femme juive, religieuse ou non, mon judaïsme est une étiquette que je ne peux parfois pas enlever. En cette nouvelle ère de célébration et de promotion des communautés sous-représentées, j&rsquo;ai ressenti le besoin d&rsquo;explorer mon lien avec mes racines, mes ancêtres et ma culture à travers ma musique. J&rsquo;ai eu envie de voir si mon héritage culturel jouait un rôle dans mon amour et mon expression pour la musique, et j&rsquo;ai voulu savoir quelle était la relation de certains compositeurs avec leur culture ou leur religion juive. Cela m&rsquo;a amené à me plonger dans les histoires de compositeurs bien connus, et j&rsquo;ai découvert des liens et des histoires vraiment intéressants qui sont tissés ensemble.</p>
<p>Je n&rsquo;ai pas pu écarter mon intérêt pour l’histoire et j&rsquo;ai trouvé des anecdotes historiques très intéressantes &#8211; chaque compositeur est lié d&rsquo;une manière ou d&rsquo;une autre à un autre par l&rsquo;intermédiaire de professeurs ou d&rsquo;élèves qu&rsquo;ils ont en commun ou de personnes à qui ils ont dédié leur musique.</p>
<p>Ce concert sera également l&rsquo;occasion d&rsquo;inaugurer ma toute nouvelle flûte &#8211; une flûte moderne en bois fabriquée spécialement pour moi par un facteur de flûtes qui est venu à Montréal et m&rsquo;a aidé à choisir celle qui convenait parfaitement à mon jeu. Ceux qui me connaissent savent que jusqu&rsquo;à présent, je me suis surtout spécialisée dans la musique historique et les instruments historiques, principalement la musique baroque. Avec cette nouvelle flûte, je me suis donné la possibilité d&rsquo;explorer la musique de toutes les époques et de tous les genres, y compris les compositeurs contemporains. Quelle joie d&rsquo;avoir appris que Philip Glass jouait de la flûte !</p>
<p>Liza Miller, claveciniste et pianiste incroyablement polyvalente, m&rsquo;accompagne au piano. Elle a récemment rejoint le département de musique ancienne de McGill, ce qui m&rsquo;a donné le privilège de travailler avec elle à McGill, mais aussi d&rsquo;avoir des discussions intéressantes sur son propre héritage juif. Ayant grandi en Europe, son expérience en tant que juive et le fait qu’elle a subi l&rsquo;antisémitisme là-bas nous ont donné beaucoup de matière à réflexion.</p>
<p>Enfin, le titre du concert est personnel. J&rsquo;ai remarqué qu&rsquo;en regardant le répertoire choisi, toutes les pièces que j&rsquo;ai choisies étaient dédiées à quelqu&rsquo;un qui était décédé, et certaines étaient même intitulées « In Memoriam ». L&rsquo;histoire juive étant marquée par des persécutions constantes, j&rsquo;ai pensé que ce n&rsquo;était pas une coïncidence. Je dédie ce concert à mes ancêtres, dont beaucoup ont directement disparu dans l&rsquo;holocauste, mais aussi à mon père. En fait, je lui dédie tous les concerts; mais encore plus celui-ci, car j&rsquo;aurais vraiment besoin de lui montrer ma nouvelle flûte.</p>
<p>Ma sœur et mon neveu apprennent le piano, et les entendre jouer Hallelujah de Leonard Cohen m&rsquo;a incité à l&rsquo;inclure dans le programme, un petit clin d&rsquo;œil à Montréal et à mon père qui avait l&rsquo;habitude de jouer de la guitare et de chanter des chansons de Leonard Cohen avec nous &#8211; même s&rsquo;il détestait la voix éraillée de Leonard !</p>
<p>__________________________</p>
<p>I am very excited to announce my upcoming concert with Autour de la flûte. After not having been on stage for a while, focusing instead on digital concerts, it now it feels really nice to be back to live.</p>
<p>This is a deeply personal concert featuring Jewish composers.</p>
<p>In my professional life, I often find myself the only Jewish person on stage, and coming to the (late) realization that as a Jewish woman, religious or not, my Judaism is a hat that sometimes I cannot take off. In this new era of celebrating and promoting underrepresented communities, I felt like I needed to explore my connection to my roots, my ancestors, and my culture with my music. I was inspired to examine whether my cultural heritage plays a part in my love and my expression for music, and I was interested in finding out what some composers&rsquo; relationship was to their Jewish culture or religion. This led me to delve deeply into stories of well-known composers, and I discovered really cool connections and stories that are woven together. I couldn’t get the historian out of me and I found some really cool historical anecdotes &#8211; each composer is connected somehow to each other through shared teachers, or students, or dedicatees.</p>
<p>This concert will also be an inauguration of my brand new flute- a wooden modern flute made just for me by a flute maker who came to Montreal and helped me choose one that suited my playing perfectly. Those who know me, know that up until now I have mostly specialized in historical music and historical instruments, mostly Baroque music. With this new flute, I gave myself the opportunity to explore music of all eras and genres including living composers. What a thrill to have learned that Philip Glass played the flute!</p>
<p>Joining me on the piano is Liza Miller &#8211; an amazingly versatile harpsichordist and pianist, who recently joined McGill’s Early Music Department, giving me the privilege of working with her both at McGill, as well as getting into interesting discussions about her own Jewish heritage. Growing up in Europe her experience being Jewish, and experiencing antisemitism, gave us a lot of food for thought.</p>
<p>Lastly, the title of the concert is a personal one. I noticed that when I was looking at the chosen repertoire, all the pieces I chose were dedicated to someone who had passed, and some were even titled « In Memoriam ». Jewish history being one of constant persecution, I felt that this was not a coincidence. I am dedicating this concert to my ancestors so many of whom were directly lost in the holocaust, but I also dedicate this concert to my father (actually I dedicate all concerts to him). But particularly this one, because I really needed to show him my new flute.</p>
<p>My sister and my nephew are learning piano, and hearing them play Leonard Cohen’s Hallelujah inspired me to include it in the programme, a little nod to Montreal, and to my dad who used to play guitar and sing Leonard Cohen songs with us &#8211; although he hated Leonard’s scratchy voice!</p>
<p>&nbsp;</p>

<p>Je suis très heureuse d&rsquo;annoncer mon prochain concert avec Autour de la flûte. Après une absence ces derniers temps de la scène, période pendant laquelle je me suis concentrée sur la présentation de concerts en ligne, c&rsquo;est vraiment agréable de revenir sur scène.</p>
