{"id":75855,"date":"2023-04-30T10:05:21","date_gmt":"2023-04-30T14:05:21","guid":{"rendered":"https:\/\/www.ludwig-van.com\/montreal\/?post_type=tribe_events&#038;p=75855"},"modified":"2023-04-30T10:05:21","modified_gmt":"2023-04-30T14:05:21","slug":"ensemble-caprice-la-messe-en-si-mineur-de-bach","status":"publish","type":"tribe_events","link":"https:\/\/www.ludwig-van.com\/montreal\/event\/ensemble-caprice-la-messe-en-si-mineur-de-bach\/","title":{"rendered":"Ensemble Caprice | La Messe en si mineur de Bach"},"content":{"rendered":"<p>La messe en si mineur de J.S. Bach est l\u2019un des sommets de la musique occidentale. Quelque peu avant sa mort, le grand ma\u00eetre allemand compl\u00e9ta cette \u0153uvre magistrale, symbiose parfaite des divers courants musicaux de son \u00e9poque. Ce chef-d&rsquo;\u0153uvre intemporel sera interpr\u00e9t\u00e9 par Ensemble Caprice et le ch\u0153ur d\u2019Ensemble ArtChoral sous la direction de Matthias Maute.<\/p>\n","protected":false},"excerpt":{"rendered":"<p>La messe en si mineur de J.S. Bach est l\u2019un des sommets de la musique occidentale.<\/p>\n","protected":false},"author":1,"featured_media":75857,"comment_status":"open","ping_status":"closed","template":"","meta":{"om_disable_all_campaigns":false,"jetpack_post_was_ever_published":false},"tags":[],"tribe_events_cat":[6487],"acf":[],"jetpack_sharing_enabled":true,"_links":{"self":[{"href":"https:\/\/www.ludwig-van.com\/montreal\/wp-json\/wp\/v2\/tribe_events\/75855"}],"collection":[{"href":"https:\/\/www.ludwig-van.com\/montreal\/wp-json\/wp\/v2\/tribe_events"}],"about":[{"href":"https:\/\/www.ludwig-van.com\/montreal\/wp-json\/wp\/v2\/types\/tribe_events"}],"author":[{"embeddable":true,"href":"https:\/\/www.ludwig-van.com\/montreal\/wp-json\/wp\/v2\/users\/1"}],"replies":[{"embeddable":true,"href":"https:\/\/www.ludwig-van.com\/montreal\/wp-json\/wp\/v2\/comments?post=75855"}],"version-history":[{"count":1,"href":"https:\/\/www.ludwig-van.com\/montreal\/wp-json\/wp\/v2\/tribe_events\/75855\/revisions"}],"predecessor-version":[{"id":75856,"href":"https:\/\/www.ludwig-van.com\/montreal\/wp-json\/wp\/v2\/tribe_events\/75855\/revisions\/75856"}],"wp:featuredmedia":[{"embeddable":true,"href":"https:\/\/www.ludwig-van.com\/montreal\/wp-json\/wp\/v2\/media\/75857"}],"wp:attachment":[{"href":"https:\/\/www.ludwig-van.com\/montreal\/wp-json\/wp\/v2\/media?parent=75855"}],"wp:term":[{"taxonomy":"post_tag","embeddable":true,"href":"https:\/\/www.ludwig-van.com\/montreal\/wp-json\/wp\/v2\/tags?post=75855"},{"taxonomy":"tribe_events_cat","embeddable":true,"href":"https:\/\/www.ludwig-van.com\/montreal\/wp-json\/wp\/v2\/tribe_events_cat?post=75855"}],"curies":[{"name":"wp","href":"https:\/\/api.w.org\/{rel}","templated":true}]}}

<p>La messe en si mineur de J.S. Bach est l’un des sommets de la musique occidentale. Quelque peu avant sa mort, le grand maître allemand compléta cette œuvre magistrale, symbiose parfaite des divers courants musicaux de son époque. Ce chef-d&rsquo;œuvre intemporel sera interprété par Ensemble Caprice et le chœur d’Ensemble ArtChoral sous la direction de Matthias Maute.</p>
