{"id":75389,"date":"2023-02-20T16:14:38","date_gmt":"2023-02-20T21:14:38","guid":{"rendered":"https:\/\/www.ludwig-van.com\/montreal\/?post_type=tribe_events&#038;p=75389"},"modified":"2023-02-20T16:14:38","modified_gmt":"2023-02-20T21:14:38","slug":"societe-de-musique-contemporaine-du-quebec-maelie-et-le-dragon","status":"publish","type":"tribe_events","link":"https:\/\/www.ludwig-van.com\/montreal\/event\/societe-de-musique-contemporaine-du-quebec-maelie-et-le-dragon\/2023-02-28\/","title":{"rendered":"Soci\u00e9t\u00e9 de musique contemporaine du Qu\u00e9bec | Ma\u00e9lie et le dragon"},"content":{"rendered":"<p>Pour la semaine de rel\u00e2che, une activit\u00e9 g\u00e9niale de cr\u00e9ation musicale pour les enfants de 5 \u00e0 12 ans<\/p>\n<p>Le temps de cet atelier, vos enfants deviendront des compositeurs ou des compositrices en inventant la bande sonore du conte Ma\u00e9lie et le dragon. Cette adorable histoire, \u00e9crite par une petite fille de neuf ans, a tellement s\u00e9duit le compositeur Denis Gougeon qu\u2019il a d\u00e9cid\u00e9 de la mettre en musique. Le conte et la musique ont ensuite \u00e9t\u00e9 transform\u00e9s en application web puis en atelier cr\u00e9atif.<\/p>\n<p>Avec doigt\u00e9, Audrey-Kristel Barbeau, professeure en p\u00e9dagogie musicale, accompagn\u00e9e du pianiste J\u00e9r\u00e9mie Brodeur, montrera \u00e0 chaque groupe d\u2019enfants la jolie chanson de Ma\u00e9lie et le dragon avec laquelle ils pourront jouer de plusieurs mani\u00e8res. Vos enfants seront captiv\u00e9s en cr\u00e9ant la bande sonore du conte avec de petites percussions, leurs mains ou leur voix.<\/p>\n<p>\u00c0 la maison par la suite, vos enfants pourront continuer de composer gr\u00e2ce \u00e0 l\u2019application interactive. Une heure de musique qui se multipliera en des heures de plaisir cr\u00e9atif en famille.<\/p>\n<p>En pr\u00e9sence du compositeur Denis Gougeon.<\/p>\n","protected":false},"excerpt":{"rendered":"<p>Pour la semaine de rel\u00e2che, une activit\u00e9 g\u00e9niale de cr\u00e9ation musicale pour les enfants de 5 \u00e0 12 ans Le temps de cet atelier, vos enfants deviendront des compositeurs ou des compositrices en inventant la bande sonore du conte Ma\u00e9lie et le dragon. Cette adorable histoire, \u00e9crite par une petite fille de neuf ans, a [&hellip;]<\/p>\n","protected":false},"author":1,"featured_media":75390,"comment_status":"open","ping_status":"closed","template":"","meta":{"om_disable_all_campaigns":false,"jetpack_post_was_ever_published":false},"tags":[],"tribe_events_cat":[5327],"acf":[],"jetpack_sharing_enabled":true,"_links":{"self":[{"href":"https:\/\/www.ludwig-van.com\/montreal\/wp-json\/wp\/v2\/tribe_events\/75389"}],"collection":[{"href":"https:\/\/www.ludwig-van.com\/montreal\/wp-json\/wp\/v2\/tribe_events"}],"about":[{"href":"https:\/\/www.ludwig-van.com\/montreal\/wp-json\/wp\/v2\/types\/tribe_events"}],"author":[{"embeddable":true,"href":"https:\/\/www.ludwig-van.com\/montreal\/wp-json\/wp\/v2\/users\/1"}],"replies":[{"embeddable":true,"href":"https:\/\/www.ludwig-van.com\/montreal\/wp-json\/wp\/v2\/comments?post=75389"}],"version-history":[{"count":1,"href":"https:\/\/www.ludwig-van.com\/montreal\/wp-json\/wp\/v2\/tribe_events\/75389\/revisions"}],"predecessor-version":[{"id":75391,"href":"https:\/\/www.ludwig-van.com\/montreal\/wp-json\/wp\/v2\/tribe_events\/75389\/revisions\/75391"}],"wp:featuredmedia":[{"embeddable":true,"href":"https:\/\/www.ludwig-van.com\/montreal\/wp-json\/wp\/v2\/media\/75390"}],"wp:attachment":[{"href":"https:\/\/www.ludwig-van.com\/montreal\/wp-json\/wp\/v2\/media?parent=75389"}],"wp:term":[{"taxonomy":"post_tag","embeddable":true,"href":"https:\/\/www.ludwig-van.com\/montreal\/wp-json\/wp\/v2\/tags?post=75389"},{"taxonomy":"tribe_events_cat","embeddable":true,"href":"https:\/\/www.ludwig-van.com\/montreal\/wp-json\/wp\/v2\/tribe_events_cat?post=75389"}],"curies":[{"name":"wp","href":"https:\/\/api.w.org\/{rel}","templated":true}]}}

Société de musique contemporaine du Québec | Maélie et le dragon

<p>Pour la semaine de relâche, une activité géniale de création musicale pour les enfants de 5 à 12 ans</p>
<p>Le temps de cet atelier, vos enfants deviendront des compositeurs ou des compositrices en inventant la bande sonore du conte Maélie et le dragon. Cette adorable histoire, écrite par une petite fille de neuf ans, a tellement séduit le compositeur Denis Gougeon qu’il a décidé de la mettre en musique. Le conte et la musique ont ensuite été transformés en application web puis en atelier créatif.</p>
<p>Avec doigté, Audrey-Kristel Barbeau, professeure en pédagogie musicale, accompagnée du pianiste Jérémie Brodeur, montrera à chaque groupe d’enfants la jolie chanson de Maélie et le dragon avec laquelle ils pourront jouer de plusieurs manières. Vos enfants seront captivés en créant la bande sonore du conte avec de petites percussions, leurs mains ou leur voix.</p>
<p>À la maison par la suite, vos enfants pourront continuer de composer grâce à l’application interactive. Une heure de musique qui se multipliera en des heures de plaisir créatif en famille.</p>
<p>En présence du compositeur Denis Gougeon.</p>

<p>Pour la semaine de relâche, une activité géniale de création musicale pour les enfants de 5 à 12 ans Le temps de cet atelier, vos enfants deviendront des compositeurs ou des compositrices en inventant la bande sonore du conte Maélie et le dragon. Cette adorable histoire, écrite par une petite fille de neuf ans, a [&hellip;]</p>
