{"id":75172,"date":"2023-02-07T16:20:45","date_gmt":"2023-02-07T21:20:45","guid":{"rendered":"https:\/\/www.ludwig-van.com\/montreal\/?post_type=tribe_events&#038;p=75172"},"modified":"2023-02-07T16:20:45","modified_gmt":"2023-02-07T21:20:45","slug":"chapelle-historique-du-bon-pasteur-atelier-lyrique-de-lopera-de-montreal","status":"publish","type":"tribe_events","link":"https:\/\/www.ludwig-van.com\/montreal\/event\/chapelle-historique-du-bon-pasteur-atelier-lyrique-de-lopera-de-montreal\/","title":{"rendered":"Chapelle historique du Bon-Pasteur | Atelier lyrique de l&rsquo;Op\u00e9ra de Montr\u00e9al"},"content":{"rendered":"<p>Sydney Frodsham, mezzo soprano<br \/>\nMishael Eusebio, t\u00e9nor<br \/>\nMarc-Antoine Br\u00fbl\u00e9, t\u00e9nor<br \/>\nMikelis Rogers, baryton<br \/>\nMatthew Li, basse<\/p>\n<p>Programme:<\/p>\n<p>\u0152uvres \u00e0 confirmer<\/p>\n","protected":false},"excerpt":{"rendered":"<p>Atelier lyrique de l&rsquo;Op\u00e9ra de Montr\u00e9al <\/p>\n","protected":false},"author":1,"featured_media":75174,"comment_status":"open","ping_status":"closed","template":"","meta":{"om_disable_all_campaigns":false,"jetpack_post_was_ever_published":false},"tags":[],"tribe_events_cat":[4992],"acf":[],"jetpack_sharing_enabled":true,"_links":{"self":[{"href":"https:\/\/www.ludwig-van.com\/montreal\/wp-json\/wp\/v2\/tribe_events\/75172"}],"collection":[{"href":"https:\/\/www.ludwig-van.com\/montreal\/wp-json\/wp\/v2\/tribe_events"}],"about":[{"href":"https:\/\/www.ludwig-van.com\/montreal\/wp-json\/wp\/v2\/types\/tribe_events"}],"author":[{"embeddable":true,"href":"https:\/\/www.ludwig-van.com\/montreal\/wp-json\/wp\/v2\/users\/1"}],"replies":[{"embeddable":true,"href":"https:\/\/www.ludwig-van.com\/montreal\/wp-json\/wp\/v2\/comments?post=75172"}],"version-history":[{"count":1,"href":"https:\/\/www.ludwig-van.com\/montreal\/wp-json\/wp\/v2\/tribe_events\/75172\/revisions"}],"predecessor-version":[{"id":75173,"href":"https:\/\/www.ludwig-van.com\/montreal\/wp-json\/wp\/v2\/tribe_events\/75172\/revisions\/75173"}],"wp:featuredmedia":[{"embeddable":true,"href":"https:\/\/www.ludwig-van.com\/montreal\/wp-json\/wp\/v2\/media\/75174"}],"wp:attachment":[{"href":"https:\/\/www.ludwig-van.com\/montreal\/wp-json\/wp\/v2\/media?parent=75172"}],"wp:term":[{"taxonomy":"post_tag","embeddable":true,"href":"https:\/\/www.ludwig-van.com\/montreal\/wp-json\/wp\/v2\/tags?post=75172"},{"taxonomy":"tribe_events_cat","embeddable":true,"href":"https:\/\/www.ludwig-van.com\/montreal\/wp-json\/wp\/v2\/tribe_events_cat?post=75172"}],"curies":[{"name":"wp","href":"https:\/\/api.w.org\/{rel}","templated":true}]}}

Chapelle historique du Bon-Pasteur | Atelier lyrique de l&rsquo;Opéra de Montréal

<p>Sydney Frodsham, mezzo soprano<br />
Mishael Eusebio, ténor<br />
Marc-Antoine Brûlé, ténor<br />
Mikelis Rogers, baryton<br />
Matthew Li, basse</p>
<p>Programme:</p>
<p>Œuvres à confirmer</p>

<p>Atelier lyrique de l&rsquo;Opéra de Montréal </p>
