{"id":75155,"date":"2023-02-07T15:32:46","date_gmt":"2023-02-07T20:32:46","guid":{"rendered":"https:\/\/www.ludwig-van.com\/montreal\/?post_type=tribe_events&#038;p=75155"},"modified":"2023-02-07T15:32:46","modified_gmt":"2023-02-07T20:32:46","slug":"chapelle-historique-du-bon-pasteur-serenade","status":"publish","type":"tribe_events","link":"https:\/\/www.ludwig-van.com\/montreal\/event\/chapelle-historique-du-bon-pasteur-serenade\/","title":{"rendered":"Chapelle historique du Bon-Pasteur | S\u00e9r\u00e9nade"},"content":{"rendered":"<p>Concert de Ad Hoc, octuor \u00e0 vent<\/p>\n<p>Sonia Gratton et M\u00e9lanie Harel, hautbois<br \/>\nMartin Carpentier et Gwena\u00eblle Ratouit, clarinette<br \/>\nMary Chalk et Mathieu Harel, basson<br \/>\nSimon Bourget et Maude Lussier, cor<\/p>\n<p>Programme:<\/p>\n<p>Georg Friedrich Haendel: Music for the Royal Fireworks<br \/>\nWolfgang Amadeus Mozart: S\u00e9r\u00e9nade en do mineur, K. 388<br \/>\nLudwig van Beethoven: Octuor \u00e0 vent, opus 103<\/p>\n","protected":false},"excerpt":{"rendered":"<p>Concert de Ad Hoc, octuor \u00e0 vent<\/p>\n","protected":false},"author":1,"featured_media":75158,"comment_status":"open","ping_status":"closed","template":"","meta":{"om_disable_all_campaigns":false,"jetpack_post_was_ever_published":false},"tags":[],"tribe_events_cat":[6487],"acf":[],"jetpack_sharing_enabled":true,"_links":{"self":[{"href":"https:\/\/www.ludwig-van.com\/montreal\/wp-json\/wp\/v2\/tribe_events\/75155"}],"collection":[{"href":"https:\/\/www.ludwig-van.com\/montreal\/wp-json\/wp\/v2\/tribe_events"}],"about":[{"href":"https:\/\/www.ludwig-van.com\/montreal\/wp-json\/wp\/v2\/types\/tribe_events"}],"author":[{"embeddable":true,"href":"https:\/\/www.ludwig-van.com\/montreal\/wp-json\/wp\/v2\/users\/1"}],"replies":[{"embeddable":true,"href":"https:\/\/www.ludwig-van.com\/montreal\/wp-json\/wp\/v2\/comments?post=75155"}],"version-history":[{"count":2,"href":"https:\/\/www.ludwig-van.com\/montreal\/wp-json\/wp\/v2\/tribe_events\/75155\/revisions"}],"predecessor-version":[{"id":75157,"href":"https:\/\/www.ludwig-van.com\/montreal\/wp-json\/wp\/v2\/tribe_events\/75155\/revisions\/75157"}],"wp:featuredmedia":[{"embeddable":true,"href":"https:\/\/www.ludwig-van.com\/montreal\/wp-json\/wp\/v2\/media\/75158"}],"wp:attachment":[{"href":"https:\/\/www.ludwig-van.com\/montreal\/wp-json\/wp\/v2\/media?parent=75155"}],"wp:term":[{"taxonomy":"post_tag","embeddable":true,"href":"https:\/\/www.ludwig-van.com\/montreal\/wp-json\/wp\/v2\/tags?post=75155"},{"taxonomy":"tribe_events_cat","embeddable":true,"href":"https:\/\/www.ludwig-van.com\/montreal\/wp-json\/wp\/v2\/tribe_events_cat?post=75155"}],"curies":[{"name":"wp","href":"https:\/\/api.w.org\/{rel}","templated":true}]}}

Chapelle historique du Bon-Pasteur | Sérénade

<p>Concert de Ad Hoc, octuor à vent</p>
<p>Sonia Gratton et Mélanie Harel, hautbois<br />
Martin Carpentier et Gwenaëlle Ratouit, clarinette<br />
Mary Chalk et Mathieu Harel, basson<br />
Simon Bourget et Maude Lussier, cor</p>
<p>Programme:</p>
<p>Georg Friedrich Haendel: Music for the Royal Fireworks<br />
Wolfgang Amadeus Mozart: Sérénade en do mineur, K. 388<br />
Ludwig van Beethoven: Octuor à vent, opus 103</p>

<p>Concert de Ad Hoc, octuor à vent</p>
