{"id":75152,"date":"2023-02-07T15:20:02","date_gmt":"2023-02-07T20:20:02","guid":{"rendered":"https:\/\/www.ludwig-van.com\/montreal\/?post_type=tribe_events&#038;p=75152"},"modified":"2023-02-07T15:20:02","modified_gmt":"2023-02-07T20:20:02","slug":"chapelle-historique-du-bon-pasteur-midi-concert-des-laureats-du-concours-omni-ii","status":"publish","type":"tribe_events","link":"https:\/\/www.ludwig-van.com\/montreal\/event\/chapelle-historique-du-bon-pasteur-midi-concert-des-laureats-du-concours-omni-ii\/","title":{"rendered":"Chapelle historique du Bon-Pasteur | Midi concert des laur\u00e9ats du Concours OMNI II"},"content":{"rendered":"<p>S\u00e9rie de concerts en collaboration avec l\u2019Orchestre M\u00e9tropolitain.<\/p>\n<p>Description<br \/>\nKevin Wang, piano<br \/>\nAlexis Bernier, fl\u00fbte<br \/>\nMarianne Patenaude, piano<\/p>\n<p>Programme:<\/p>\n<p>Georg Friedrich Haendel : Suite pour clavier en fa majeur, HWV 427<br \/>\nLeo\u0161 Jan\u00e1\u010dek : Sonate pour piano no 1, X. 1905<br \/>\nFr\u00e9d\u00e9ric Chopin : Scherzo no 4, opus 54<br \/>\nKevin Wang, piano<\/p>\n<p>Charles-Marie Widor : Suite pour fl\u00fbte et piano, opus 34<br \/>\nAstor Piazzolla : \u00c9tude Tango no 3<br \/>\nClaude Debussy : Syrinx, pour fl\u00fbte seule<br \/>\nAlexis Bernier, fl\u00fbte<br \/>\nMarianne Patenaude, piano<\/p>\n","protected":false},"excerpt":{"rendered":"<p>Midi concert des laur\u00e9ats du Concours OMNI II<\/p>\n","protected":false},"author":1,"featured_media":75153,"comment_status":"open","ping_status":"closed","template":"","meta":{"om_disable_all_campaigns":false,"jetpack_post_was_ever_published":false},"tags":[],"tribe_events_cat":[6487],"acf":[],"jetpack_sharing_enabled":true,"_links":{"self":[{"href":"https:\/\/www.ludwig-van.com\/montreal\/wp-json\/wp\/v2\/tribe_events\/75152"}],"collection":[{"href":"https:\/\/www.ludwig-van.com\/montreal\/wp-json\/wp\/v2\/tribe_events"}],"about":[{"href":"https:\/\/www.ludwig-van.com\/montreal\/wp-json\/wp\/v2\/types\/tribe_events"}],"author":[{"embeddable":true,"href":"https:\/\/www.ludwig-van.com\/montreal\/wp-json\/wp\/v2\/users\/1"}],"replies":[{"embeddable":true,"href":"https:\/\/www.ludwig-van.com\/montreal\/wp-json\/wp\/v2\/comments?post=75152"}],"version-history":[{"count":1,"href":"https:\/\/www.ludwig-van.com\/montreal\/wp-json\/wp\/v2\/tribe_events\/75152\/revisions"}],"predecessor-version":[{"id":75154,"href":"https:\/\/www.ludwig-van.com\/montreal\/wp-json\/wp\/v2\/tribe_events\/75152\/revisions\/75154"}],"wp:featuredmedia":[{"embeddable":true,"href":"https:\/\/www.ludwig-van.com\/montreal\/wp-json\/wp\/v2\/media\/75153"}],"wp:attachment":[{"href":"https:\/\/www.ludwig-van.com\/montreal\/wp-json\/wp\/v2\/media?parent=75152"}],"wp:term":[{"taxonomy":"post_tag","embeddable":true,"href":"https:\/\/www.ludwig-van.com\/montreal\/wp-json\/wp\/v2\/tags?post=75152"},{"taxonomy":"tribe_events_cat","embeddable":true,"href":"https:\/\/www.ludwig-van.com\/montreal\/wp-json\/wp\/v2\/tribe_events_cat?post=75152"}],"curies":[{"name":"wp","href":"https:\/\/api.w.org\/{rel}","templated":true}]}}

Chapelle historique du Bon-Pasteur | Midi concert des lauréats du Concours OMNI II

<p>Série de concerts en collaboration avec l’Orchestre Métropolitain.</p>
<p>Description<br />
Kevin Wang, piano<br />
Alexis Bernier, flûte<br />
Marianne Patenaude, piano</p>
<p>Programme:</p>
<p>Georg Friedrich Haendel : Suite pour clavier en fa majeur, HWV 427<br />
Leoš Janáček : Sonate pour piano no 1, X. 1905<br />
Frédéric Chopin : Scherzo no 4, opus 54<br />
Kevin Wang, piano</p>
<p>Charles-Marie Widor : Suite pour flûte et piano, opus 34<br />
Astor Piazzolla : Étude Tango no 3<br />
Claude Debussy : Syrinx, pour flûte seule<br />
Alexis Bernier, flûte<br />
Marianne Patenaude, piano</p>

<p>Midi concert des lauréats du Concours OMNI II</p>
