{"id":74975,"date":"2023-01-25T10:41:18","date_gmt":"2023-01-25T15:41:18","guid":{"rendered":"https:\/\/www.ludwig-van.com\/montreal\/?post_type=tribe_events&#038;p=74975"},"modified":"2023-01-25T10:47:05","modified_gmt":"2023-01-25T15:47:05","slug":"le-vivier-projections-claude-vivier-triptyque-de-michael-greyeyes","status":"publish","type":"tribe_events","link":"https:\/\/www.ludwig-van.com\/montreal\/event\/le-vivier-projections-claude-vivier-triptyque-de-michael-greyeyes\/","title":{"rendered":"Le Vivier | PROJECTIONS : CLAUDE VIVIER \/ TRIPTYQUE DE MICHAEL GREYEYES"},"content":{"rendered":"<h3>Tarifications : \u00e0 venir<\/h3>\n<p>Une projection de trois films produits par Soundstreams, r\u00e9alis\u00e9s et chor\u00e9graphi\u00e9s par le c\u00e9l\u00e8bre artiste autochtone canadien Michael Greyeyes, d\u2019apr\u00e8s les oeuvres de Claude Vivier : Leora, d\u2019apr\u00e8s Shiraz (Vivier &#8211; 1977), 2, d\u2019apr\u00e8s Cinq chansons pour percussions (Vivier &#8211; 1980) et Zipangu, d\u2019apr\u00e8s Zipangu (Vivier -1980).<\/p>\n<p>&nbsp;<\/p>\n","protected":false},"excerpt":{"rendered":"<p>Une projection de trois films produits par Soundstreams, r\u00e9alis\u00e9s et chor\u00e9graphi\u00e9s par le c\u00e9l\u00e8bre artiste autochtone canadien Michael Greyeyes, d\u2019apr\u00e8s les oeuvres de Claude Vivier : Leora, d\u2019apr\u00e8s Shiraz (Vivier &#8211; 1977), 2, d\u2019apr\u00e8s Cinq chansons pour percussions (Vivier &#8211; 1980) et Zipangu, d\u2019apr\u00e8s Zipangu (Vivier -1980).<\/p>\n","protected":false},"author":1,"featured_media":74977,"comment_status":"open","ping_status":"closed","template":"","meta":{"om_disable_all_campaigns":false,"jetpack_post_was_ever_published":false},"tags":[],"tribe_events_cat":[],"acf":[],"jetpack_sharing_enabled":true,"_links":{"self":[{"href":"https:\/\/www.ludwig-van.com\/montreal\/wp-json\/wp\/v2\/tribe_events\/74975"}],"collection":[{"href":"https:\/\/www.ludwig-van.com\/montreal\/wp-json\/wp\/v2\/tribe_events"}],"about":[{"href":"https:\/\/www.ludwig-van.com\/montreal\/wp-json\/wp\/v2\/types\/tribe_events"}],"author":[{"embeddable":true,"href":"https:\/\/www.ludwig-van.com\/montreal\/wp-json\/wp\/v2\/users\/1"}],"replies":[{"embeddable":true,"href":"https:\/\/www.ludwig-van.com\/montreal\/wp-json\/wp\/v2\/comments?post=74975"}],"version-history":[{"count":1,"href":"https:\/\/www.ludwig-van.com\/montreal\/wp-json\/wp\/v2\/tribe_events\/74975\/revisions"}],"predecessor-version":[{"id":74976,"href":"https:\/\/www.ludwig-van.com\/montreal\/wp-json\/wp\/v2\/tribe_events\/74975\/revisions\/74976"}],"wp:featuredmedia":[{"embeddable":true,"href":"https:\/\/www.ludwig-van.com\/montreal\/wp-json\/wp\/v2\/media\/74977"}],"wp:attachment":[{"href":"https:\/\/www.ludwig-van.com\/montreal\/wp-json\/wp\/v2\/media?parent=74975"}],"wp:term":[{"taxonomy":"post_tag","embeddable":true,"href":"https:\/\/www.ludwig-van.com\/montreal\/wp-json\/wp\/v2\/tags?post=74975"},{"taxonomy":"tribe_events_cat","embeddable":true,"href":"https:\/\/www.ludwig-van.com\/montreal\/wp-json\/wp\/v2\/tribe_events_cat?post=74975"}],"curies":[{"name":"wp","href":"https:\/\/api.w.org\/{rel}","templated":true}]}}

<h3>Tarifications : à venir</h3>
<p>Une projection de trois films produits par Soundstreams, réalisés et chorégraphiés par le célèbre artiste autochtone canadien Michael Greyeyes, d’après les oeuvres de Claude Vivier : Leora, d’après Shiraz (Vivier &#8211; 1977), 2, d’après Cinq chansons pour percussions (Vivier &#8211; 1980) et Zipangu, d’après Zipangu (Vivier -1980).</p>
<p>&nbsp;</p>

<p>Une projection de trois films produits par Soundstreams, réalisés et chorégraphiés par le célèbre artiste autochtone canadien Michael Greyeyes, d’après les oeuvres de Claude Vivier : Leora, d’après Shiraz (Vivier &#8211; 1977), 2, d’après Cinq chansons pour percussions (Vivier &#8211; 1980) et Zipangu, d’après Zipangu (Vivier -1980).</p>
