{"id":74909,"date":"2023-01-23T17:30:45","date_gmt":"2023-01-23T22:30:45","guid":{"rendered":"https:\/\/www.ludwig-van.com\/montreal\/?post_type=tribe_events&#038;p=74909"},"modified":"2023-01-23T17:30:45","modified_gmt":"2023-01-23T22:30:45","slug":"le-vivier-projet-lonely-child","status":"publish","type":"tribe_events","link":"https:\/\/www.ludwig-van.com\/montreal\/event\/le-vivier-projet-lonely-child\/","title":{"rendered":"Le Vivier | Projet Lonely Child"},"content":{"rendered":"<p>Lonely Child Collectif revisite en premi\u00e8re mondiale trois \u0153uvres du compositeur qu\u00e9b\u00e9cois Claude Vivier pour un concert exceptionnel o\u00f9 le chant, le cirque, la danse et la musique se rencontrent dans une mise en sc\u00e8ne spectaculaire !<\/p>\n<p>Une rencontre fabuleuse entre les arts du cirque et les musiques nouvelles avec les artistes torontoises Stacie Dunlop (voix), Angola Murdoch (tissu a\u00e9rien), Holly Treddenick (cube a\u00e9rien) et les artistes du Vivier David Therrien-Brongo et le Quatuor Bozzini.<\/p>\n<p>&nbsp;<\/p>\n","protected":false},"excerpt":{"rendered":"<p>Lonely Child Collectif revisite en premi\u00e8re mondiale trois \u0153uvres du compositeur qu\u00e9b\u00e9cois Claude Vivier pour un concert exceptionnel o\u00f9 le chant, le cirque, la danse et la musique se rencontrent dans une mise en sc\u00e8ne spectaculaire !<\/p>\n","protected":false},"author":1,"featured_media":74911,"comment_status":"open","ping_status":"closed","template":"","meta":{"om_disable_all_campaigns":false,"jetpack_post_was_ever_published":false},"tags":[],"tribe_events_cat":[],"acf":[],"jetpack_sharing_enabled":true,"_links":{"self":[{"href":"https:\/\/www.ludwig-van.com\/montreal\/wp-json\/wp\/v2\/tribe_events\/74909"}],"collection":[{"href":"https:\/\/www.ludwig-van.com\/montreal\/wp-json\/wp\/v2\/tribe_events"}],"about":[{"href":"https:\/\/www.ludwig-van.com\/montreal\/wp-json\/wp\/v2\/types\/tribe_events"}],"author":[{"embeddable":true,"href":"https:\/\/www.ludwig-van.com\/montreal\/wp-json\/wp\/v2\/users\/1"}],"replies":[{"embeddable":true,"href":"https:\/\/www.ludwig-van.com\/montreal\/wp-json\/wp\/v2\/comments?post=74909"}],"version-history":[{"count":1,"href":"https:\/\/www.ludwig-van.com\/montreal\/wp-json\/wp\/v2\/tribe_events\/74909\/revisions"}],"predecessor-version":[{"id":74910,"href":"https:\/\/www.ludwig-van.com\/montreal\/wp-json\/wp\/v2\/tribe_events\/74909\/revisions\/74910"}],"wp:featuredmedia":[{"embeddable":true,"href":"https:\/\/www.ludwig-van.com\/montreal\/wp-json\/wp\/v2\/media\/74911"}],"wp:attachment":[{"href":"https:\/\/www.ludwig-van.com\/montreal\/wp-json\/wp\/v2\/media?parent=74909"}],"wp:term":[{"taxonomy":"post_tag","embeddable":true,"href":"https:\/\/www.ludwig-van.com\/montreal\/wp-json\/wp\/v2\/tags?post=74909"},{"taxonomy":"tribe_events_cat","embeddable":true,"href":"https:\/\/www.ludwig-van.com\/montreal\/wp-json\/wp\/v2\/tribe_events_cat?post=74909"}],"curies":[{"name":"wp","href":"https:\/\/api.w.org\/{rel}","templated":true}]}}

<p>Lonely Child Collectif revisite en première mondiale trois œuvres du compositeur québécois Claude Vivier pour un concert exceptionnel où le chant, le cirque, la danse et la musique se rencontrent dans une mise en scène spectaculaire !</p>
<p>Une rencontre fabuleuse entre les arts du cirque et les musiques nouvelles avec les artistes torontoises Stacie Dunlop (voix), Angola Murdoch (tissu aérien), Holly Treddenick (cube aérien) et les artistes du Vivier David Therrien-Brongo et le Quatuor Bozzini.</p>
<p>&nbsp;</p>

<p>Lonely Child Collectif revisite en première mondiale trois œuvres du compositeur québécois Claude Vivier pour un concert exceptionnel où le chant, le cirque, la danse et la musique se rencontrent dans une mise en scène spectaculaire !</p>
