{"id":74867,"date":"2023-01-17T15:16:55","date_gmt":"2023-01-17T20:16:55","guid":{"rendered":"https:\/\/www.ludwig-van.com\/montreal\/?post_type=tribe_events&#038;p=74867"},"modified":"2023-01-17T15:16:55","modified_gmt":"2023-01-17T20:16:55","slug":"le-vivier-hommage-claude-vivier","status":"publish","type":"tribe_events","link":"https:\/\/www.ludwig-van.com\/montreal\/event\/le-vivier-hommage-claude-vivier\/","title":{"rendered":"Le Vivier |  Hommage \u00e0 Claude Vivier"},"content":{"rendered":"<h2>Dans le cadre de la semaine du neuf<\/h2>\n<p>C\u2019est sous la direction de Lorraine Vaillancourt que le Nouvel Ensemble Moderne et la soprano Katrien Baerts ouvriront la Semaine du Neuf consacr\u00e9e au compositeur qu\u00e9b\u00e9cois Claude Vivier. Ce dernier tiendra une place importante dans le programme avec trois de ses \u0153uvres jou\u00e9es. Ce concert sera compl\u00e9t\u00e9 par une \u0153uvre de Marko Nikodijevic en hommage \u00e0 Claude Vivier.<\/p>\n<p>&nbsp;<\/p>\n","protected":false},"excerpt":{"rendered":"<p>C\u2019est sous la direction de Lorraine Vaillancourt que le Nouvel Ensemble Moderne et la soprano Katrien Baerts ouvriront la Semaine du Neuf consacr\u00e9e au compositeur qu\u00e9b\u00e9cois Claude Vivier.<\/p>\n","protected":false},"author":1,"featured_media":74869,"comment_status":"open","ping_status":"closed","template":"","meta":{"om_disable_all_campaigns":false,"jetpack_post_was_ever_published":false},"tags":[],"tribe_events_cat":[6487],"acf":[],"jetpack_sharing_enabled":true,"_links":{"self":[{"href":"https:\/\/www.ludwig-van.com\/montreal\/wp-json\/wp\/v2\/tribe_events\/74867"}],"collection":[{"href":"https:\/\/www.ludwig-van.com\/montreal\/wp-json\/wp\/v2\/tribe_events"}],"about":[{"href":"https:\/\/www.ludwig-van.com\/montreal\/wp-json\/wp\/v2\/types\/tribe_events"}],"author":[{"embeddable":true,"href":"https:\/\/www.ludwig-van.com\/montreal\/wp-json\/wp\/v2\/users\/1"}],"replies":[{"embeddable":true,"href":"https:\/\/www.ludwig-van.com\/montreal\/wp-json\/wp\/v2\/comments?post=74867"}],"version-history":[{"count":1,"href":"https:\/\/www.ludwig-van.com\/montreal\/wp-json\/wp\/v2\/tribe_events\/74867\/revisions"}],"predecessor-version":[{"id":74868,"href":"https:\/\/www.ludwig-van.com\/montreal\/wp-json\/wp\/v2\/tribe_events\/74867\/revisions\/74868"}],"wp:featuredmedia":[{"embeddable":true,"href":"https:\/\/www.ludwig-van.com\/montreal\/wp-json\/wp\/v2\/media\/74869"}],"wp:attachment":[{"href":"https:\/\/www.ludwig-van.com\/montreal\/wp-json\/wp\/v2\/media?parent=74867"}],"wp:term":[{"taxonomy":"post_tag","embeddable":true,"href":"https:\/\/www.ludwig-van.com\/montreal\/wp-json\/wp\/v2\/tags?post=74867"},{"taxonomy":"tribe_events_cat","embeddable":true,"href":"https:\/\/www.ludwig-van.com\/montreal\/wp-json\/wp\/v2\/tribe_events_cat?post=74867"}],"curies":[{"name":"wp","href":"https:\/\/api.w.org\/{rel}","templated":true}]}}

Le Vivier |  Hommage à Claude Vivier

<h2>Dans le cadre de la semaine du neuf</h2>
<p>C’est sous la direction de Lorraine Vaillancourt que le Nouvel Ensemble Moderne et la soprano Katrien Baerts ouvriront la Semaine du Neuf consacrée au compositeur québécois Claude Vivier. Ce dernier tiendra une place importante dans le programme avec trois de ses œuvres jouées. Ce concert sera complété par une œuvre de Marko Nikodijevic en hommage à Claude Vivier.</p>
<p>&nbsp;</p>

<p>C’est sous la direction de Lorraine Vaillancourt que le Nouvel Ensemble Moderne et la soprano Katrien Baerts ouvriront la Semaine du Neuf consacrée au compositeur québécois Claude Vivier.</p>
