{"id":74698,"date":"2023-01-11T10:59:44","date_gmt":"2023-01-11T15:59:44","guid":{"rendered":"https:\/\/www.ludwig-van.com\/montreal\/?post_type=tribe_events&#038;p=74698"},"modified":"2023-01-11T10:59:44","modified_gmt":"2023-01-11T15:59:44","slug":"societe-de-musique-contemporaine-du-quebec-voix-du-nord-nunavik-bretagne","status":"publish","type":"tribe_events","link":"https:\/\/www.ludwig-van.com\/montreal\/event\/societe-de-musique-contemporaine-du-quebec-voix-du-nord-nunavik-bretagne\/","title":{"rendered":"Soci\u00e9t\u00e9 de musique contemporaine du Qu\u00e9bec | Voix du nord : Nunavik &#8211; Bretagne"},"content":{"rendered":"<h2>Une rencontre musicale improbable \u00e0 travers le temps et l\u2019espace.<\/h2>\n<p>Les voix de chanteuses inuites et bretonnes s\u2019\u00e9l\u00e8vent au-dessus de l\u2019oc\u00e9an dans une cr\u00e9ation tr\u00e8s attendue de Katia Makdissi-Warren. La compositrice pass\u00e9e ma\u00eetre dans l\u2019art de cr\u00e9er des ponts entre les cultures r\u00e9unit en effet deux traditions mill\u00e9naires dans une \u0153uvre pour orchestre et quatre voix. Dirig\u00e9 par Allison Migeon et Brandyn Lewis, l\u2019Ensemble Obiora qui met de l\u2019avant des musiciens de diff\u00e9rents milieux culturels afin d\u2019apporter un souffle nouveau et diversifi\u00e9 dans la musique de concert se joint \u00e0 l\u2019Ensemble de la SMCQ pour cette cr\u00e9ation m\u00e9tiss\u00e9e.<\/p>\n<p>Katia Makdissi-Warren a \u00e9t\u00e9 la compositrice hommag\u00e9e par la SMCQ en 2019-20 et a re\u00e7u le prestigieux Prix Betty-Webster remis par Orchestres Canada en 2022. Avec son ensemble Oktoecho, elle a aussi gagn\u00e9 plusieurs prix dont un prix Opus en 2019 et le prix de la Diversit\u00e9 et de l\u2019inclusion du Conseil des arts de Montr\u00e9al en 2020.<\/p>\n","protected":false},"excerpt":{"rendered":"<p>Une rencontre musicale improbable \u00e0 travers le temps et l\u2019espace. Les voix de chanteuses inuites et bretonnes s\u2019\u00e9l\u00e8vent au-dessus de l\u2019oc\u00e9an dans une cr\u00e9ation tr\u00e8s attendue de Katia Makdissi-Warren.<\/p>\n","protected":false},"author":1,"featured_media":74700,"comment_status":"open","ping_status":"closed","template":"","meta":{"om_disable_all_campaigns":false,"jetpack_post_was_ever_published":false},"tags":[],"tribe_events_cat":[5327],"acf":[],"jetpack_sharing_enabled":true,"_links":{"self":[{"href":"https:\/\/www.ludwig-van.com\/montreal\/wp-json\/wp\/v2\/tribe_events\/74698"}],"collection":[{"href":"https:\/\/www.ludwig-van.com\/montreal\/wp-json\/wp\/v2\/tribe_events"}],"about":[{"href":"https:\/\/www.ludwig-van.com\/montreal\/wp-json\/wp\/v2\/types\/tribe_events"}],"author":[{"embeddable":true,"href":"https:\/\/www.ludwig-van.com\/montreal\/wp-json\/wp\/v2\/users\/1"}],"replies":[{"embeddable":true,"href":"https:\/\/www.ludwig-van.com\/montreal\/wp-json\/wp\/v2\/comments?post=74698"}],"version-history":[{"count":1,"href":"https:\/\/www.ludwig-van.com\/montreal\/wp-json\/wp\/v2\/tribe_events\/74698\/revisions"}],"predecessor-version":[{"id":74699,"href":"https:\/\/www.ludwig-van.com\/montreal\/wp-json\/wp\/v2\/tribe_events\/74698\/revisions\/74699"}],"wp:featuredmedia":[{"embeddable":true,"href":"https:\/\/www.ludwig-van.com\/montreal\/wp-json\/wp\/v2\/media\/74700"}],"wp:attachment":[{"href":"https:\/\/www.ludwig-van.com\/montreal\/wp-json\/wp\/v2\/media?parent=74698"}],"wp:term":[{"taxonomy":"post_tag","embeddable":true,"href":"https:\/\/www.ludwig-van.com\/montreal\/wp-json\/wp\/v2\/tags?post=74698"},{"taxonomy":"tribe_events_cat","embeddable":true,"href":"https:\/\/www.ludwig-van.com\/montreal\/wp-json\/wp\/v2\/tribe_events_cat?post=74698"}],"curies":[{"name":"wp","href":"https:\/\/api.w.org\/{rel}","templated":true}]}}

Société de musique contemporaine du Québec | Voix du nord : Nunavik &#8211; Bretagne

<h2>Une rencontre musicale improbable à travers le temps et l’espace.</h2>
<p>Les voix de chanteuses inuites et bretonnes s’élèvent au-dessus de l’océan dans une création très attendue de Katia Makdissi-Warren. La compositrice passée maître dans l’art de créer des ponts entre les cultures réunit en effet deux traditions millénaires dans une œuvre pour orchestre et quatre voix. Dirigé par Allison Migeon et Brandyn Lewis, l’Ensemble Obiora qui met de l’avant des musiciens de différents milieux culturels afin d’apporter un souffle nouveau et diversifié dans la musique de concert se joint à l’Ensemble de la SMCQ pour cette création métissée.</p>
<p>Katia Makdissi-Warren a été la compositrice hommagée par la SMCQ en 2019-20 et a reçu le prestigieux Prix Betty-Webster remis par Orchestres Canada en 2022. Avec son ensemble Oktoecho, elle a aussi gagné plusieurs prix dont un prix Opus en 2019 et le prix de la Diversité et de l’inclusion du Conseil des arts de Montréal en 2020.</p>

<p>Une rencontre musicale improbable à travers le temps et l’espace. Les voix de chanteuses inuites et bretonnes s’élèvent au-dessus de l’océan dans une création très attendue de Katia Makdissi-Warren.</p>
