{"id":74660,"date":"2023-01-11T09:13:02","date_gmt":"2023-01-11T14:13:02","guid":{"rendered":"https:\/\/www.ludwig-van.com\/montreal\/?post_type=tribe_events&#038;p=74660"},"modified":"2023-01-11T09:13:02","modified_gmt":"2023-01-11T14:13:02","slug":"orchestre-symphonique-de-montreal-bal-des-enfants-pierre-et-le-loup","status":"publish","type":"tribe_events","link":"https:\/\/www.ludwig-van.com\/montreal\/event\/orchestre-symphonique-de-montreal-bal-des-enfants-pierre-et-le-loup\/","title":{"rendered":"Orchestre symphonique de Montr\u00e9al | Bal des Enfants : Pierre et le Loup"},"content":{"rendered":"<h2>\u00c9v\u00e9nement-b\u00e9n\u00e9fice<\/h2>\n<p>Sous la baguette de Rafael Payare, l\u2019Orchestre symphonique de Montr\u00e9al est heureux d\u2019inviter petits et grands \u00e0 c\u00e9l\u00e9brer sa 10e \u00e9dition du Bal des enfants en offrant une version revisit\u00e9e de l\u2019incontournable Pierre et le Loup.<\/p>\n<p>Imagin\u00e9 comme un v\u00e9ritable conte musical par le compositeur Serguei Prokofiev lui-m\u00eame, red\u00e9couvrez en famille les instruments de l\u2019orchestre personnifi\u00e9s en chat, oiseau, canard, loup, grand-p\u00e8re, chasseurs et petit Pierre.<\/p>\n<p>Pierre est un petit gar\u00e7on qui vit \u00e0 la campagne avec son grand-p\u00e8re. Un jour, il lui d\u00e9sob\u00e9it en allant jouer dans le jardin o\u00f9 il observe un oiseau et un canard qui se taquinent tandis que le chat r\u00f4de. Le grand-p\u00e8re de Pierre le surprend et lui dit : L\u2019endroit est dangereux et si un loup sortait de la for\u00eat, que ferais-tu?&#8230;<\/p>\n","protected":false},"excerpt":{"rendered":"<p>Sous la baguette de Rafael Payare, l\u2019Orchestre symphonique de Montr\u00e9al est heureux d\u2019inviter petits et grands \u00e0 c\u00e9l\u00e9brer sa 10e \u00e9dition du Bal des enfants en offrant une version revisit\u00e9e de l\u2019incontournable Pierre et le Loup.<\/p>\n","protected":false},"author":1,"featured_media":74662,"comment_status":"open","ping_status":"closed","template":"","meta":{"om_disable_all_campaigns":false,"jetpack_post_was_ever_published":false},"tags":[],"tribe_events_cat":[6487],"acf":[],"jetpack_sharing_enabled":true,"_links":{"self":[{"href":"https:\/\/www.ludwig-van.com\/montreal\/wp-json\/wp\/v2\/tribe_events\/74660"}],"collection":[{"href":"https:\/\/www.ludwig-van.com\/montreal\/wp-json\/wp\/v2\/tribe_events"}],"about":[{"href":"https:\/\/www.ludwig-van.com\/montreal\/wp-json\/wp\/v2\/types\/tribe_events"}],"author":[{"embeddable":true,"href":"https:\/\/www.ludwig-van.com\/montreal\/wp-json\/wp\/v2\/users\/1"}],"replies":[{"embeddable":true,"href":"https:\/\/www.ludwig-van.com\/montreal\/wp-json\/wp\/v2\/comments?post=74660"}],"version-history":[{"count":1,"href":"https:\/\/www.ludwig-van.com\/montreal\/wp-json\/wp\/v2\/tribe_events\/74660\/revisions"}],"predecessor-version":[{"id":74661,"href":"https:\/\/www.ludwig-van.com\/montreal\/wp-json\/wp\/v2\/tribe_events\/74660\/revisions\/74661"}],"wp:featuredmedia":[{"embeddable":true,"href":"https:\/\/www.ludwig-van.com\/montreal\/wp-json\/wp\/v2\/media\/74662"}],"wp:attachment":[{"href":"https:\/\/www.ludwig-van.com\/montreal\/wp-json\/wp\/v2\/media?parent=74660"}],"wp:term":[{"taxonomy":"post_tag","embeddable":true,"href":"https:\/\/www.ludwig-van.com\/montreal\/wp-json\/wp\/v2\/tags?post=74660"},{"taxonomy":"tribe_events_cat","embeddable":true,"href":"https:\/\/www.ludwig-van.com\/montreal\/wp-json\/wp\/v2\/tribe_events_cat?post=74660"}],"curies":[{"name":"wp","href":"https:\/\/api.w.org\/{rel}","templated":true}]}}

Orchestre symphonique de Montréal | Bal des Enfants : Pierre et le Loup

<h2>Événement-bénéfice</h2>
<p>Sous la baguette de Rafael Payare, l’Orchestre symphonique de Montréal est heureux d’inviter petits et grands à célébrer sa 10e édition du Bal des enfants en offrant une version revisitée de l’incontournable Pierre et le Loup.</p>
<p>Imaginé comme un véritable conte musical par le compositeur Serguei Prokofiev lui-même, redécouvrez en famille les instruments de l’orchestre personnifiés en chat, oiseau, canard, loup, grand-père, chasseurs et petit Pierre.</p>
<p>Pierre est un petit garçon qui vit à la campagne avec son grand-père. Un jour, il lui désobéit en allant jouer dans le jardin où il observe un oiseau et un canard qui se taquinent tandis que le chat rôde. Le grand-père de Pierre le surprend et lui dit : L’endroit est dangereux et si un loup sortait de la forêt, que ferais-tu?&#8230;</p>

<p>Sous la baguette de Rafael Payare, l’Orchestre symphonique de Montréal est heureux d’inviter petits et grands à célébrer sa 10e édition du Bal des enfants en offrant une version revisitée de l’incontournable Pierre et le Loup.</p>
