{"id":74520,"date":"2022-12-21T10:17:23","date_gmt":"2022-12-21T15:17:23","guid":{"rendered":"https:\/\/www.ludwig-van.com\/montreal\/?post_type=tribe_events&#038;p=74520"},"modified":"2022-12-21T10:17:23","modified_gmt":"2022-12-21T15:17:23","slug":"musique-de-chambre-allegra-faure-bartok-dvorak","status":"publish","type":"tribe_events","link":"https:\/\/www.ludwig-van.com\/montreal\/event\/musique-de-chambre-allegra-faure-bartok-dvorak\/","title":{"rendered":"Musique de Chambre Allegra | Faur\u00e9, Bart\u00f3k, Dvo\u0159\u00e0k"},"content":{"rendered":"<p>Gabriel Faur\u00e9 Apr\u00e8s un R\u00eave op. 7 no. 1 for violin, cello &amp; piano<br \/>\nB\u00e9la Bart\u00f3k Romanian Folk Dances Sz. 68 (arranged for clarinet &amp; string quartet by Simon Aldrich)<br \/>\nAnton\u00edn Dvo\u0159\u00e0k Quintet in A major, op. 81 for piano &amp; string quartet<\/p>\n<p>MUSICIENS<\/p>\n<p>Dorothy Fieldman Fraiberg, piano ~ Simon Aldrich, clarinet ~ Alexander Lozowski, violin ~ Am\u00e9lie Benoit Bastien, violin ~ Elvira Misbakhova, viola ~ Sheila Hannigan, cello<\/p>\n","protected":false},"excerpt":{"rendered":"<p>Faur\u00e9, Bart\u00f3k, Dvo\u0159\u00e0k<\/p>\n","protected":false},"author":1,"featured_media":74522,"comment_status":"open","ping_status":"closed","template":"","meta":{"om_disable_all_campaigns":false,"jetpack_post_was_ever_published":false},"tags":[],"tribe_events_cat":[5052],"acf":[],"jetpack_sharing_enabled":true,"_links":{"self":[{"href":"https:\/\/www.ludwig-van.com\/montreal\/wp-json\/wp\/v2\/tribe_events\/74520"}],"collection":[{"href":"https:\/\/www.ludwig-van.com\/montreal\/wp-json\/wp\/v2\/tribe_events"}],"about":[{"href":"https:\/\/www.ludwig-van.com\/montreal\/wp-json\/wp\/v2\/types\/tribe_events"}],"author":[{"embeddable":true,"href":"https:\/\/www.ludwig-van.com\/montreal\/wp-json\/wp\/v2\/users\/1"}],"replies":[{"embeddable":true,"href":"https:\/\/www.ludwig-van.com\/montreal\/wp-json\/wp\/v2\/comments?post=74520"}],"version-history":[{"count":1,"href":"https:\/\/www.ludwig-van.com\/montreal\/wp-json\/wp\/v2\/tribe_events\/74520\/revisions"}],"predecessor-version":[{"id":74521,"href":"https:\/\/www.ludwig-van.com\/montreal\/wp-json\/wp\/v2\/tribe_events\/74520\/revisions\/74521"}],"wp:featuredmedia":[{"embeddable":true,"href":"https:\/\/www.ludwig-van.com\/montreal\/wp-json\/wp\/v2\/media\/74522"}],"wp:attachment":[{"href":"https:\/\/www.ludwig-van.com\/montreal\/wp-json\/wp\/v2\/media?parent=74520"}],"wp:term":[{"taxonomy":"post_tag","embeddable":true,"href":"https:\/\/www.ludwig-van.com\/montreal\/wp-json\/wp\/v2\/tags?post=74520"},{"taxonomy":"tribe_events_cat","embeddable":true,"href":"https:\/\/www.ludwig-van.com\/montreal\/wp-json\/wp\/v2\/tribe_events_cat?post=74520"}],"curies":[{"name":"wp","href":"https:\/\/api.w.org\/{rel}","templated":true}]}}

Musique de Chambre Allegra | Fauré, Bartók, Dvořàk

<p>Gabriel Fauré Après un Rêve op. 7 no. 1 for violin, cello &amp; piano<br />
Béla Bartók Romanian Folk Dances Sz. 68 (arranged for clarinet &amp; string quartet by Simon Aldrich)<br />
Antonín Dvořàk Quintet in A major, op. 81 for piano &amp; string quartet</p>
<p>MUSICIENS</p>
<p>Dorothy Fieldman Fraiberg, piano ~ Simon Aldrich, clarinet ~ Alexander Lozowski, violin ~ Amélie Benoit Bastien, violin ~ Elvira Misbakhova, viola ~ Sheila Hannigan, cello</p>

<p>Fauré, Bartók, Dvořàk</p>
