{"id":74475,"date":"2022-12-17T16:18:04","date_gmt":"2022-12-17T21:18:04","guid":{"rendered":"https:\/\/www.ludwig-van.com\/montreal\/?post_type=tribe_events&#038;p=74475"},"modified":"2022-12-17T16:18:04","modified_gmt":"2022-12-17T21:18:04","slug":"pro-musica-grand-piano-marc-andre-hamelin","status":"publish","type":"tribe_events","link":"https:\/\/www.ludwig-van.com\/montreal\/event\/pro-musica-grand-piano-marc-andre-hamelin\/","title":{"rendered":"Pro Musica | Grand piano &#8211; Marc-Andr\u00e9 Hamelin"},"content":{"rendered":"<p>S\u00e9rie cartes blanches<br \/>\nGrand Piano \u2013 Marc-Andr\u00e9 Hamelin<\/p>\n<p>\u00ab\u00a0Interpr\u00e8te aux prouesses techniques quasi surhumaines\u00a0\u00bb (The New York Times), le pianiste Marc-Andr\u00e9 Hamelin se produit r\u00e9guli\u00e8rement dans le monde entier avec les plus grands orchestres et chefs de notre \u00e9poque. Il est artiste exclusif \u00e0 Hyperion Records, o\u00f9 sa discographie s&rsquo;\u00e9tend sur plus de 70 albums. Il a compos\u00e9 de la musique tout au long de sa carri\u00e8re, avec plus de 30 compositions \u00e0 son actif majoritairement publi\u00e9es par les \u00c9ditions Peter.<\/p>\n<p>Natif de Montr\u00e9al, Marc-Andr\u00e9 Hamelin a re\u00e7u sept (7) Juno Awards et onze (11) nominations aux Grammys. Il est \u00e9galement Officier de l&rsquo;Ordre du Canada, Chevalier de l&rsquo;Ordre national du Qu\u00e9bec et membre de la Soci\u00e9t\u00e9 royale du Canada.<br \/>\nPour ce concert, le pianiste Marc-Andr\u00e9 Hamelin a choisi d\u2019interpr\u00e9ter des \u0153uvres de Paul Dukas et de Beethoven.<\/p>\n","protected":false},"excerpt":{"rendered":"<p>\u00ab\u00a0Interpr\u00e8te aux prouesses techniques quasi surhumaines\u00a0\u00bb (The New York Times), le pianiste Marc-Andr\u00e9 Hamelin se produit r\u00e9guli\u00e8rement dans le monde entier avec les plus grands orchestres et chefs de notre \u00e9poque.<\/p>\n","protected":false},"author":1,"featured_media":51257,"comment_status":"open","ping_status":"closed","template":"","meta":{"om_disable_all_campaigns":false,"jetpack_post_was_ever_published":false},"tags":[],"tribe_events_cat":[5024],"acf":[],"jetpack_sharing_enabled":true,"_links":{"self":[{"href":"https:\/\/www.ludwig-van.com\/montreal\/wp-json\/wp\/v2\/tribe_events\/74475"}],"collection":[{"href":"https:\/\/www.ludwig-van.com\/montreal\/wp-json\/wp\/v2\/tribe_events"}],"about":[{"href":"https:\/\/www.ludwig-van.com\/montreal\/wp-json\/wp\/v2\/types\/tribe_events"}],"author":[{"embeddable":true,"href":"https:\/\/www.ludwig-van.com\/montreal\/wp-json\/wp\/v2\/users\/1"}],"replies":[{"embeddable":true,"href":"https:\/\/www.ludwig-van.com\/montreal\/wp-json\/wp\/v2\/comments?post=74475"}],"version-history":[{"count":1,"href":"https:\/\/www.ludwig-van.com\/montreal\/wp-json\/wp\/v2\/tribe_events\/74475\/revisions"}],"predecessor-version":[{"id":74476,"href":"https:\/\/www.ludwig-van.com\/montreal\/wp-json\/wp\/v2\/tribe_events\/74475\/revisions\/74476"}],"wp:featuredmedia":[{"embeddable":true,"href":"https:\/\/www.ludwig-van.com\/montreal\/wp-json\/wp\/v2\/media\/51257"}],"wp:attachment":[{"href":"https:\/\/www.ludwig-van.com\/montreal\/wp-json\/wp\/v2\/media?parent=74475"}],"wp:term":[{"taxonomy":"post_tag","embeddable":true,"href":"https:\/\/www.ludwig-van.com\/montreal\/wp-json\/wp\/v2\/tags?post=74475"},{"taxonomy":"tribe_events_cat","embeddable":true,"href":"https:\/\/www.ludwig-van.com\/montreal\/wp-json\/wp\/v2\/tribe_events_cat?post=74475"}],"curies":[{"name":"wp","href":"https:\/\/api.w.org\/{rel}","templated":true}]}}

Pro Musica | Grand piano &#8211; Marc-André Hamelin

<p>Série cartes blanches<br />
Grand Piano – Marc-André Hamelin</p>
<p>« Interprète aux prouesses techniques quasi surhumaines » (The New York Times), le pianiste Marc-André Hamelin se produit régulièrement dans le monde entier avec les plus grands orchestres et chefs de notre époque. Il est artiste exclusif à Hyperion Records, où sa discographie s&rsquo;étend sur plus de 70 albums. Il a composé de la musique tout au long de sa carrière, avec plus de 30 compositions à son actif majoritairement publiées par les Éditions Peter.</p>
<p>Natif de Montréal, Marc-André Hamelin a reçu sept (7) Juno Awards et onze (11) nominations aux Grammys. Il est également Officier de l&rsquo;Ordre du Canada, Chevalier de l&rsquo;Ordre national du Québec et membre de la Société royale du Canada.<br />
Pour ce concert, le pianiste Marc-André Hamelin a choisi d’interpréter des œuvres de Paul Dukas et de Beethoven.</p>

<p>« Interprète aux prouesses techniques quasi surhumaines » (The New York Times), le pianiste Marc-André Hamelin se produit régulièrement dans le monde entier avec les plus grands orchestres et chefs de notre époque.</p>
