{"id":74112,"date":"2022-11-21T16:53:00","date_gmt":"2022-11-21T21:53:00","guid":{"rendered":"https:\/\/www.ludwig-van.com\/montreal\/?post_type=tribe_events&#038;p=74112"},"modified":"2022-11-21T16:53:00","modified_gmt":"2022-11-21T21:53:00","slug":"fondation-arte-musica-landline-musique-improvisee-et-arts-visuels","status":"publish","type":"tribe_events","link":"https:\/\/www.ludwig-van.com\/montreal\/event\/fondation-arte-musica-landline-musique-improvisee-et-arts-visuels\/","title":{"rendered":"Fondation Arte Musica | Landline &#8211; Musique improvis\u00e9e et arts visuels"},"content":{"rendered":"<p>Landline est un \u00e9v\u00e9nement multidisciplinaire \u00e0 la crois\u00e9e de la composition, de l&rsquo;improvisation et de la peinture en direct, inspir\u00e9 par le concept surr\u00e9aliste du \u00ab\u00a0cadavre exquis\u00a0\u00bb. Les musiciens jouent tandis que les peintres r\u00e9alisent des \u0153uvres collaboratives, s\u2019\u00e9changeant leur toile, chacun puisant son inspiration dans l\u2019art de l\u2019autre. Dans cette performance d\u2019une dur\u00e9e de quatre heures, les spectateurs peuvent circuler librement, partir et revenir \u00e0 leur guise, afin d\u2019observer l\u2019\u00e9volution des \u0153uvres.<\/p>\n<h4 class=\"text-short text-current-from-xs line-height-tighter font-weight-bold border-bottom-solid border-slimmest border-color-main-stroke margin-bottom-thinner padding-bottom-thinnest\">INTERPR\u00c8TES<\/h4>\n<div class=\"margin-bottom-broad\">\n<p class=\"text-short text-current-from-xs line-height-tight line-height-normal-from-xs\"><strong>Chet Doxas<\/strong>, saxophone<br \/>\n<strong>Jacob Sacks<\/strong>, piano<br \/>\n<strong>Zack Lober<\/strong>, contrebasse<br \/>\n<strong>Vinnie Sperrazza<\/strong>, batterie<br \/>\n<strong>Micah Frank<\/strong>, installation sonore<\/p>\n<\/div>\n<h4 class=\"text-short text-current-from-xs line-height-tighter font-weight-bold border-bottom-solid border-slimmest border-color-main-stroke margin-bottom-thinner padding-bottom-thinnest\">ARTISTES<\/h4>\n<div class=\"margin-bottom-broad\">\n<p class=\"text-short text-current-from-xs line-height-tight line-height-normal-from-xs\">Kezna Dalz,\u00a0Sfiya,\u00a0Diane Roe\u00a0et\u00a0Kate Walker<\/p>\n<\/div>\n","protected":false},"excerpt":{"rendered":"<p>Landline est un \u00e9v\u00e9nement multidisciplinaire \u00e0 la crois\u00e9e de la composition, de l&rsquo;improvisation et de la peinture en direct, inspir\u00e9 par le concept surr\u00e9aliste du \u00ab\u00a0cadavre exquis\u00a0\u00bb.<\/p>\n","protected":false},"author":1,"featured_media":74114,"comment_status":"open","ping_status":"closed","template":"","meta":{"om_disable_all_campaigns":false,"jetpack_post_was_ever_published":false},"tags":[],"tribe_events_cat":[6487],"acf":[],"jetpack_sharing_enabled":true,"_links":{"self":[{"href":"https:\/\/www.ludwig-van.com\/montreal\/wp-json\/wp\/v2\/tribe_events\/74112"}],"collection":[{"href":"https:\/\/www.ludwig-van.com\/montreal\/wp-json\/wp\/v2\/tribe_events"}],"about":[{"href":"https:\/\/www.ludwig-van.com\/montreal\/wp-json\/wp\/v2\/types\/tribe_events"}],"author":[{"embeddable":true,"href":"https:\/\/www.ludwig-van.com\/montreal\/wp-json\/wp\/v2\/users\/1"}],"replies":[{"embeddable":true,"href":"https:\/\/www.ludwig-van.com\/montreal\/wp-json\/wp\/v2\/comments?post=74112"}],"version-history":[{"count":2,"href":"https:\/\/www.ludwig-van.com\/montreal\/wp-json\/wp\/v2\/tribe_events\/74112\/revisions"}],"predecessor-version":[{"id":74115,"href":"https:\/\/www.ludwig-van.com\/montreal\/wp-json\/wp\/v2\/tribe_events\/74112\/revisions\/74115"}],"wp:featuredmedia":[{"embeddable":true,"href":"https:\/\/www.ludwig-van.com\/montreal\/wp-json\/wp\/v2\/media\/74114"}],"wp:attachment":[{"href":"https:\/\/www.ludwig-van.com\/montreal\/wp-json\/wp\/v2\/media?parent=74112"}],"wp:term":[{"taxonomy":"post_tag","embeddable":true,"href":"https:\/\/www.ludwig-van.com\/montreal\/wp-json\/wp\/v2\/tags?post=74112"},{"taxonomy":"tribe_events_cat","embeddable":true,"href":"https:\/\/www.ludwig-van.com\/montreal\/wp-json\/wp\/v2\/tribe_events_cat?post=74112"}],"curies":[{"name":"wp","href":"https:\/\/api.w.org\/{rel}","templated":true}]}}

Fondation Arte Musica | Landline &#8211; Musique improvisée et arts visuels

<p>Landline est un événement multidisciplinaire à la croisée de la composition, de l&rsquo;improvisation et de la peinture en direct, inspiré par le concept surréaliste du « cadavre exquis ». Les musiciens jouent tandis que les peintres réalisent des œuvres collaboratives, s’échangeant leur toile, chacun puisant son inspiration dans l’art de l’autre. Dans cette performance d’une durée de quatre heures, les spectateurs peuvent circuler librement, partir et revenir à leur guise, afin d’observer l’évolution des œuvres.</p>
<h4 class="text-short text-current-from-xs line-height-tighter font-weight-bold border-bottom-solid border-slimmest border-color-main-stroke margin-bottom-thinner padding-bottom-thinnest">INTERPRÈTES</h4>
<div class="margin-bottom-broad">
<p class="text-short text-current-from-xs line-height-tight line-height-normal-from-xs"><strong>Chet Doxas</strong>, saxophone<br />
<strong>Jacob Sacks</strong>, piano<br />
<strong>Zack Lober</strong>, contrebasse<br />
<strong>Vinnie Sperrazza</strong>, batterie<br />
<strong>Micah Frank</strong>, installation sonore</p>
</div>
<h4 class="text-short text-current-from-xs line-height-tighter font-weight-bold border-bottom-solid border-slimmest border-color-main-stroke margin-bottom-thinner padding-bottom-thinnest">ARTISTES</h4>
<div class="margin-bottom-broad">
<p class="text-short text-current-from-xs line-height-tight line-height-normal-from-xs">Kezna Dalz, Sfiya, Diane Roe et Kate Walker</p>
</div>

<p>Landline est un événement multidisciplinaire à la croisée de la composition, de l&rsquo;improvisation et de la peinture en direct, inspiré par le concept surréaliste du « cadavre exquis ».</p>
