{"id":74109,"date":"2022-11-21T16:44:27","date_gmt":"2022-11-21T21:44:27","guid":{"rendered":"https:\/\/www.ludwig-van.com\/montreal\/?post_type=tribe_events&#038;p=74109"},"modified":"2022-11-21T16:44:27","modified_gmt":"2022-11-21T21:44:27","slug":"fondation-arte-musica-musiciens-de-losm-musique-au-feminin","status":"publish","type":"tribe_events","link":"https:\/\/www.ludwig-van.com\/montreal\/event\/fondation-arte-musica-musiciens-de-losm-musique-au-feminin\/","title":{"rendered":"Fondation Arte Musica | Musiciens de l&rsquo;OSM &#8211; Musique au f\u00e9minin"},"content":{"rendered":"<p>Inspir\u00e9 par l\u2019exposition Le design au f\u00e9minin, ce concert pr\u00e9sente deux fabuleux quintettes pour piano des Am\u00e9ricaines Amy Beach et Florence Price ainsi qu&rsquo;une \u0153uvre pour piano seul de la Canadienne Alexina Louie.<\/p>\n<p>En lien avec l\u2019exposition Parall(elles) : une autre histoire du design<\/p>\n<p>En collaboration avec l\u2019Orchestre symphonique de Montr\u00e9al<\/p>\n","protected":false},"excerpt":{"rendered":"<p>Inspir\u00e9 par l\u2019exposition Le design au f\u00e9minin, ce concert pr\u00e9sente deux fabuleux quintettes pour piano des Am\u00e9ricaines Amy Beach et Florence Price ainsi qu&rsquo;une \u0153uvre pour piano seul de la Canadienne Alexina Louie.<\/p>\n","protected":false},"author":1,"featured_media":74111,"comment_status":"open","ping_status":"closed","template":"","meta":{"om_disable_all_campaigns":false,"jetpack_post_was_ever_published":false},"tags":[],"tribe_events_cat":[6487],"acf":[],"jetpack_sharing_enabled":true,"_links":{"self":[{"href":"https:\/\/www.ludwig-van.com\/montreal\/wp-json\/wp\/v2\/tribe_events\/74109"}],"collection":[{"href":"https:\/\/www.ludwig-van.com\/montreal\/wp-json\/wp\/v2\/tribe_events"}],"about":[{"href":"https:\/\/www.ludwig-van.com\/montreal\/wp-json\/wp\/v2\/types\/tribe_events"}],"author":[{"embeddable":true,"href":"https:\/\/www.ludwig-van.com\/montreal\/wp-json\/wp\/v2\/users\/1"}],"replies":[{"embeddable":true,"href":"https:\/\/www.ludwig-van.com\/montreal\/wp-json\/wp\/v2\/comments?post=74109"}],"version-history":[{"count":1,"href":"https:\/\/www.ludwig-van.com\/montreal\/wp-json\/wp\/v2\/tribe_events\/74109\/revisions"}],"predecessor-version":[{"id":74110,"href":"https:\/\/www.ludwig-van.com\/montreal\/wp-json\/wp\/v2\/tribe_events\/74109\/revisions\/74110"}],"wp:featuredmedia":[{"embeddable":true,"href":"https:\/\/www.ludwig-van.com\/montreal\/wp-json\/wp\/v2\/media\/74111"}],"wp:attachment":[{"href":"https:\/\/www.ludwig-van.com\/montreal\/wp-json\/wp\/v2\/media?parent=74109"}],"wp:term":[{"taxonomy":"post_tag","embeddable":true,"href":"https:\/\/www.ludwig-van.com\/montreal\/wp-json\/wp\/v2\/tags?post=74109"},{"taxonomy":"tribe_events_cat","embeddable":true,"href":"https:\/\/www.ludwig-van.com\/montreal\/wp-json\/wp\/v2\/tribe_events_cat?post=74109"}],"curies":[{"name":"wp","href":"https:\/\/api.w.org\/{rel}","templated":true}]}}

Fondation Arte Musica | Musiciens de l&rsquo;OSM &#8211; Musique au féminin

<p>Inspiré par l’exposition Le design au féminin, ce concert présente deux fabuleux quintettes pour piano des Américaines Amy Beach et Florence Price ainsi qu&rsquo;une œuvre pour piano seul de la Canadienne Alexina Louie.</p>
<p>En lien avec l’exposition Parall(elles) : une autre histoire du design</p>
<p>En collaboration avec l’Orchestre symphonique de Montréal</p>

<p>Inspiré par l’exposition Le design au féminin, ce concert présente deux fabuleux quintettes pour piano des Américaines Amy Beach et Florence Price ainsi qu&rsquo;une œuvre pour piano seul de la Canadienne Alexina Louie.</p>
