{"id":74001,"date":"2022-11-16T14:20:42","date_gmt":"2022-11-16T19:20:42","guid":{"rendered":"https:\/\/www.ludwig-van.com\/montreal\/?post_type=tribe_events&#038;p=74001"},"modified":"2022-11-16T14:20:42","modified_gmt":"2022-11-16T19:20:42","slug":"orchestre-symphonique-de-montreal-kaleidoscope-russe","status":"publish","type":"tribe_events","link":"https:\/\/www.ludwig-van.com\/montreal\/event\/orchestre-symphonique-de-montreal-kaleidoscope-russe\/","title":{"rendered":"Orchestre symphonique de Montr\u00e9al | Kal\u00e9idoscope Russe"},"content":{"rendered":"<p>Plus de deux cents ans s\u00e9parent Mikael Glinka, qui a \u00e9crit son Trio path\u00e9tique alors que Beethoven \u00e9tait encore vivant, et Sofia Gubaidulina, la grande dame de la musique nouvelle d\u2019aujourd\u2019hui. Entre ces deux p\u00f4les temporels, les musiciens de l\u2019OSM pr\u00e9sentent un kal\u00e9idoscope du romantisme russe, avec Ippolitov-Ivanov, Glazounov et Rimski-Korsakov, le tout dans une panoplie de formations instrumentales, du duo au quintette.Plus de deux cents ans s\u00e9parent Mikael Glinka, qui a \u00e9crit son Trio path\u00e9tique alors que Beethoven \u00e9tait encore vivant, et Sofia Gubaidulina, la grande dame de la musique nouvelle d\u2019aujourd\u2019hui. Entre ces deux p\u00f4les temporels, les musiciens de l\u2019OSM pr\u00e9sentent un kal\u00e9idoscope du romantisme russe, avec Ippolitov-Ivanov, Glazounov et Rimski-Korsakov, le tout dans une panoplie de formations instrumentales, du duo au quintette.<\/p>\n","protected":false},"excerpt":{"rendered":"<p>Plus de deux cents ans s\u00e9parent Mikael Glinka, qui a \u00e9crit son Trio path\u00e9tique alors que Beethoven \u00e9tait encore vivant, et Sofia Gubaidulina, la grande dame de la musique nouvelle d\u2019aujourd\u2019hui. Entre ces deux p\u00f4les temporels, les musiciens de l\u2019OSM pr\u00e9sentent un kal\u00e9idoscope du romantisme russe, avec Ippolitov-Ivanov,<\/p>\n","protected":false},"author":1,"featured_media":72404,"comment_status":"open","ping_status":"closed","template":"","meta":{"om_disable_all_campaigns":false,"jetpack_post_was_ever_published":false},"tags":[],"tribe_events_cat":[6487],"acf":[],"jetpack_sharing_enabled":true,"_links":{"self":[{"href":"https:\/\/www.ludwig-van.com\/montreal\/wp-json\/wp\/v2\/tribe_events\/74001"}],"collection":[{"href":"https:\/\/www.ludwig-van.com\/montreal\/wp-json\/wp\/v2\/tribe_events"}],"about":[{"href":"https:\/\/www.ludwig-van.com\/montreal\/wp-json\/wp\/v2\/types\/tribe_events"}],"author":[{"embeddable":true,"href":"https:\/\/www.ludwig-van.com\/montreal\/wp-json\/wp\/v2\/users\/1"}],"replies":[{"embeddable":true,"href":"https:\/\/www.ludwig-van.com\/montreal\/wp-json\/wp\/v2\/comments?post=74001"}],"version-history":[{"count":1,"href":"https:\/\/www.ludwig-van.com\/montreal\/wp-json\/wp\/v2\/tribe_events\/74001\/revisions"}],"predecessor-version":[{"id":74002,"href":"https:\/\/www.ludwig-van.com\/montreal\/wp-json\/wp\/v2\/tribe_events\/74001\/revisions\/74002"}],"wp:featuredmedia":[{"embeddable":true,"href":"https:\/\/www.ludwig-van.com\/montreal\/wp-json\/wp\/v2\/media\/72404"}],"wp:attachment":[{"href":"https:\/\/www.ludwig-van.com\/montreal\/wp-json\/wp\/v2\/media?parent=74001"}],"wp:term":[{"taxonomy":"post_tag","embeddable":true,"href":"https:\/\/www.ludwig-van.com\/montreal\/wp-json\/wp\/v2\/tags?post=74001"},{"taxonomy":"tribe_events_cat","embeddable":true,"href":"https:\/\/www.ludwig-van.com\/montreal\/wp-json\/wp\/v2\/tribe_events_cat?post=74001"}],"curies":[{"name":"wp","href":"https:\/\/api.w.org\/{rel}","templated":true}]}}

Orchestre symphonique de Montréal | Kaléidoscope Russe

<p>Plus de deux cents ans séparent Mikael Glinka, qui a écrit son Trio pathétique alors que Beethoven était encore vivant, et Sofia Gubaidulina, la grande dame de la musique nouvelle d’aujourd’hui. Entre ces deux pôles temporels, les musiciens de l’OSM présentent un kaléidoscope du romantisme russe, avec Ippolitov-Ivanov, Glazounov et Rimski-Korsakov, le tout dans une panoplie de formations instrumentales, du duo au quintette.Plus de deux cents ans séparent Mikael Glinka, qui a écrit son Trio pathétique alors que Beethoven était encore vivant, et Sofia Gubaidulina, la grande dame de la musique nouvelle d’aujourd’hui. Entre ces deux pôles temporels, les musiciens de l’OSM présentent un kaléidoscope du romantisme russe, avec Ippolitov-Ivanov, Glazounov et Rimski-Korsakov, le tout dans une panoplie de formations instrumentales, du duo au quintette.</p>

<p>Plus de deux cents ans séparent Mikael Glinka, qui a écrit son Trio pathétique alors que Beethoven était encore vivant, et Sofia Gubaidulina, la grande dame de la musique nouvelle d’aujourd’hui. Entre ces deux pôles temporels, les musiciens de l’OSM présentent un kaléidoscope du romantisme russe, avec Ippolitov-Ivanov,</p>
