{"id":73921,"date":"2022-11-12T17:41:18","date_gmt":"2022-11-12T22:41:18","guid":{"rendered":"https:\/\/www.ludwig-van.com\/montreal\/?post_type=tribe_events&#038;p=73921"},"modified":"2022-11-12T17:41:18","modified_gmt":"2022-11-12T22:41:18","slug":"orchestre-symphonique-de-montreal-nagano-et-kantorow-de-sibelius-tchaikovski","status":"publish","type":"tribe_events","link":"https:\/\/www.ludwig-van.com\/montreal\/event\/orchestre-symphonique-de-montreal-nagano-et-kantorow-de-sibelius-tchaikovski\/2023-02-22\/","title":{"rendered":"Orchestre symphonique de Montr\u00e9al | Nagano et Kantorow : de Sibelius \u00e0 Tcha\u00efkovski"},"content":{"rendered":"<p>\u00c0 l\u2019occasion de ses d\u00e9buts avec l\u2019OSM, le jeune pianiste fran\u00e7ais Alexandre Kantorow, m\u00e9daill\u00e9 d\u2019or du Concours Tcha\u00efkovski en 2019, interpr\u00e9tera le Deuxi\u00e8me Concerto du compositeur russe, sous la baguette du chef \u00e9m\u00e9rite de l\u2019OSM Kent Nagano. Mais avant, ce dernier diffusera une aura de lumi\u00e8re nordique dans la Maison symphonique avec Swansong d\u2019Arvo P\u00e4rt et la Septi\u00e8me Symphonie de Sibelius, un chef-d\u2019\u0153uvre consid\u00e9r\u00e9 comme la \u00ab symphonie d\u2019adieu \u00bb du compositeur finlandais.<\/p>\n","protected":false},"excerpt":{"rendered":"<p>\u00c0 l\u2019occasion de ses d\u00e9buts avec l\u2019OSM, le jeune pianiste fran\u00e7ais Alexandre Kantorow, m\u00e9daill\u00e9 d\u2019or du Concours Tcha\u00efkovski en 2019, interpr\u00e9tera le Deuxi\u00e8me Concerto du compositeur russe, sous la baguette du chef \u00e9m\u00e9rite de l\u2019OSM Kent Nagano.<\/p>\n","protected":false},"author":1,"featured_media":73925,"comment_status":"open","ping_status":"closed","template":"","meta":{"om_disable_all_campaigns":false,"jetpack_post_was_ever_published":false},"tags":[],"tribe_events_cat":[6487],"acf":[],"jetpack_sharing_enabled":true,"_links":{"self":[{"href":"https:\/\/www.ludwig-van.com\/montreal\/wp-json\/wp\/v2\/tribe_events\/73921"}],"collection":[{"href":"https:\/\/www.ludwig-van.com\/montreal\/wp-json\/wp\/v2\/tribe_events"}],"about":[{"href":"https:\/\/www.ludwig-van.com\/montreal\/wp-json\/wp\/v2\/types\/tribe_events"}],"author":[{"embeddable":true,"href":"https:\/\/www.ludwig-van.com\/montreal\/wp-json\/wp\/v2\/users\/1"}],"replies":[{"embeddable":true,"href":"https:\/\/www.ludwig-van.com\/montreal\/wp-json\/wp\/v2\/comments?post=73921"}],"version-history":[{"count":1,"href":"https:\/\/www.ludwig-van.com\/montreal\/wp-json\/wp\/v2\/tribe_events\/73921\/revisions"}],"predecessor-version":[{"id":73922,"href":"https:\/\/www.ludwig-van.com\/montreal\/wp-json\/wp\/v2\/tribe_events\/73921\/revisions\/73922"}],"wp:featuredmedia":[{"embeddable":true,"href":"https:\/\/www.ludwig-van.com\/montreal\/wp-json\/wp\/v2\/media\/73925"}],"wp:attachment":[{"href":"https:\/\/www.ludwig-van.com\/montreal\/wp-json\/wp\/v2\/media?parent=73921"}],"wp:term":[{"taxonomy":"post_tag","embeddable":true,"href":"https:\/\/www.ludwig-van.com\/montreal\/wp-json\/wp\/v2\/tags?post=73921"},{"taxonomy":"tribe_events_cat","embeddable":true,"href":"https:\/\/www.ludwig-van.com\/montreal\/wp-json\/wp\/v2\/tribe_events_cat?post=73921"}],"curies":[{"name":"wp","href":"https:\/\/api.w.org\/{rel}","templated":true}]}}

Orchestre symphonique de Montréal | Nagano et Kantorow : de Sibelius à Tchaïkovski

<p>À l’occasion de ses débuts avec l’OSM, le jeune pianiste français Alexandre Kantorow, médaillé d’or du Concours Tchaïkovski en 2019, interprétera le Deuxième Concerto du compositeur russe, sous la baguette du chef émérite de l’OSM Kent Nagano. Mais avant, ce dernier diffusera une aura de lumière nordique dans la Maison symphonique avec Swansong d’Arvo Pärt et la Septième Symphonie de Sibelius, un chef-d’œuvre considéré comme la « symphonie d’adieu » du compositeur finlandais.</p>

<p>À l’occasion de ses débuts avec l’OSM, le jeune pianiste français Alexandre Kantorow, médaillé d’or du Concours Tchaïkovski en 2019, interprétera le Deuxième Concerto du compositeur russe, sous la baguette du chef émérite de l’OSM Kent Nagano.</p>
